000
CXUS54 KHGX 231415
CF6HGX
PRELIMINARY LOCAL CLIMATOLOGICAL DATA (WS FORM: F-6)

                                          STATION:   DICKINSON  WFO
                                          MONTH:     MAY
                                          YEAR:      2016
                                          LATITUDE:   29 28 N
                                          LONGITUDE:  95  5 W

  TEMPERATURE IN F:       :PCPN:    SNOW:  WIND      :SUNSHINE: SKY     :PK WND
================================================================================
1   2   3   4   5  6A  6B    7    8   9   10  11  12  13   14  15   16   17  18
                                     12Z  AVG MX 2MIN
DY MAX MIN AVG DEP HDD CDD  WTR  SNW DPTH SPD SPD DIR MIN PSBL S-S WX    SPD DR
================================================================================

 1  78  74  76   4   0  11 0.32  0.0    M   M   M   M   M    M   M         M  M
 2  75  63  69  -3   0   4 0.40  0.0    M   M   M   M   M    M   M 3       M  M
 3  77  60  69  -3   0   4 0.00  0.0    M   M   M   M   M    M   M         M  M
 4  83  57  70  -2   0   5 0.00  0.0    M   M   M   M   M    M   M         M  M
 5  86  62  74   2   0   9 0.00  0.0    M   M   M   M   M    M   M         M  M
 6  82  58  70  -3   0   5 0.00  0.0    M   M   M   M   M    M   M         M  M
 7  80  59  70  -3   0   5 0.00    M    M   M   M   M   M    M   M         M  M
 8  76  68  72  -1   0   7    T  0.0    M   M   M   M   M    M   M         M  M
 9  81  73  77   3   0  12 0.01  0.0    M   M   M   M   M    M   M         M  M
10  82  70  76   2   0  11 0.00  0.0    M   M   M   M   M    M   M         M  M
11  84  74  79   5   0  14 0.01  0.0    M   M   M   M   M    M   M         M  M
12  86  75  81   7   0  16 0.00  0.0    M   M   M   M   M    M   M         M  M
13  86  72  79   5   0  14 0.03  0.0    M   M   M   M   M    M   M 13      M  M
14  86  71  79   4   0  14    T    M    M   M   M   M   M    M   M 3       M  M
15  80  71  76   1   0  11 0.11    M    M   M   M   M   M    M   M         M  M
16  75  67  71  -4   0   6 0.59    M    M   M   M   M   M    M   M         M  M
17  82  68  75  -1   0  10    T  0.0    0   M   M   M   M    M   M         M  M
18  84  68  76   0   0  11 0.11  0.0    M   M   M   M   M    M   M 3       M  M
19  73  65  69  -7   0   4 1.52  0.0    M   M   M   M   M    M   M 3       M  M
20  81  66  74  -2   0   9 0.00  0.0    M   M   M   M   M    M   M         M  M
21  82  71  77   1   0  12 0.59    M    M   M   M   M   M    M   M 3       M  M
22  81  73  77   1   0  12 0.01  0.0    M   M   M   M   M    M   M         M  M
================================================================================
SM 1780 1485         0 206  3.70     0.0     M          M        M
================================================================================
AV 80.9 67.5                                 M FASTST   M    M   5    MAX(MPH)
                                 MISC ---->     M   M                  M    M
================================================================================
NOTES:
# LAST OF SEVERAL OCCURRENCES

COLUMN 17 PEAK WIND IN M.P.H.

PRELIMINARY LOCAL CLIMATOLOGICAL DATA (WS FORM: F-6) , PAGE 2

                                          STATION:  DICKINSON  WFO
                                          MONTH:    MAY
                                          YEAR:     2016
                                          LATITUDE:   29 28 N
                                          LONGITUDE:  95  5 W

[TEMPERATURE DATA]      [PRECIPITATION DATA]       SYMBOLS USED IN COLUMN 16

AVERAGE MONTHLY: 74.2   TOTAL FOR MONTH:   3.70    1 = FOG OR MIST
DPTR FM NORMAL:   0.1   DPTR FM NORMAL:    0.73    2 = FOG REDUCING VISIBILITY
HIGHEST:    86 ON 14,13 GRTST 24HR  1.52 ON 19-19      TO 1/4 MILE OR LESS
LOWEST:     57 ON  4                               3 = THUNDER
                        SNOW, ICE PELLETS, HAIL    4 = ICE PELLETS
                        TOTAL MONTH:   0.0 INCH    5 = HAIL
                        GRTST 24HR     0.0         6 = FREEZING RAIN OR DRIZZLE
                        GRTST DEPTH:   0           7 = DUSTSTORM OR SANDSTORM:
                                                       VSBY 1/2 MILE OR LESS
                                                   8 = SMOKE OR HAZE
[NO. OF DAYS WITH]      [WEATHER - DAYS WITH]      9 = BLOWING SNOW
                                                   X = TORNADO
MAX 32 OR BELOW:   0    0.01 INCH OR MORE:  11
MAX 90 OR ABOVE:   0    0.10 INCH OR MORE:   7
MIN 32 OR BELOW:   0    0.50 INCH OR MORE:   3
MIN  0 OR BELOW:   0    1.00 INCH OR MORE:   1

[HDD (BASE 65) ]
TOTAL THIS MO.     0    CLEAR  (SCALE 0-3)   0
DPTR FM NORMAL     0    PTCLDY (SCALE 4-7)   0
TOTAL FM JUL 1   946    CLOUDY (SCALE 8-10)  0
DPTR FM NORMAL  -453

[CDD (BASE 65) ]
TOTAL THIS MO.   206
DPTR FM NORMAL     4    [PRESSURE DATA]
TOTAL FM JAN 1   530    HIGHEST SLP M ON M
DPTR FM NORMAL   124    LOWEST  SLP M ON M

[REMARKS]
