000
CXUS56 KPQR 011200
CF6HIO
PRELIMINARY LOCAL CLIMATOLOGICAL DATA (WS FORM: F-6)

                                          STATION:   HILLSBORO OR
                                          MONTH:     JUNE
                                          YEAR:      2015
                                          LATITUDE:   45 32 N
                                          LONGITUDE: 122 57 W

  TEMPERATURE IN F:       :PCPN:    SNOW:  WIND      :SUNSHINE: SKY     :PK WND
================================================================================
1   2   3   4   5  6A  6B    7    8   9   10  11  12  13   14  15   16   17  18
                                     12Z  AVG MX 2MIN
DY MAX MIN AVG DEP HDD CDD  WTR  SNW DPTH SPD SPD DIR MIN PSBL S-S WX    SPD DR
================================================================================

 1  65  54  60   2   5   0 0.14  0.0    0  4.7 13 210   M    M   9 18     17 180
 2  61  54  58  -1   7   0 0.16  0.0    0  5.2 15 160   M    M  10 18     16 160
 3  64  53  59   0   6   0 0.24  0.0    0  4.2 15 320   M    M  10 18     19 330
 4  73  48  61   2   4   0 0.00  0.0    0  6.2 16 340   M    M   4        21 330
 5  86  52  69  10   0   4 0.00  0.0    0  6.4 17 360   M    M   0        23 360
 6  90  52  71  12   0   6 0.00  0.0    0  5.4 17 330   M    M   0        22 330
 7  92  54  73  14   0   8 0.00  0.0    0  4.6 14 340   M    M   0        18 330
 8  94  57  76  17   0  11 0.00  0.0    0  6.7 18 320   M    M   0        23 320
 9  90  53  72  12   0   7 0.00  0.0    0  6.8 20 330   M    M   0        26 320
10  81  44  63   3   2   0 0.00  0.0    0  6.9 18 310   M    M   0        23 310
11  81  45  63   3   2   0 0.00  0.0    0  5.6 22 310   M    M   1        27 320
12  73  48  61   1   4   0 0.00  0.0    0  9.2 20 310   M    M   2        24 310
13  77  41  59  -1   6   0 0.00  0.0    0  5.8 16 320   M    M   0        20 310
14  87  41  64   4   1   0 0.00  0.0    0  4.9 13 300   M    M   0        17 360
15  90  54  72  12   0   7 0.00  0.0    0  6.8 22 300   M    M   0        26 310
16  78  46  62   2   3   0 0.00  0.0    0  5.5 15 310   M    M   1         M  M
17  80  43  62   1   3   0 0.00  0.0    0  3.7 13 310   M    M   0        15 310
18  82  54  68   7   0   3 0.00  0.0    0  5.3 20 340   M    M   1        26 320
19  76  55  66   5   0   1    T  0.0    0  6.0 16 330   M    M   7        20 340
20  81  44  63   2   2   0 0.00  0.0    0  4.8 13  30   M    M   0        16  40
21  83  55  69   8   0   4 0.00  0.0    0  5.3 16 290   M    M   1        19 290
22  80  47  64   3   1   0 0.00  0.0    0  4.1 15 330   M    M   1        21 280
23  83  48  66   4   0   1 0.00  0.0    0  3.5 12 320   M    M   0        16 310
24  86  55  71   9   0   6 0.00  0.0    0  3.4 13 320   M    M   0        15  30
25  93  54  74  12   0   9 0.00  0.0    0  5.0 16 320   M    M   0        21 310
26  97  61  79  17   0  14 0.00  0.0    0  7.4 17 320   M    M   0        23 310
27  93  65  79  17   0  14 0.00  0.0    0  3.6 14 330   M    M   0        16 340
28  86  65  76  14   0  11    T  0.0    0  3.9 12  70   M    M   0 3      16  80
29  91  59  75  12   0  10 0.00  0.0    0  4.0 16 330   M    M   0        20 320
30  94  58  76  13   0  11 0.00  0.0    0  7.5 18 300   M    M   0        23 310
================================================================================
SM 2487 1559        46 127  0.54     0.0 162.4          M       47
================================================================================
AV 82.9 52.0                               5.4 FASTST   M    M   2    MAX(MPH)
                                 MISC ---->  # 22 310               # 27  320
================================================================================
NOTES:
# LAST OF SEVERAL OCCURRENCES

COLUMN 17 PEAK WIND IN M.P.H.

PRELIMINARY LOCAL CLIMATOLOGICAL DATA (WS FORM: F-6) , PAGE 2

                                          STATION:  HILLSBORO OR
                                          MONTH:    JUNE
                                          YEAR:     2015
                                          LATITUDE:   45 32 N
                                          LONGITUDE: 122 57 W

[TEMPERATURE DATA]      [PRECIPITATION DATA]       SYMBOLS USED IN COLUMN 16

AVERAGE MONTHLY: 67.4   TOTAL FOR MONTH:   0.54    1 = FOG OR MIST
DPTR FM NORMAL:   6.9   DPTR FM NORMAL:   -0.86    2 = FOG REDUCING VISIBILITY
HIGHEST:    97 ON 26    GRTST 24HR  0.24 ON  2- 3      TO 1/4 MILE OR LESS
LOWEST:     41 ON 14,13                            3 = THUNDER
                        SNOW, ICE PELLETS, HAIL    4 = ICE PELLETS
                        TOTAL MONTH:   0.0 INCH    5 = HAIL
                        GRTST 24HR     0.0         6 = FREEZING RAIN OR DRIZZLE
                        GRTST DEPTH:   0           7 = DUSTSTORM OR SANDSTORM:
                                                       VSBY 1/2 MILE OR LESS
                                                   8 = SMOKE OR HAZE
[NO. OF DAYS WITH]      [WEATHER - DAYS WITH]      9 = BLOWING SNOW
                                                   X = TORNADO
MAX 32 OR BELOW:   0    0.01 INCH OR MORE:   3
MAX 90 OR ABOVE:  10    0.10 INCH OR MORE:   3
MIN 32 OR BELOW:   0    0.50 INCH OR MORE:   0
MIN  0 OR BELOW:   0    1.00 INCH OR MORE:   0

[HDD (BASE 65) ]
TOTAL THIS MO.    46    CLEAR  (SCALE 0-3)  25
DPTR FM NORMAL  -109    PTCLDY (SCALE 4-7)   2
TOTAL FM JUL 1  3817    CLOUDY (SCALE 8-10)  3
DPTR FM NORMAL -1188

[CDD (BASE 65) ]
TOTAL THIS MO.   127
DPTR FM NORMAL   107    [PRESSURE DATA]
TOTAL FM JAN 1   140    HIGHEST SLP 30.22 ON 12
DPTR FM NORMAL   114    LOWEST  SLP 29.80 ON  1

[REMARKS]
#FINAL-06-15#
