000
CXUS53 KGID 300730
CF6HJH
PRELIMINARY LOCAL CLIMATOLOGICAL DATA (WS FORM: F-6)

                                          STATION:   HEBRON
                                          MONTH:     SEPTEMBER
                                          YEAR:      2016
                                          LATITUDE:   40  9 N
                                          LONGITUDE:  97 35 W

  TEMPERATURE IN F:       :PCPN:    SNOW:  WIND      :SUNSHINE: SKY     :PK WND
================================================================================
1   2   3   4   5  6A  6B    7    8   9   10  11  12  13   14  15   16   17  18
                                     12Z  AVG MX 2MIN
DY MAX MIN AVG DEP HDD CDD  WTR  SNW DPTH SPD SPD DIR MIN PSBL S-S WX    SPD DR
================================================================================

 1  79  53  66  -6   0   1 0.00    M    M  2.5  9  70   M    M   0 1       M  M
 2  76  52  64  -8   1   0 0.00    M    M  5.8 14 150   M    M   2 1      21 150
 3  77  59  68  -3   0   3 0.01    M    M  8.5 14 150   M    M   5 3      22 140
 4  85  63  74   3   0   9 0.10    M    M 14.3 24 170   M    M   5 3      36 170
 5  89  73  81  11   0  16 0.00    M    M 15.2 23 190   M    M   1        33 190
 6  90  73  82  12   0  17 0.00    M    M 12.2 18 210   M    M   2        28 210
 7  85  68  77   7   0  12 0.09    M    M  5.0 15 210   M    M   5        20 210
 8  81  65  73   4   0   8 0.00    M    M  5.0 12  80   M    M   5 12      M  M
 9  81  55  68  -1   0   3 0.13    M    M  8.2 17 360   M    M   5 13     25 360
10  74  48  61  -7   4   0 0.00    M    M  5.3 10 280   M    M   0         M  M
11  81  52  67  -1   0   2 0.00    M    M 11.0 20 180   M    M   0        28 210
12  82  61  72   4   0   7    T    M    M  9.3 16 170   M    M   3        22 190
13  62  54  58  -9   7   0 0.45    M    M  9.7 14  10   M    M  10 13     20  10
14  64  54  59  -8   6   0 0.02    M    M  4.1  8  30   M    M  10 1       M  M
15  83  63  73   7   0   8 0.30    M    M  8.9 20 190   M    M   7 138    25 320
16  77  57  67   1   0   2 0.55    M    M  3.7 21 110   M    M   4 3      28 110
17  82  54  68   3   0   3 0.00    M    M  2.7  7 170   M    M   1         M  M
18  84  55  70   5   0   5 0.00    M    M  5.9 14 190   M    M   1        21 180
19  86  62  74  10   0   9 0.00    M    M  5.1  9  10   M    M   0         M  M
20  93  58  76  12   0  11 0.00    M    M  6.6 18 190   M    M   0 1      31 190
21  90  73  82  18   0  17 0.00    M    M 11.8 16 170   M    M   0        27 190
22  92  72  82  19   0  17 0.00    M    M 10.1 15 180   M    M   0        22 170
23  89  65  77  15   0  12 0.00    M    M 11.0 17 160   M    M   1        27 160
24  78  68  73  11   0   8 0.19    M    M  8.6 15 180   M    M   7 3      23 170
25  73  48  61  -1   4   0 0.00    M    M  8.7 17 320   M    M   2        28 320
26  76  41  59  -2   6   0 0.00    M    M  4.3 13 260   M    M   0        18 270
27  82  44  63   2   2   0 0.00    M    M  2.7  8 270   M    M   0         M  M
28  70  46  58  -2   7   0 0.00    M    M  5.9 15  20   M    M   0        20  20
29  70  40  55  -5  10   0 0.00    M    M  1.3  6 100   M    M   1 8       M  M
================================================================================
SM 2331 1676        47 170  1.84    M    213.4          M       77
================================================================================
AV 80.4 57.8                               7.4 FASTST   M    M   3    MAX(MPH)
                                 MISC ---->    24   M                 36    M
================================================================================
NOTES:
# LAST OF SEVERAL OCCURRENCES

COLUMN 17 PEAK WIND IN M.P.H.

PRELIMINARY LOCAL CLIMATOLOGICAL DATA (WS FORM: F-6) , PAGE 2

                                          STATION:  HEBRON
                                          MONTH:    SEPTEMBER
                                          YEAR:     2016
                                          LATITUDE:   40  9 N
                                          LONGITUDE:  97 35 W

[TEMPERATURE DATA]      [PRECIPITATION DATA]       SYMBOLS USED IN COLUMN 16

AVERAGE MONTHLY: 69.1   TOTAL FOR MONTH:   1.84    1 = FOG OR MIST
DPTR FM NORMAL:   3.0   DPTR FM NORMAL:   -0.99    2 = FOG REDUCING VISIBILITY
HIGHEST:    93 ON 20    GRTST 24HR  0.55 ON 16-16      TO 1/4 MILE OR LESS
LOWEST:     40 ON 29                               3 = THUNDER
                        SNOW, ICE PELLETS, HAIL    4 = ICE PELLETS
                        TOTAL MONTH:    M          5 = HAIL
                        GRTST 24HR    M  ON   M    6 = FREEZING RAIN OR DRIZZLE
                        GRTST DEPTH:  M  ON   M    7 = DUSTSTORM OR SANDSTORM:
                                                       VSBY 1/2 MILE OR LESS
                                                   8 = SMOKE OR HAZE
[NO. OF DAYS WITH]      [WEATHER - DAYS WITH]      9 = BLOWING SNOW
                                                   X = TORNADO
MAX 32 OR BELOW:   0    0.01 INCH OR MORE:   9
MAX 90 OR ABOVE:   4    0.10 INCH OR MORE:   6
MIN 32 OR BELOW:   0    0.50 INCH OR MORE:   1
MIN  0 OR BELOW:   0    1.00 INCH OR MORE:   0

[HDD (BASE 65) ]
TOTAL THIS MO.    47    CLEAR  (SCALE 0-3)  19
DPTR FM NORMAL   -43    PTCLDY (SCALE 4-7)   8
TOTAL FM JUL 1    49    CLOUDY (SCALE 8-10)  2
DPTR FM NORMAL   -49

[CDD (BASE 65) ]
TOTAL THIS MO.   170
DPTR FM NORMAL    47    [PRESSURE DATA]
TOTAL FM JAN 1  1282    HIGHEST SLP M ON M
DPTR FM NORMAL   158    LOWEST  SLP M ON M

[REMARKS]
