000
CXUS56 KHNX 281146
CF6HJO
PRELIMINARY LOCAL CLIMATOLOGICAL DATA (WS FORM: F-6)

                                          STATION:   HANFORD CA AIRPORT
                                          MONTH:     FEBRUARY
                                          YEAR:      2015
                                          LATITUDE:   36 19 N
                                          LONGITUDE: 119 38 W

  TEMPERATURE IN F:       :PCPN:    SNOW:  WIND      :SUNSHINE: SKY     :PK WND
================================================================================
1   2   3   4   5  6A  6B    7    8   9   10  11  12  13   14  15   16   17  18
                                     12Z  AVG MX 2MIN
DY MAX MIN AVG DEP HDD CDD  WTR  SNW DPTH SPD SPD DIR MIN PSBL S-S WX    SPD DR
================================================================================

 1  67  37  52   4  13   0 0.00  0.0    0  1.2  7  50   M    M   4 128     8 120
 2  69  40  55   7  10   0 0.00  0.0    0  1.7  7  50   M    M   3 128     7  40
 3  67  38  53   5  12   0 0.00  0.0    0  2.1  7  50   M    M   4 128     8  50
 4  75  39  57   9   8   0 0.00  0.0    0  2.1  6 120   M    M   3 128     8 170
 5  78  41  60  12   5   0 0.00  0.0    0  2.8 10  70   M    M   0 18     12 150
 6  79  47  63  15   2   0    T  0.0    0  7.4 23 240   M    M   2 18     29 250
 7  67  55  61  12   4   0 0.46  0.0    0  7.1 15  70   M    M   9 12     18  80
 8  73  54  64  15   1   0 0.00  0.0    0  9.1 22 210   M    M   7 128    28 210
 9  70  49  60  11   5   0 0.00  0.0    0  5.9 15 330   M    M   1 1      20 330
10  60  43  52   3  13   0 0.00  0.0    0  4.5 13 310   M    M   2 18     17 310
11  66  40  53   3  12   0 0.00  0.0    0  2.1  7  50   M    M   4 128    10 210
12  74  40  57   7   8   0 0.00  0.0    0  2.1  8 320   M    M   4 128    10 310
13  76  40  58   8   7   0 0.00  0.0    0  1.9  7 320   M    M   3 128     8 240
14  74  42  58   8   7   0 0.00  0.0    0  3.1 10 320   M    M   1 128    12 320
15  75  42  59   9   6   0 0.00  0.0    0  1.8  8 330   M    M   2 128    10 320
16  77  42  60   9   5   0 0.00  0.0    0  2.8  7 330   M    M   2 128    11  40
17  77  42  60   9   5   0 0.00  0.0    0  4.1 12 310   M    M   3 128    14 310
18  60  46  53   2  12   0 0.00  0.0    0  4.6 13 320   M    M   5 128    16 310
19  72  44  58   7   7   0 0.00  0.0    0  3.5 12 310   M    M   5 128    16 320
20  57  49  53   1  12   0 0.00  0.0    0  3.1 10 330   M    M  10 128    13 330
21  57  41  49  -3  16   0 0.00  0.0    0  1.2  7  50   M    M   9 128     9 140
22  57  42  50  -2  15   0 0.10  0.0    0  4.8 13 320   M    M   9 128    16 320
23  60  44  52   0  13   0 0.19  0.0    0  6.0 12 330   M    M   6 1      14 330
24  64  35  50  -2  15   0 0.00  0.0    0  2.2  9 170   M    M   1 12     13 140
25  67  36  52  -1  13   0 0.00  0.0    0  1.2  9 260   M    M   0 128    13 260
26  67  38  53   0  12   0 0.00  0.0    0  3.1 10 320   M    M   0 18     13 300
27  69  41  55   2  10   0 0.00  0.0    0  5.0 14 310   M    M   3 18      M  M
================================================================================
SM 1854 1147       248   0  0.75     0.0  96.5          M      102
================================================================================
AV 68.7 42.5                               3.6 FASTST   M    M   4    MAX(MPH)
                                 MISC ---->  # 23 240               # 29  250
================================================================================
NOTES:
# LAST OF SEVERAL OCCURRENCES

COLUMN 17 PEAK WIND IN M.P.H.

PRELIMINARY LOCAL CLIMATOLOGICAL DATA (WS FORM: F-6) , PAGE 2

                                          STATION:  HANFORD CA AIRPORT
                                          MONTH:    FEBRUARY
                                          YEAR:     2015
                                          LATITUDE:   36 19 N
                                          LONGITUDE: 119 38 W

[TEMPERATURE DATA]      [PRECIPITATION DATA]       SYMBOLS USED IN COLUMN 16

AVERAGE MONTHLY: 55.6   TOTAL FOR MONTH:   0.75    1 = FOG OR MIST
DPTR FM NORMAL:   5.3   DPTR FM NORMAL:   -0.92    2 = FOG REDUCING VISIBILITY
HIGHEST:    79 ON  6    GRTST 24HR  0.46 ON  7- 7      TO 1/4 MILE OR LESS
LOWEST:     35 ON 24                               3 = THUNDER
                        SNOW, ICE PELLETS, HAIL    4 = ICE PELLETS
                        TOTAL MONTH:   0.0 INCH    5 = HAIL
                        GRTST 24HR     0.0         6 = FREEZING RAIN OR DRIZZLE
                        GRTST DEPTH:   0           7 = DUSTSTORM OR SANDSTORM:
                                                       VSBY 1/2 MILE OR LESS
                                                   8 = SMOKE OR HAZE
[NO. OF DAYS WITH]      [WEATHER - DAYS WITH]      9 = BLOWING SNOW
                                                   X = TORNADO
MAX 32 OR BELOW:   0    0.01 INCH OR MORE:   3
MAX 90 OR ABOVE:   0    0.10 INCH OR MORE:   3
MIN 32 OR BELOW:   0    0.50 INCH OR MORE:   0
MIN  0 OR BELOW:   0    1.00 INCH OR MORE:   0

[HDD (BASE 65) ]
TOTAL THIS MO.   248    CLEAR  (SCALE 0-3)  15
DPTR FM NORMAL  -151    PTCLDY (SCALE 4-7)   8
TOTAL FM JUL 1  1528    CLOUDY (SCALE 8-10)  4
DPTR FM NORMAL  -614

[CDD (BASE 65) ]
TOTAL THIS MO.     0
DPTR FM NORMAL     0    [PRESSURE DATA]
TOTAL FM JAN 1     0    HIGHEST SLP M ON M
DPTR FM NORMAL     0    LOWEST  SLP 29.71 ON 27

[REMARKS]
