000
CXUS56 KHNX 241146
CF6HJO
PRELIMINARY LOCAL CLIMATOLOGICAL DATA (WS FORM: F-6)

                                          STATION:   HANFORD CA AIRPORT
                                          MONTH:     AUGUST
                                          YEAR:      2016
                                          LATITUDE:   36 19 N
                                          LONGITUDE: 119 38 W

  TEMPERATURE IN F:       :PCPN:    SNOW:  WIND      :SUNSHINE: SKY     :PK WND
================================================================================
1   2   3   4   5  6A  6B    7    8   9   10  11  12  13   14  15   16   17  18
                                     12Z  AVG MX 2MIN
DY MAX MIN AVG DEP HDD CDD  WTR  SNW DPTH SPD SPD DIR MIN PSBL S-S WX    SPD DR
================================================================================

 1 103  69  86   6   0  21 0.00  0.0    0  5.8 15 330   M    M   2 8      19 330
 2 101  65  83   3   0  18 0.00  0.0    0  6.0 14 330   M    M   2 8      17 330
 3 103  63  83   4   0  18 0.00  0.0    0  5.4 14 320   M    M   2 8      18 320
 4 100  62  81   2   0  16 0.00  0.0    0  7.3 13 330   M    M   2 8       M  M
 5  94  62  78  -1   0  13 0.00  0.0    0  7.1 13 330   M    M   1 8      17 320
 6  97  59  78  -1   0  13 0.00  0.0    0  6.1 17 320   M    M   2 18     21 320
 7  96  64  80   1   0  15 0.00  0.0    0  6.5 13 330   M    M   2        17 320
 8  99  57  78  -1   0  13 0.00  0.0    0  5.3 15 320   M    M   2        20 320
 9  97  58  78  -1   0  13 0.00  0.0    0  5.2 13 330   M    M   2 8      16 330
10  97  59  78  -1   0  13 0.00  0.0    0  4.4 12 320   M    M   3 8      15 320
11  99  59  79   0   0  14 0.00  0.0    0  5.7 13 320   M    M   3 8      17 300
12 101  65  83   4   0  18 0.00  0.0    0  7.0 15 320   M    M   3 8      20 310
13 103  63  83   4   0  18 0.00  0.0    0  6.7 14 310   M    M   4 8      17 310
14 106  62  84   6   0  19 0.00  0.0    0  5.7 14 320   M    M   4 8      19 320
15 103  62  83   5   0  18 0.00  0.0    0  5.5 15 320   M    M   4        19 320
16 102  60  81   3   0  16 0.00  0.0    0  5.0 13 320   M    M   4 8      17 310
17 103  62  83   5   0  18 0.00  0.0    0  3.3  8 330   M    M   3 8      12  30
18 101  65  83   5   0  18 0.00  0.0    0  4.3 14 320   M    M   1 8      19 310
19 100  62  81   3   0  16 0.00  0.0    0  4.7 13 320   M    M   0 8      18 320
20 101  66  84   6   0  19 0.00  0.0    0  5.7 13 310   M    M   0 8      16 310
21  99  62  81   3   0  16 0.00  0.0    0  6.3 14 310   M    M   0        19 310
22  97  67  82   4   0  17 0.00  0.0    0  6.9 14 330   M    M   0        18 330
23  98  63  81   3   0  16 0.00  0.0    0  5.9 13 320   M    M   0        17  20
================================================================================
SM 2300 1436         0 376  0.00     0.0 131.8          M       46
================================================================================
AV100.0 62.4                               5.7 FASTST   M    M   2    MAX(MPH)
                                 MISC ---->  # 17 320               # 21  320
================================================================================
NOTES:
# LAST OF SEVERAL OCCURRENCES

COLUMN 17 PEAK WIND IN M.P.H.

PRELIMINARY LOCAL CLIMATOLOGICAL DATA (WS FORM: F-6) , PAGE 2

                                          STATION:  HANFORD CA AIRPORT
                                          MONTH:    AUGUST
                                          YEAR:     2016
                                          LATITUDE:   36 19 N
                                          LONGITUDE: 119 38 W

[TEMPERATURE DATA]      [PRECIPITATION DATA]       SYMBOLS USED IN COLUMN 16

AVERAGE MONTHLY: 81.2   TOTAL FOR MONTH:   0.00    1 = FOG OR MIST
DPTR FM NORMAL:   2.6   DPTR FM NORMAL:   -0.01    2 = FOG REDUCING VISIBILITY
HIGHEST:   106 ON 14    GRTST 24HR  0.00 ON 23-23      TO 1/4 MILE OR LESS
LOWEST:     57 ON  8                               3 = THUNDER
                        SNOW, ICE PELLETS, HAIL    4 = ICE PELLETS
                        TOTAL MONTH:   0.0 INCH    5 = HAIL
                        GRTST 24HR     0.0         6 = FREEZING RAIN OR DRIZZLE
                        GRTST DEPTH:   0           7 = DUSTSTORM OR SANDSTORM:
                                                       VSBY 1/2 MILE OR LESS
                                                   8 = SMOKE OR HAZE
[NO. OF DAYS WITH]      [WEATHER - DAYS WITH]      9 = BLOWING SNOW
                                                   X = TORNADO
MAX 32 OR BELOW:   0    0.01 INCH OR MORE:   0
MAX 90 OR ABOVE:  23    0.10 INCH OR MORE:   0
MIN 32 OR BELOW:   0    0.50 INCH OR MORE:   0
MIN  0 OR BELOW:   0    1.00 INCH OR MORE:   0

[HDD (BASE 65) ]
TOTAL THIS MO.     0    CLEAR  (SCALE 0-3)  18
DPTR FM NORMAL     0    PTCLDY (SCALE 4-7)   5
TOTAL FM JUL 1     0    CLOUDY (SCALE 8-10)  0
DPTR FM NORMAL     0

[CDD (BASE 65) ]
TOTAL THIS MO.   376
DPTR FM NORMAL    62    [PRESSURE DATA]
TOTAL FM JAN 1  1548    HIGHEST SLP M ON M
DPTR FM NORMAL   314    LOWEST  SLP 29.70 ON M

[REMARKS]
