000
CXUS54 KJAN 191200
CF6HKS
PRELIMINARY LOCAL CLIMATOLOGICAL DATA (WS FORM: F-6)

                                          STATION:   JACKSON HAWKINS
                                          MONTH:     APRIL
                                          YEAR:      2014
                                          LATITUDE:   32 20 N
                                          LONGITUDE:  90 14 W

  TEMPERATURE IN F:       :PCPN:    SNOW:  WIND      :SUNSHINE: SKY     :PK WND
================================================================================
1   2   3   4   5  6A  6B    7    8   9   10  11  12  13   14  15   16   17  18
                                     12Z  AVG MX 2MIN
DY MAX MIN AVG DEP HDD CDD  WTR  SNW DPTH SPD SPD DIR MIN PSBL S-S WX    SPD DR
================================================================================

 1  81  57  69   8   0   4 0.00  0.0    0  7.4 16 170   M    M   6        32 180
 2  82  61  72  11   0   7 0.00  0.0    0 10.4 21 160   M    M   6        31 200
 3  86  69  78  16   0  13 0.00  0.0    0 13.8 24 180   M    M   6        33 330
 4  73  55  64   2   1   0 1.12  0.0    0  7.0 21 260   M    M   6 1      33  90
 5  66  48  57  -5   8   0    T  0.0    0  5.8 13  10   M    M   1 38     28 220
 6  61  50  56  -6   9   0 4.74  0.0    0  7.4 21  70   M    M   7 13    102 210
 7  62  47  55  -8  10   0    T    M    0  8.2 22 290   M    M   7 1      28 280
 8  59  45  52 -11  13   0 0.06    M    0  6.8 18 310   M    M   5 1      28 300
 9  71  45  58  -5   7   0 0.00  0.0    0  3.9 13 300   M    M   0        17 320
10  79  45  62  -1   3   0 0.00  0.0    0  8.0 17 160   M    M   0        31 320
11  79  52  66   2   0   1 0.02  0.0    0  6.7 15 170   M    M   1        21 210
12  83  59  71   7   0   6 0.00  0.0    0  9.8 18 160   M    M   3 1      31 240
13  84  62  73   9   0   8 0.27  0.0    0 12.4 22 140   M    M   6 13     31 170
14  71  46  59  -5   6   0 2.34    M    0 10.2 26 170   M    M   8 123    53 140
15  54  41  48 -17  17   0    T    M    0  9.2 21 350   M    M   2 1      37 350
16  66  36  51 -14  14   0 0.00  0.0    0  4.5 14 100   M    M   0        24 240
17  69  42  56  -9   9   0 0.00  0.0    0  4.2 17 140   M    M   4        38 200
18  74  55  65  -1   0   0 0.00  0.0    0  4.4 16 360   M    M   6        33 210
================================================================================
SM 1300  915        97  39  8.55     0.0 140.1          M       74
================================================================================
AV 72.2 50.8                               7.8 FASTST   M    M   4    MAX(MPH)
                                 MISC ---->  # 26 170               #102  210
================================================================================
NOTES:
# LAST OF SEVERAL OCCURRENCES

COLUMN 17 PEAK WIND IN M.P.H.

PRELIMINARY LOCAL CLIMATOLOGICAL DATA (WS FORM: F-6) , PAGE 2

                                          STATION:  JACKSON HAWKINS
                                          MONTH:    APRIL
                                          YEAR:     2014
                                          LATITUDE:   32 20 N
                                          LONGITUDE:  90 14 W

[TEMPERATURE DATA]      [PRECIPITATION DATA]       SYMBOLS USED IN COLUMN 16

AVERAGE MONTHLY: 61.5   TOTAL FOR MONTH:   8.55    1 = FOG OR MIST
DPTR FM NORMAL:  -1.8   DPTR FM NORMAL:    5.22    2 = FOG REDUCING VISIBILITY
HIGHEST:    86 ON  3    GRTST 24HR  4.74 ON  6- 6      TO 1/4 MILE OR LESS
LOWEST:     36 ON 16                               3 = THUNDER
                        SNOW, ICE PELLETS, HAIL    4 = ICE PELLETS
                        TOTAL MONTH:   0.0 INCH    5 = HAIL
                        GRTST 24HR     0.0         6 = FREEZING RAIN OR DRIZZLE
                        GRTST DEPTH:   0           7 = DUSTSTORM OR SANDSTORM:
                                                       VSBY 1/2 MILE OR LESS
                                                   8 = SMOKE OR HAZE
[NO. OF DAYS WITH]      [WEATHER - DAYS WITH]      9 = BLOWING SNOW
                                                   X = TORNADO
MAX 32 OR BELOW:   0    0.01 INCH OR MORE:   6
MAX 90 OR ABOVE:   0    0.10 INCH OR MORE:   4
MIN 32 OR BELOW:   0    0.50 INCH OR MORE:   3
MIN  0 OR BELOW:   0    1.00 INCH OR MORE:   3

[HDD (BASE 65) ]
TOTAL THIS MO.    97    CLEAR  (SCALE 0-3)   6
DPTR FM NORMAL    25    PTCLDY (SCALE 4-7)  12
TOTAL FM JUL 1  2563    CLOUDY (SCALE 8-10)  0
DPTR FM NORMAL   372

[CDD (BASE 65) ]
TOTAL THIS MO.    39
DPTR FM NORMAL    -4    [PRESSURE DATA]
TOTAL FM JAN 1    54    HIGHEST SLP M ON M
DPTR FM NORMAL   -28    LOWEST  SLP 29.57 ON M

[REMARKS]
