000
CXUS52 KGSP 210817
CF6HKY
PRELIMINARY LOCAL CLIMATOLOGICAL DATA (WS FORM: F-6)

                                          STATION:   HICKORY NC
                                          MONTH:     SEPTEMBER
                                          YEAR:      2017
                                          LATITUDE:   35 45 N
                                          LONGITUDE:  81 23 W

  TEMPERATURE IN F:       :PCPN:    SNOW:  WIND      :SUNSHINE: SKY     :PK WND
================================================================================
1   2   3   4   5  6A  6B    7    8   9   10  11  12  13   14  15   16   17  18
                                     12Z  AVG MX 2MIN
DY MAX MIN AVG DEP HDD CDD  WTR  SNW DPTH SPD SPD DIR MIN PSBL S-S WX    SPD DR
================================================================================

 1  85  59  72  -2   0   7 0.58    M    M  5.5 30 250   M    M   9 3      36 250
 2  74  58  66  -8   0   1 0.03    M    M  4.2 12  60   M    M  10        15  60
 3  81  57  69  -5   0   4    T    M    M  2.8 12 280   M    M   0        17 250
 4  83  59  71  -3   0   6 0.00    M    M  3.5 13 200   M    M   0        18 210
 5  85  60  73   0   0   8 0.37    M    M  4.0 17 330   M    M   3 3      24 350
 6  65  53  59 -14   6   0 0.92    M    M  1.9 13  10   M    M   6 1      16  10
 7  73  49  61 -12   4   0 0.00    M    M  4.3 13 260   M    M   2        18 250
 8  77  50  64  -8   1   0 0.00    M    M  2.3  8 350   M    M   2        11 350
 9  76  53  65  -7   0   0 0.00    M    M  5.0 15  60   M    M   1        20  20
10  69  50  60 -12   5   0 0.00    M    M  8.1 15  50   M    M   0        20  20
11  60  57  59 -12   6   0 0.75    M    M 13.8 26  50   M    M   6        41  60
12  70  59  65  -6   0   0 0.62    M    M  8.8 24  60   M    M   9 1      34  50
13  77  53  65  -6   0   0 0.00    M    M  4.5 17 220   M    M   5 1      23 220
14  77  62  70   0   0   5 0.02    M    M  2.3 10 190   M    M   9        15 220
15  82  58  70   0   0   5 0.00    M    M  2.5  8 190   M    M   4        11 190
16  85  62  74   4   0   9 0.00    M    M  1.5  7 340   M    M   4        11 340
17  84  64  74   5   0   9 0.00    M    M  1.6  7  60   M    M   5         9  70
18  83  63  73   4   0   8 0.00    M    M  2.1  9  50   M    M   2        12  60
19  82  63  73   5   0   8 0.00    M    M  1.7  9 220   M    M   2        13 190
20  87  65  76   8   0  11 0.00    M    M  3.5  9 290   M    M   1        13 280
================================================================================
SM 1555 1154        22  81  3.29    M     83.9          M       80
================================================================================
AV 77.8 57.7                               4.2 FASTST   M    M   4    MAX(MPH)
                                 MISC ---->  # 30 250               # 41   60
================================================================================
NOTES:
# LAST OF SEVERAL OCCURRENCES

COLUMN 17 PEAK WIND IN M.P.H.

PRELIMINARY LOCAL CLIMATOLOGICAL DATA (WS FORM: F-6) , PAGE 2

                                          STATION:  HICKORY NC
                                          MONTH:    SEPTEMBER
                                          YEAR:     2017
                                          LATITUDE:   35 45 N
                                          LONGITUDE:  81 23 W

[TEMPERATURE DATA]      [PRECIPITATION DATA]       SYMBOLS USED IN COLUMN 16

AVERAGE MONTHLY: 67.7   TOTAL FOR MONTH:   3.29    1 = FOG OR MIST
DPTR FM NORMAL:  -3.7   DPTR FM NORMAL:    0.77    2 = FOG REDUCING VISIBILITY
HIGHEST:    87 ON 20    GRTST 24HR  1.31 ON 11-12      TO 1/4 MILE OR LESS
LOWEST:     49 ON  7                               3 = THUNDER
                        SNOW, ICE PELLETS, HAIL    4 = ICE PELLETS
                        TOTAL MONTH:    M          5 = HAIL
                        GRTST 24HR    M  ON   M    6 = FREEZING RAIN OR DRIZZLE
                        GRTST DEPTH:  M  ON   M    7 = DUSTSTORM OR SANDSTORM:
                                                       VSBY 1/2 MILE OR LESS
                                                   8 = SMOKE OR HAZE
[NO. OF DAYS WITH]      [WEATHER - DAYS WITH]      9 = BLOWING SNOW
                                                   X = TORNADO
MAX 32 OR BELOW:   0    0.01 INCH OR MORE:   7
MAX 90 OR ABOVE:   0    0.10 INCH OR MORE:   5
MIN 32 OR BELOW:   0    0.50 INCH OR MORE:   4
MIN  0 OR BELOW:   0    1.00 INCH OR MORE:   0

[HDD (BASE 65) ]
TOTAL THIS MO.    22    CLEAR  (SCALE 0-3)   9
DPTR FM NORMAL    16    PTCLDY (SCALE 4-7)   7
TOTAL FM JUL 1    22    CLOUDY (SCALE 8-10)  4
DPTR FM NORMAL    15

[CDD (BASE 65) ]
TOTAL THIS MO.    81
DPTR FM NORMAL   -56    [PRESSURE DATA]
TOTAL FM JAN 1  1317    HIGHEST SLP M ON M
DPTR FM NORMAL    16    LOWEST  SLP 29.71 ON 12

[REMARKS]
