000
CXUS54 KLZK 291330
CF6HOT
PRELIMINARY LOCAL CLIMATOLOGICAL DATA (WS FORM: F-6)

                                          STATION:   Hot Springs Memorial Field
                                          MONTH:     SEPTEMBER
                                          YEAR:      2014
                                          LATITUDE:   34 28 N
                                          LONGITUDE:  93  6 W

  TEMPERATURE IN F:       :PCPN:    SNOW:  WIND      :SUNSHINE: SKY     :PK WND
================================================================================
1   2   3   4   5  6A  6B    7    8   9   10  11  12  13   14  15   16   17  18
                                     12Z  AVG MX 2MIN
DY MAX MIN AVG DEP HDD CDD  WTR  SNW DPTH SPD SPD DIR MIN PSBL S-S WX    SPD DR
================================================================================

 1  91  76  84   4   0  19 0.00  0.0    0  7.7 15 210   M    M   5        24 230
 2  89  72  81   2   0  16 0.03  0.0    0  5.2 15 330   M    M   3 3      25 320
 3  91  71  81   2   0  16 0.00  0.0    0  2.2  9 220   M    M   2        13 180
 4  95  73  84   5   0  19 0.00  0.0    0  4.5 14 250   M    M   1        18 270
 5  95  72  84   6   0  19    T  0.0    0  2.3 14 100   M    M   1 3      17 160
 6  91  72  82   4   0  17    T  0.0    0  6.0 15  60   M    M   2        22  60
 7  86  68  77  -1   0  12    T  0.0    0  5.0 13  70   M    M   3        16  60
 8  91  67  79   2   0  14 0.00  0.0    0  2.8 10 160   M    M   1        14 200
 9  93  71  82   5   0  17 0.00  0.0    0  6.0 13 160   M    M   1        17 160
10  93  77  85   8   0  20 0.00  0.0    0  8.5 16 230   M    M   2        23 240
11  81  68  75  -1   0  10 1.16  0.0    0  5.8 15  70   M    M   8 3      21 360
12  69  60  65 -11   0   0 0.18  0.0    0  7.8 15  70   M    M   9 1      21  80
13  64  55  60 -16   5   0 0.01  0.0    0  5.8 15  60   M    M   7 1      20  50
14  79  54  67  -8   0   2 0.00  0.0    0  3.0  6  90   M    M   1         M  M
15  77  63  70  -5   0   5    T  0.0    0  1.0  9  60   M    M   1        14  80
16  88  69  79   5   0  14 0.03  0.0    0  3.1 15  60   M    M   4 13     17  50
17  86  63  75   1   0  10 0.00  0.0    0  2.9  9 110   M    M   2 1      12  90
18  87  70  79   5   0  14 0.00  0.0    0  5.4 15  50   M    M   4 18     18  50
19  86  66  76   3   0  11 0.00  0.0    0  3.7 10 150   M    M   3 1      14 120
20  90  67  79   6   0  14    T  0.0    0  1.9 10 180   M    M   2 12     14 180
21  90  67  79   7   0  14 0.00  0.0    0  5.0 15  30   M    M   2 1      26  40
22  79  60  70  -2   0   5 0.00  0.0    0  6.4 16  70   M    M   0        23  40
23  80  51  66  -6   0   1 0.00  0.0    0  3.4 12 120   M    M   0        17  90
24  84  49  67  -4   0   2 0.00  0.0    0  2.8 10 200   M    M   0        14 210
25  83  56  70  -1   0   5 0.00  0.0    0  1.9 12 150   M    M   1 1      16  80
26  84  60  72   2   0   7 0.00  0.0    0  1.6 10  80   M    M   3        14  90
27  85  57  71   1   0   6 0.00  0.0    0  2.8 13  70   M    M   1 1      16 120
28  85  61  73   3   0   8 0.00  0.0    0  3.4 12  80   M    M   2        17 130
================================================================================
SM 2392 1815         5 297  1.41     0.0 117.9          M       71
================================================================================
AV 85.4 64.8                               4.2 FASTST   M    M   3    MAX(MPH)
                                 MISC ---->  # 16 230               # 26   40
================================================================================
NOTES:
# LAST OF SEVERAL OCCURRENCES

COLUMN 17 PEAK WIND IN M.P.H.

PRELIMINARY LOCAL CLIMATOLOGICAL DATA (WS FORM: F-6) , PAGE 2

                                          STATION:  Hot Springs Memorial Field
                                          MONTH:    SEPTEMBER
                                          YEAR:     2014
                                          LATITUDE:   34 28 N
                                          LONGITUDE:  93  6 W

[TEMPERATURE DATA]      [PRECIPITATION DATA]       SYMBOLS USED IN COLUMN 16

AVERAGE MONTHLY: 75.1   TOTAL FOR MONTH:   1.41    1 = FOG OR MIST
DPTR FM NORMAL:   0.3   DPTR FM NORMAL:   -2.09    2 = FOG REDUCING VISIBILITY
HIGHEST:    95 ON  5, 4 GRTST 24HR  1.30 ON 11-12      TO 1/4 MILE OR LESS
LOWEST:     49 ON 24                               3 = THUNDER
                        SNOW, ICE PELLETS, HAIL    4 = ICE PELLETS
                        TOTAL MONTH:   0.0 INCH    5 = HAIL
                        GRTST 24HR     0.0         6 = FREEZING RAIN OR DRIZZLE
                        GRTST DEPTH:   0           7 = DUSTSTORM OR SANDSTORM:
                                                       VSBY 1/2 MILE OR LESS
                                                   8 = SMOKE OR HAZE
[NO. OF DAYS WITH]      [WEATHER - DAYS WITH]      9 = BLOWING SNOW
                                                   X = TORNADO
MAX 32 OR BELOW:   0    0.01 INCH OR MORE:   5
MAX 90 OR ABOVE:  10    0.10 INCH OR MORE:   2
MIN 32 OR BELOW:   0    0.50 INCH OR MORE:   1
MIN  0 OR BELOW:   0    1.00 INCH OR MORE:   1

[HDD (BASE 65) ]
TOTAL THIS MO.     5    CLEAR  (SCALE 0-3)  20
DPTR FM NORMAL    -3    PTCLDY (SCALE 4-7)   7
TOTAL FM JUL 1     5    CLOUDY (SCALE 8-10)  1
DPTR FM NORMAL    -3

[CDD (BASE 65) ]
TOTAL THIS MO.   297
DPTR FM NORMAL    12    [PRESSURE DATA]
TOTAL FM JAN 1  1809    HIGHEST SLP M ON M
DPTR FM NORMAL  -235    LOWEST  SLP 29.74 ON 10

[REMARKS]
