000
CXUS54 KHGX 221417
CF6HOU
PRELIMINARY LOCAL CLIMATOLOGICAL DATA (WS FORM: F-6)

                                          STATION:   HOUSTON/HOBBY AIRPORT
                                          MONTH:     DECEMBER
                                          YEAR:      2014
                                          LATITUDE:   29 38 N
                                          LONGITUDE:  95 17 W

  TEMPERATURE IN F:       :PCPN:    SNOW:  WIND      :SUNSHINE: SKY     :PK WND
================================================================================
1   2   3   4   5  6A  6B    7    8   9   10  11  12  13   14  15   16   17  18
                                     12Z  AVG MX 2MIN
DY MAX MIN AVG DEP HDD CDD  WTR  SNW DPTH SPD SPD DIR MIN PSBL S-S WX    SPD DR
================================================================================

 1  69  47  58   0   7   0 0.19  0.0    0  8.1 21 350   M    M   8 1      24 340
 2  56  44  50  -8  15   0 0.02    M    0  7.2 17 350   M    M  10 1      20  10
 3  68  53  61   3   4   0 0.00  0.0    0  3.9  9  60   M    M   8 18     12  60
 4  69  58  64   6   1   0 0.05  0.0    0  6.2 13 110   M    M  10 12     17 110
 5  78  64  71  14   0   6 0.84  0.0    0  7.6 16 200   M    M   9 12     21 210
 6  73  61  67  10   0   2 0.00  0.0    0  8.3 17 360   M    M  10 1      22  20
 7  61  55  58   1   7   0 0.00  0.0    0  8.0 20  30   M    M  10        22  30
 8  67  48  58   1   7   0 0.00  0.0    0  5.8 13 340   M    M   3        20 290
 9  69  46  58   2   7   0 0.00  0.0    0  2.6  8  30   M    M   4        14  90
10  66  46  56   0   9   0 0.00  0.0    0  3.3 12 110   M    M   6 1      15  90
11  72  59  66  10   0   1    T  0.0    0  5.5 13 190   M    M   9        16 190
12  74  59  67  11   0   2    T  0.0    0  6.6 15 180   M    M   6        18 180
13  72  59  66  10   0   1 0.00  0.0    0  7.3 15 110   M    M   4        20 110
14  75  58  67  11   0   2    T  0.0    0  8.9 21 160   M    M   6 1      28 150
15  79  61  70  15   0   5 0.03  0.0    0  9.8 23 230   M    M   6        29 250
16  67  51  59   4   6   0 0.00  0.0    0  8.6 16 360   M    M   4        18 360
17  65  48  57   2   8   0 0.00  0.0    0  8.8 15  90   M    M   8        22 110
18  71  60  66  11   0   1 0.27  0.0    0  6.6 15  40   M    M  10 13     20  80
19  61  53  57   2   8   0 2.37  0.0    0 12.8 23  20   M    M   7 13     28  10
20  55  51  53  -2  12   0 0.00  0.0    0  8.7 16  10   M    M  10        20  10
21  63  49  56   1   9   0 0.00  0.0    0  5.4 12  30   M    M   9 1      14  50
================================================================================
SM 1430 1130       100  20  3.77     0.0 150.0          M      157
================================================================================
AV 68.1 53.8                               7.1 FASTST   M    M   7    MAX(MPH)
                                 MISC ---->  # 23 230               # 29  250
================================================================================
NOTES:
# LAST OF SEVERAL OCCURRENCES

COLUMN 17 PEAK WIND IN M.P.H.

PRELIMINARY LOCAL CLIMATOLOGICAL DATA (WS FORM: F-6) , PAGE 2

                                          STATION:  HOUSTON/HOBBY AIRPORT
                                          MONTH:    DECEMBER
                                          YEAR:     2014
                                          LATITUDE:   29 38 N
                                          LONGITUDE:  95 17 W

[TEMPERATURE DATA]      [PRECIPITATION DATA]       SYMBOLS USED IN COLUMN 16

AVERAGE MONTHLY: 61.0   TOTAL FOR MONTH:   3.77    1 = FOG OR MIST
DPTR FM NORMAL:   4.7   DPTR FM NORMAL:    0.99    2 = FOG REDUCING VISIBILITY
HIGHEST:    79 ON 15    GRTST 24HR  2.40 ON 18-19      TO 1/4 MILE OR LESS
LOWEST:     44 ON  2                               3 = THUNDER
                        SNOW, ICE PELLETS, HAIL    4 = ICE PELLETS
                        TOTAL MONTH:   0.0 INCH    5 = HAIL
                        GRTST 24HR     0.0         6 = FREEZING RAIN OR DRIZZLE
                        GRTST DEPTH:   0           7 = DUSTSTORM OR SANDSTORM:
                                                       VSBY 1/2 MILE OR LESS
                                                   8 = SMOKE OR HAZE
[NO. OF DAYS WITH]      [WEATHER - DAYS WITH]      9 = BLOWING SNOW
                                                   X = TORNADO
MAX 32 OR BELOW:   0    0.01 INCH OR MORE:   7
MAX 90 OR ABOVE:   0    0.10 INCH OR MORE:   4
MIN 32 OR BELOW:   0    0.50 INCH OR MORE:   2
MIN  0 OR BELOW:   0    1.00 INCH OR MORE:   1

[HDD (BASE 65) ]
TOTAL THIS MO.   100    CLEAR  (SCALE 0-3)   1
DPTR FM NORMAL  -105    PTCLDY (SCALE 4-7)  10
TOTAL FM JUL 1   314    CLOUDY (SCALE 8-10) 10
DPTR FM NORMAL   -47

[CDD (BASE 65) ]
TOTAL THIS MO.    20
DPTR FM NORMAL    -1    [PRESSURE DATA]
TOTAL FM JAN 1  3141    HIGHEST SLP M ON M
DPTR FM NORMAL     5    LOWEST  SLP 29.87 ON 21

[REMARKS]
