000
CXUS54 KLZK 241130
CF6HRO
PRELIMINARY LOCAL CLIMATOLOGICAL DATA (WS FORM: F-6)

                                          STATION:   Harrison
                                          MONTH:     JULY
                                          YEAR:      2016
                                          LATITUDE:   36 15 N
                                          LONGITUDE:  93  9 W

  TEMPERATURE IN F:       :PCPN:    SNOW:  WIND      :SUNSHINE: SKY     :PK WND
================================================================================
1   2   3   4   5  6A  6B    7    8   9   10  11  12  13   14  15   16   17  18
                                     12Z  AVG MX 2MIN
DY MAX MIN AVG DEP HDD CDD  WTR  SNW DPTH SPD SPD DIR MIN PSBL S-S WX    SPD DR
================================================================================

 1  85  66  76  -1   0  11 0.01  0.0    0  3.3  9 320   M    M   1 1      12 290
 2  89  72  81   4   0  16 0.15  0.0    0  6.7 15 150   M    M   4 13     20 160
 3  85  70  78   1   0  13 0.70  0.0    0  5.8 14 250   M    M   4 13     21 240
 4  85  70  78   1   0  13 1.05  0.0    0  4.9 14 260   M    M   6 13     20 260
 5  91  71  81   3   0  16    T  0.0    0  5.3 13 170   M    M   2 13     16 170
 6  91  73  82   4   0  17 0.07  0.0    0  5.4 20 310   M    M   2 13     28 290
 7  86  72  79   1   0  14 0.01  0.0    0  6.5 24 160   M    M   1 3      32 190
 8  87  71  79   1   0  14    T  0.0    0  6.4 20 310   M    M   2 3      31 310
 9  88  68  78   0   0  13 0.26  0.0    0  5.5 17 140   M    M   4 13     21 140
10  91  69  80   2   0  15 0.01  0.0    0  5.9 18 150   M    M   2 123    25 150
11  86  68  77  -1   0  12 0.00  0.0    0  9.0 18 170   M    M   1        28 200
12  86  72  79   1   0  14 0.00  0.0    0  6.8 25 160   M    M   1        30 170
13  89  70  80   2   0  15 0.00  0.0    0  7.3 24 170   M    M   0        30 200
14  89  65  77  -1   0  12 0.81  0.0    0  8.5 22  50   M    M   2 13     28  60
15  82  65  74  -4   0   9 0.01  0.0    0  4.9 13 330   M    M   4 3      29  90
16  88  64  76  -2   0  11 0.00  0.0    0  5.8 14 150   M    M   2 12     17 140
17  91  72  82   3   0  17 0.00  0.0    0  6.1 14 160   M    M   0 1      17 150
18  92  70  81   2   0  16 0.00  0.0    0  3.5 12 150   M    M   1 1      15 150
19  92  71  82   3   0  17 0.00  0.0    0  3.6 13 150   M    M   1 1      20 270
20  91  73  82   3   0  17    T  0.0    0  4.1 15 170   M    M   2 3      19 170
21  93  73  83   4   0  18 0.00  0.0    0  3.5 12 180   M    M   1 1      18 170
22  95  74  85   6   0  20 0.00  0.0    0  3.7  9 330   M    M   1 8      13 260
23  96  73  85   6   0  20 0.00  0.0    0  3.4 10 130   M    M   1 1      14 130
================================================================================
SM 2048 1612         0 340  3.08     0.0 125.9          M       45
================================================================================
AV 89.0 70.1                               5.5 FASTST   M    M   2    MAX(MPH)
                                 MISC ---->  # 25 160               # 32  190
================================================================================
NOTES:
# LAST OF SEVERAL OCCURRENCES

COLUMN 17 PEAK WIND IN M.P.H.

PRELIMINARY LOCAL CLIMATOLOGICAL DATA (WS FORM: F-6) , PAGE 2

                                          STATION:  Harrison
                                          MONTH:    JULY
                                          YEAR:     2016
                                          LATITUDE:   36 15 N
                                          LONGITUDE:  93  9 W

[TEMPERATURE DATA]      [PRECIPITATION DATA]       SYMBOLS USED IN COLUMN 16

AVERAGE MONTHLY: 79.6   TOTAL FOR MONTH:   3.08    1 = FOG OR MIST
DPTR FM NORMAL:   1.4   DPTR FM NORMAL:    0.77    2 = FOG REDUCING VISIBILITY
HIGHEST:    96 ON 23    GRTST 24HR  1.62 ON  3- 4      TO 1/4 MILE OR LESS
LOWEST:     64 ON 16                               3 = THUNDER
                        SNOW, ICE PELLETS, HAIL    4 = ICE PELLETS
                        TOTAL MONTH:   0.0 INCH    5 = HAIL
                        GRTST 24HR     0.0         6 = FREEZING RAIN OR DRIZZLE
                        GRTST DEPTH:   0           7 = DUSTSTORM OR SANDSTORM:
                                                       VSBY 1/2 MILE OR LESS
                                                   8 = SMOKE OR HAZE
[NO. OF DAYS WITH]      [WEATHER - DAYS WITH]      9 = BLOWING SNOW
                                                   X = TORNADO
MAX 32 OR BELOW:   0    0.01 INCH OR MORE:  10
MAX 90 OR ABOVE:  10    0.10 INCH OR MORE:   5
MIN 32 OR BELOW:   0    0.50 INCH OR MORE:   3
MIN  0 OR BELOW:   0    1.00 INCH OR MORE:   1

[HDD (BASE 65) ]
TOTAL THIS MO.     0    CLEAR  (SCALE 0-3)  18
DPTR FM NORMAL     0    PTCLDY (SCALE 4-7)   5
TOTAL FM JUL 1     0    CLOUDY (SCALE 8-10)  0
DPTR FM NORMAL     0

[CDD (BASE 65) ]
TOTAL THIS MO.   340
DPTR FM NORMAL    37    [PRESSURE DATA]
TOTAL FM JAN 1   803    HIGHEST SLP M ON M
DPTR FM NORMAL    96    LOWEST  SLP 29.79 ON  7

[REMARKS]
ALL SNOWFALL DATA IS FROM THE HARRISON COOPERATIVE OBSERVER SITE
