000
CXUS52 KMHX 280700
CF6HSE
PRELIMINARY LOCAL CLIMATOLOGICAL DATA (WS FORM: F-6)

                                          STATION:   CAPE HATTERAS NC
                                          MONTH:     FEBRUARY
                                          YEAR:      2015
                                          LATITUDE:   35 13 N
                                          LONGITUDE:  75 37 W

  TEMPERATURE IN F:       :PCPN:    SNOW:  WIND      :SUNSHINE: SKY     :PK WND
================================================================================
1   2   3   4   5  6A  6B    7    8   9   10  11  12  13   14  15   16   17  18
                                     12Z  AVG MX 2MIN
DY MAX MIN AVG DEP HDD CDD  WTR  SNW DPTH SPD SPD DIR MIN PSBL S-S WX    SPD DR
================================================================================

 1  59  28  44  -2  21   0 0.00  0.0    0  5.9 17 210   M    M   0        23 210
 2  62  38  50   4  15   0 0.91  0.0    0 16.9 26 250   M    M   6 18     42 260
 3  38  27  33 -13  32   0 0.00  0.0    0  7.8 15 350   M    M   0        28 350
 4  57  27  42  -4  23   0 0.08  0.0    0  5.1 18 180   M    M   1 1      26 190
 5  56  30  43  -3  22   0 1.56  0.0    0 10.5 23  10   M    M   6 1      42  20
 6  38  27  33 -13  32   0 0.00  0.0    0  7.3 13  20   M    M   2        25 360
 7  55  28  42  -4  23   0 0.00  0.0    0 10.7 24 240   M    M   0        34 240
 8  61  53  57  11   8   0 0.00  0.0    0 16.8 24 240   M    M   0        34 240
 9  64  46  55   9  10   0 0.00  0.0    0  7.8 21 240   M    M   0 18     29 240
10  46  37  42  -4  23   0 0.74  0.0    0 18.4 26  20   M    M  10 1      49  30
11  40  33  37  -9  28   0 0.00  0.0    0 11.2 24  10   M    M   9 1      40  10
12  59  28  44  -2  21   0 0.01  0.0    0  8.3 18  10   M    M   4 18     33  10
13  35  20  28 -18  37   0 0.00  0.0    0  7.0 17 330   M    M   1        31 330
14  53  15  34 -13  31   0    T    T    0 13.3 32 240   M    M   0        50 240
15  39  21  30 -17  35   0    T  0.0    0 16.8 28 310   M    M   1        45 340
16  54  22  38  -9  27   0 0.14  0.0    0  8.8 26 180   M    M   7 16     35 190
17  56  29  43  -4  22   0 0.85  0.0    0  7.8 30 190   M    M   9 1      42 180
18  40  31  36 -11  29   0 0.02  0.0    0  8.4 21 310   M    M   4 1      33 300
19  33  19  26 -21  39   0 0.00  0.0    0 13.7 20 300   M    M   4        35 310
20  24  12  18 -29  47   0 0.00  0.0    0  8.1 16 330   M    M   0        27 340
21  59  12  36 -11  29   0 0.00  0.0    0 12.2 25 180   M    M   4        33 180
22  62  41  52   5  13   0 0.59  0.0    0  7.9 22 190   M    M   8 18     30 200
23  44  31  38 -10  27   0 0.60  0.0    0 12.9 22  10   M    M   9 1      38  20
24  34  30  32 -16  33   0 0.60  2.0    0 10.9 17  30   M    M  10 1      28  30
25  36  29  33 -15  32   0 0.27  0.0    0  6.6 14 310   M    M   4 1      20 310
26  54  33  44  -4  21   0 0.97  0.0    0 11.0 26  90   M    M  10 1      38  20
27  42  34  38 -10  27   0 0.00  0.0    0  8.5 13  30   M    M   3        22  10
================================================================================
SM 1300  781       707   0  7.34     2.0 280.6          M      112
================================================================================
AV 48.1 28.9                              10.4 FASTST   M    M   4    MAX(MPH)
                                 MISC ---->  # 32 240               # 50  240
================================================================================
NOTES:
# LAST OF SEVERAL OCCURRENCES

COLUMN 17 PEAK WIND IN M.P.H.

PRELIMINARY LOCAL CLIMATOLOGICAL DATA (WS FORM: F-6) , PAGE 2

                                          STATION:  CAPE HATTERAS NC
                                          MONTH:    FEBRUARY
                                          YEAR:     2015
                                          LATITUDE:   35 13 N
                                          LONGITUDE:  75 37 W

[TEMPERATURE DATA]      [PRECIPITATION DATA]       SYMBOLS USED IN COLUMN 16

AVERAGE MONTHLY: 38.5   TOTAL FOR MONTH:   7.34    1 = FOG OR MIST
DPTR FM NORMAL:  -8.2   DPTR FM NORMAL:    3.46    2 = FOG REDUCING VISIBILITY
HIGHEST:    64 ON  9    GRTST 24HR  1.64 ON  4- 5      TO 1/4 MILE OR LESS
LOWEST:     12 ON 21,20                            3 = THUNDER
                        SNOW, ICE PELLETS, HAIL    4 = ICE PELLETS
                        TOTAL MONTH:   2.0 INCHES  5 = HAIL
                        GRTST 24HR   2.0 ON 24-24  6 = FREEZING RAIN OR DRIZZLE
                        GRTST DEPTH:   0           7 = DUSTSTORM OR SANDSTORM:
                                                       VSBY 1/2 MILE OR LESS
                                                   8 = SMOKE OR HAZE
[NO. OF DAYS WITH]      [WEATHER - DAYS WITH]      9 = BLOWING SNOW
                                                   X = TORNADO
MAX 32 OR BELOW:   1    0.01 INCH OR MORE:  13
MAX 90 OR ABOVE:   0    0.10 INCH OR MORE:  10
MIN 32 OR BELOW:  19    0.50 INCH OR MORE:   8
MIN  0 OR BELOW:   0    1.00 INCH OR MORE:   1

[HDD (BASE 65) ]
TOTAL THIS MO.   707    CLEAR  (SCALE 0-3)  12
DPTR FM NORMAL   213    PTCLDY (SCALE 4-7)   9
TOTAL FM JUL 1  2144    CLOUDY (SCALE 8-10)  6
DPTR FM NORMAL   237

[CDD (BASE 65) ]
TOTAL THIS MO.     0
DPTR FM NORMAL     0    [PRESSURE DATA]
TOTAL FM JAN 1     2    HIGHEST SLP M ON M
DPTR FM NORMAL     2    LOWEST  SLP 29.42 ON 26

[REMARKS]
