000
CXUS52 KMHX 210806
CF6HSE
PRELIMINARY LOCAL CLIMATOLOGICAL DATA (WS FORM: F-6)

                                          STATION:   CAPE HATTERAS NC
                                          MONTH:     DECEMBER
                                          YEAR:      2014
                                          LATITUDE:   35 13 N
                                          LONGITUDE:  75 37 W

  TEMPERATURE IN F:       :PCPN:    SNOW:  WIND      :SUNSHINE: SKY     :PK WND
================================================================================
1   2   3   4   5  6A  6B    7    8   9   10  11  12  13   14  15   16   17  18
                                     12Z  AVG MX 2MIN
DY MAX MIN AVG DEP HDD CDD  WTR  SNW DPTH SPD SPD DIR MIN PSBL S-S WX    SPD DR
================================================================================

 1  65  55  60   7   5   0 0.00  0.0    0  8.4 15 250   M    M   0 1      21 260
 2  60  51  56   3   9   0 0.00  0.0    0  6.9 12  30   M    M   6 12     20  10
 3  66  51  59   6   6   0 0.00  0.0    0  3.8  9 310   M    M   5 12     13 300
 4  56  52  54   2  11   0 0.00  0.0    0  9.4 15  40   M    M   3 1      27  40
 5  60  53  57   5   8   0 0.00  0.0    0  8.4 14  30   M    M   3        22  30
 6  68  54  61   9   4   0 0.49  0.0    0  4.4 15 270   M    M   4 1      24 260
 7  60  47  54   2  11   0 0.13    M    0 15.5 24  20   M    M  10 1      41  20
 8  55  51  53   2  12   0 0.47  0.0    0 13.8 23  40   M    M  10 18     36  10
 9  53  42  48  -3  17   0 0.03    M    0  9.9 17 330   M    M  10 1      30 320
10  51  44  48  -3  17   0 0.02    M    0 11.6 17 300   M    M   5 1      29 340
11  44  38  41  -9  24   0 0.00  0.0    0 11.4 18 300   M    M   0        26 300
12  49  34  42  -8  23   0 0.00  0.0    0  7.7 13 310   M    M   0        21 320
13  49  35  42  -8  23   0 0.00  0.0    0  4.2  9  20   M    M   0        13  20
14  51  34  43  -7  22   0 0.00  0.0    0  5.1 12  40   M    M   0 1      16  10
15  54  33  44  -5  21   0 0.00  0.0    0  4.6  9  20   M    M   0 1      12  20
16  64  36  50   1  15   0 0.09    M    0  7.2 16 250   M    M   2 1      22 260
17  56  47  52   3  13   0 0.00  0.0    0  6.7 12 310   M    M   1 1      20 300
18  49  33  41  -8  24   0 0.00  0.0    0  4.6 12  20   M    M   1        19  10
19  49  33  41  -7  24   0 0.00  0.0    0  4.4 10  20   M    M   2        15  40
20  44  40  42  -6  23   0 0.02    M    0  5.9 10  40   M    M   5        17  20
================================================================================
SM 1103  863       312   0  1.25     0.0 153.9          M       67
================================================================================
AV 55.2 43.2                               7.7 FASTST   M    M   3    MAX(MPH)
                                 MISC ---->  # 24  20               # 41   20
================================================================================
NOTES:
# LAST OF SEVERAL OCCURRENCES

COLUMN 17 PEAK WIND IN M.P.H.

PRELIMINARY LOCAL CLIMATOLOGICAL DATA (WS FORM: F-6) , PAGE 2

                                          STATION:  CAPE HATTERAS NC
                                          MONTH:    DECEMBER
                                          YEAR:     2014
                                          LATITUDE:   35 13 N
                                          LONGITUDE:  75 37 W

[TEMPERATURE DATA]      [PRECIPITATION DATA]       SYMBOLS USED IN COLUMN 16

AVERAGE MONTHLY: 49.2   TOTAL FOR MONTH:   1.25    1 = FOG OR MIST
DPTR FM NORMAL:  -1.4   DPTR FM NORMAL:   -1.46    2 = FOG REDUCING VISIBILITY
HIGHEST:    68 ON  6    GRTST 24HR  0.61 ON  6- 7      TO 1/4 MILE OR LESS
LOWEST:     33 ON 19,18                            3 = THUNDER
                        SNOW, ICE PELLETS, HAIL    4 = ICE PELLETS
                        TOTAL MONTH:   0.0 INCH    5 = HAIL
                        GRTST 24HR     0.0         6 = FREEZING RAIN OR DRIZZLE
                        GRTST DEPTH:   0           7 = DUSTSTORM OR SANDSTORM:
                                                       VSBY 1/2 MILE OR LESS
                                                   8 = SMOKE OR HAZE
[NO. OF DAYS WITH]      [WEATHER - DAYS WITH]      9 = BLOWING SNOW
                                                   X = TORNADO
MAX 32 OR BELOW:   0    0.01 INCH OR MORE:   7
MAX 90 OR ABOVE:   0    0.10 INCH OR MORE:   3
MIN 32 OR BELOW:   0    0.50 INCH OR MORE:   0
MIN  0 OR BELOW:   0    1.00 INCH OR MORE:   0

[HDD (BASE 65) ]
TOTAL THIS MO.   312    CLEAR  (SCALE 0-3)  11
DPTR FM NORMAL    21    PTCLDY (SCALE 4-7)   6
TOTAL FM JUL 1   713    CLOUDY (SCALE 8-10)  3
DPTR FM NORMAL   104

[CDD (BASE 65) ]
TOTAL THIS MO.     0
DPTR FM NORMAL     0    [PRESSURE DATA]
TOTAL FM JAN 1  1764    HIGHEST SLP M ON M
DPTR FM NORMAL    53    LOWEST  SLP 29.79 ON  9

[REMARKS]
