000
CXUS53 KGID 280730
CF6HSI
PRELIMINARY LOCAL CLIMATOLOGICAL DATA (WS FORM: F-6)

                                          STATION:   HASTINGS NE
                                          MONTH:     AUGUST
                                          YEAR:      2014
                                          LATITUDE:   40 35 N
                                          LONGITUDE:  98 26 W

  TEMPERATURE IN F:       :PCPN:    SNOW:  WIND      :SUNSHINE: SKY     :PK WND
================================================================================
1   2   3   4   5  6A  6B    7    8   9   10  11  12  13   14  15   16   17  18
                                     12Z  AVG MX 2MIN
DY MAX MIN AVG DEP HDD CDD  WTR  SNW DPTH SPD SPD DIR MIN PSBL S-S WX    SPD DR
================================================================================

 1  84  58  71  -6   0   6 0.00  0.0    0  7.1 15  20   M    M   0 18     19  60
 2  91  62  77   0   0  12    T  0.0    0  7.6 14 130   M    M   0        31 150
 3  90  62  76   0   0  11 0.00  0.0    0  4.7  9  80   M    M   0        13  80
 4  91  63  77   1   0  12 0.00  0.0    0  7.4 16  80   M    M   2 128    21  80
 5  92  69  81   5   0  16 0.32  0.0    0  9.8 28 280   M    M   2 138    37 280
 6  83  70  77   1   0  12 0.12  0.0    0  8.3 15 130   M    M   4 138    20 130
 7  83  68  76   0   0  11 0.00  0.0    0  6.5 14  30   M    M   6 18     16  30
 8  85  63  74  -2   0   9 0.81  0.0    0  7.2 20  40   M    M   3 138    25  40
 9  85  62  74  -2   0   9 1.06  0.0    0  8.8 51 320   M    M   2 13     71 310
10  84  64  74  -2   0   9 0.00  0.0    0  6.6 18 330   M    M   1        24 320
11  78  61  70  -5   0   5 0.00  0.0    0  8.7 18 330   M    M   0        24 340
12  80  55  68  -7   0   3 0.00  0.0    0  3.1  8 100   M    M   0        11  40
13  82  61  72  -3   0   7 0.00  0.0    0  8.3 16 130   M    M   0        20 140
14  87  62  75   0   0  10 0.30  0.0    0 13.2 22 140   M    M   1 3      28 130
15  80  68  74  -1   0   9    T  0.0    0  7.1 17 150   M    M   4 13     23 140
16  86  65  76   2   0  11 0.00  0.0    0  3.2  8 140   M    M   4 128    12 100
17  88  64  76   2   0  11 0.37  0.0    0  9.2 55 340   M    M   2 1238   83 340
18  85  60  73  -1   0   8 0.00  0.0    0  3.2 13 220   M    M   0        17 220
19  88  66  77   3   0  12 0.00  0.0    0  6.2 16 150   M    M   0 1      20 150
20  92  70  81   7   0  16    T  0.0    0 10.6 22 160   M    M   0        27 150
21  87  67  77   3   0  12 0.73  0.0    0  8.2 32 340   M    M   M 3      44 180
22  86  66  76   3   0  11 1.89  0.0    0  6.4 37 260   M    M   2 3      52 240
23  90  67  79   6   0  14 0.09  0.0    0 10.5 18 170   M    M   3 3      24 180
24  83  64  74   1   0   9 0.00  0.0    0  5.4 21 280   M    M   0        29 290
25  74  58  66  -7   0   1 0.65  0.0    0 10.1 28 280   M    M   1 13     36 290
26  80  60  70  -2   0   5 0.03  0.0    0  6.8 14 140   M    M   3 138    20 160
27  77  68  73   1   0   8 0.51  0.0    0  8.7 18 140   M    M   6 13     26 140
================================================================================
SM 2291 1723         0 259  6.88     0.0 202.9          M       46
================================================================================
AV 84.9 63.8                               7.5 FASTST   M    M   2    MAX(MPH)
                                 MISC ---->  # 55 340               # 83  340
================================================================================
NOTES:
# LAST OF SEVERAL OCCURRENCES

COLUMN 17 PEAK WIND IN M.P.H.

PRELIMINARY LOCAL CLIMATOLOGICAL DATA (WS FORM: F-6) , PAGE 2

                                          STATION:  HASTINGS NE
                                          MONTH:    AUGUST
                                          YEAR:     2014
                                          LATITUDE:   40 35 N
                                          LONGITUDE:  98 26 W

[TEMPERATURE DATA]      [PRECIPITATION DATA]       SYMBOLS USED IN COLUMN 16

AVERAGE MONTHLY: 74.3   TOTAL FOR MONTH:   6.88    1 = FOG OR MIST
DPTR FM NORMAL:  -0.4   DPTR FM NORMAL:    4.14    2 = FOG REDUCING VISIBILITY
HIGHEST:    92 ON 20, 5 GRTST 24HR  1.98 ON 22-23      TO 1/4 MILE OR LESS
LOWEST:     55 ON 12                               3 = THUNDER
                        SNOW, ICE PELLETS, HAIL    4 = ICE PELLETS
                        TOTAL MONTH:   0.0 INCH    5 = HAIL
                        GRTST 24HR     0.0         6 = FREEZING RAIN OR DRIZZLE
                        GRTST DEPTH:   0           7 = DUSTSTORM OR SANDSTORM:
                                                       VSBY 1/2 MILE OR LESS
                                                   8 = SMOKE OR HAZE
[NO. OF DAYS WITH]      [WEATHER - DAYS WITH]      9 = BLOWING SNOW
                                                   X = TORNADO
MAX 32 OR BELOW:   0    0.01 INCH OR MORE:  12
MAX 90 OR ABOVE:   6    0.10 INCH OR MORE:  10
MIN 32 OR BELOW:   0    0.50 INCH OR MORE:   6
MIN  0 OR BELOW:   0    1.00 INCH OR MORE:   2

[HDD (BASE 65) ]
TOTAL THIS MO.     0    CLEAR  (SCALE 0-3)  21
DPTR FM NORMAL     0    PTCLDY (SCALE 4-7)   5
TOTAL FM JUL 1     6    CLOUDY (SCALE 8-10)  0
DPTR FM NORMAL     5

[CDD (BASE 65) ]
TOTAL THIS MO.   259
DPTR FM NORMAL    -6    [PRESSURE DATA]
TOTAL FM JAN 1   888    HIGHEST SLP M ON M
DPTR FM NORMAL   -37    LOWEST  SLP 29.68 ON M

[REMARKS]
