000
CXUS53 KGID 270730
CF6HSI
PRELIMINARY LOCAL CLIMATOLOGICAL DATA (WS FORM: F-6)

                                          STATION:   HASTINGS NE
                                          MONTH:     JULY
                                          YEAR:      2015
                                          LATITUDE:   40 35 N
                                          LONGITUDE:  98 26 W

  TEMPERATURE IN F:       :PCPN:    SNOW:  WIND      :SUNSHINE: SKY     :PK WND
================================================================================
1   2   3   4   5  6A  6B    7    8   9   10  11  12  13   14  15   16   17  18
                                     12Z  AVG MX 2MIN
DY MAX MIN AVG DEP HDD CDD  WTR  SNW DPTH SPD SPD DIR MIN PSBL S-S WX    SPD DR
================================================================================

 1  86  66  76   0   0  11 0.00  0.0    0  8.3 22  80   M    M   0 18     30  70
 2  85  65  75  -1   0  10 0.50  0.0    0  7.3 28  40   M    M   5 13     42  30
 3  79  66  73  -3   0   8 0.00  0.0    0  6.2 12  30   M    M   6 18     14  30
 4  86  62  74  -2   0   9 0.00  0.0    0  9.7 17 150   M    M   0 1      23 150
 5  97  71  84   7   0  19 0.00  0.0    0 12.1 21 150   M    M   0        28 140
 6  84  61  73  -4   0   8 0.42  0.0    0 12.7 26 360   M    M   4 138    35  30
 7  73  54  64 -13   1   0 0.00  0.0    0  8.2 15  60   M    M   1 18     22  10
 8  73  51  62 -15   3   0    T  0.0    0  2.4  9 320   M    M   1 1      11 310
 9  78  58  68  -9   0   3 0.00  0.0    0  4.3 13 160   M    M   1 18     17 150
10  83  64  74  -3   0   9    T    M    M 11.0 18 150   M    M   5 1      24 150
11  91  64  78   1   0  13 0.08  0.0    0  7.2 23 240   M    M   4 13     35 230
12  96  72  84   7   0  19 0.00  0.0    0  4.8 10 190   M    M   0        14 180
13  92  70  81   4   0  16 0.00  0.0    0  5.5 16  30   M    M   0        21  40
14  95  66  81   4   0  16 0.00  0.0    0  5.1 15 110   M    M   0 8      19 120
15  83  69  76  -2   0  11 0.78  0.0    0  7.0 15  50   M    M   4 13     19 110
16  89  69  79   1   0  14 0.03  0.0    0  6.9 14 170   M    M   1 13     20 150
17  96  68  82   4   0  17    T  0.0    0  8.1 26  10   M    M   0 3      34  10
18  87  67  77  -1   0  12 0.00  0.0    0  8.5 15 140   M    M   0        20 140
19  87  71  79   1   0  14    T  0.0    0  6.5 14  70   M    M   0 1      18  40
20  86  63  75  -3   0  10 0.00  0.0    0  7.1 18  30   M    M   1        22  30
21  83  59  71  -7   0   6 0.00  0.0    0  5.4 14 160   M    M   0 8      17 150
22  82  65  74  -4   0   9 0.01  0.0    0  8.5 14 160   M    M   1 3      28 200
23  93  67  80   3   0  15 0.00  0.0    0  9.3 16 150   M    M   3        22 150
24  93  68  81   4   0  16 1.93  0.0    0  8.9 47 340   M    M   0 3      55 340
25  80  69  75  -2   0  10 0.26  0.0    0  8.8 18 150   M    M   0 3      27 140
26  92  70  81   4   0  16 0.00  0.0    0  5.3 24 280   M    M   4 12     33 280
================================================================================
SM 2249 1695         4 291  4.01     0.0 195.1          M       41
================================================================================
AV 86.5 65.2                               7.5 FASTST   M    M   2    MAX(MPH)
                                 MISC ---->  # 47 340               # 55  340
================================================================================
NOTES:
# LAST OF SEVERAL OCCURRENCES

COLUMN 17 PEAK WIND IN M.P.H.

PRELIMINARY LOCAL CLIMATOLOGICAL DATA (WS FORM: F-6) , PAGE 2

                                          STATION:  HASTINGS NE
                                          MONTH:    JULY
                                          YEAR:     2015
                                          LATITUDE:   40 35 N
                                          LONGITUDE:  98 26 W

[TEMPERATURE DATA]      [PRECIPITATION DATA]       SYMBOLS USED IN COLUMN 16

AVERAGE MONTHLY: 75.8   TOTAL FOR MONTH:   4.01    1 = FOG OR MIST
DPTR FM NORMAL:  -1.3   DPTR FM NORMAL:    0.80    2 = FOG REDUCING VISIBILITY
HIGHEST:    97 ON  5    GRTST 24HR  2.19 ON 24-25      TO 1/4 MILE OR LESS
LOWEST:     51 ON  8                               3 = THUNDER
                        SNOW, ICE PELLETS, HAIL    4 = ICE PELLETS
                        TOTAL MONTH:   0.0 INCH    5 = HAIL
                        GRTST 24HR     0.0         6 = FREEZING RAIN OR DRIZZLE
                        GRTST DEPTH:   0           7 = DUSTSTORM OR SANDSTORM:
                                                       VSBY 1/2 MILE OR LESS
                                                   8 = SMOKE OR HAZE
[NO. OF DAYS WITH]      [WEATHER - DAYS WITH]      9 = BLOWING SNOW
                                                   X = TORNADO
MAX 32 OR BELOW:   0    0.01 INCH OR MORE:   8
MAX 90 OR ABOVE:   9    0.10 INCH OR MORE:   5
MIN 32 OR BELOW:   0    0.50 INCH OR MORE:   3
MIN  0 OR BELOW:   0    1.00 INCH OR MORE:   1

[HDD (BASE 65) ]
TOTAL THIS MO.     4    CLEAR  (SCALE 0-3)  19
DPTR FM NORMAL     4    PTCLDY (SCALE 4-7)   7
TOTAL FM JUL 1     4    CLOUDY (SCALE 8-10)  0
DPTR FM NORMAL     4

[CDD (BASE 65) ]
TOTAL THIS MO.   291
DPTR FM NORMAL   -24    [PRESSURE DATA]
TOTAL FM JAN 1   542    HIGHEST SLP M ON M
DPTR FM NORMAL   -57    LOWEST  SLP 29.63 ON 17

[REMARKS]
