000
CXUS54 KHUN 261015
CF6HSV
PRELIMINARY LOCAL CLIMATOLOGICAL DATA (WS FORM: F-6)

                                          STATION:   HUNTSVILLE
                                          MONTH:     MAY
                                          YEAR:      2017
                                          LATITUDE:   34 39 N
                                          LONGITUDE:  86 46 W

  TEMPERATURE IN F:       :PCPN:    SNOW:  WIND      :SUNSHINE: SKY     :PK WND
================================================================================
1   2   3   4   5  6A  6B    7    8   9   10  11  12  13   14  15   16   17  18
                                     12Z  AVG MX 2MIN
DY MAX MIN AVG DEP HDD CDD  WTR  SNW DPTH SPD SPD DIR MIN PSBL S-S WX    SPD DR
================================================================================

 1  75  55  65  -1   0   0 0.31  0.0    0 14.3 31 230   M    M   4 1      44 230
 2  80  48  64  -2   1   0 0.00  0.0    0  3.9 13 300   M    M   0 8      16 230
 3  85  53  69   2   0   4 0.07  0.0    0  6.8 18 200   M    M   5 1      24 180
 4  67  52  60  -7   5   0 0.67  0.0    0 10.7 24 120   M    M  10 13     33 120
 5  53  47  50 -17  15   0 0.36  0.0    0  8.5 16 340   M    M   8 1      23 330
 6  75  43  59  -9   6   0    T  0.0    0  8.8 26 260   M    M   4        33 250
 7  72  47  60  -8   5   0 0.00  0.0    0  4.7 12 300   M    M   1        14 320
 8  80  49  65  -3   0   0 0.00  0.0    0  2.4  9 250   M    M   1        12 220
 9  85  56  71   3   0   6 0.00  0.0    0  4.7 14 230   M    M   1        20 270
10  87  60  74   5   0   9 0.00  0.0    0  4.8 13 260   M    M   2        16 230
11  85  65  75   6   0  10    T  0.0    0  6.8 15 250   M    M   6        20 240
12  77  66  72   3   0   7    T  0.0    0  5.2 14  30   M    M   8        17  20
13  80  61  71   1   0   6 0.05  0.0    0 10.6 18  10   M    M   6 3      23  30
14  86  50  68  -2   0   3 0.00  0.0    0  2.8 12 120   M    M   1        17 140
15  88  59  74   4   0   9 0.00  0.0    0  3.4 12 150   M    M   1        15 110
16  90  59  75   5   0  10 0.00  0.0    0  5.8 16 180   M    M   2 1      20 240
17  90  67  79   8   0  14 0.00  0.0    0 11.0 22 170   M    M   4        28 180
18  86  71  79   8   0  14    T  0.0    0  6.5 22 180   M    M   5 3      26 170
19  91  71  81  10   0  16 0.00  0.0    0  7.1 15 210   M    M   5 38     22 220
20  92  68  80   9   0  15 1.30  0.0    0  8.8 37 260   M    M   6 13     50 260
21  80  66  73   1   0   8 0.12  0.0    0  4.4 16 230   M    M   7 13     21 240
22  79  66  73   1   0   8 0.10  0.0    0  5.8 16  30   M    M   7 1      24  70
23  78  66  72   0   0   7 0.22  0.0    0  4.6 13 190   M    M   8 13     16 190
24  69  55  62 -10   3   0 0.97  0.0    0  7.4 24 210   M    M   9 13     32 220
25  75  54  65  -8   0   0 0.00  0.0    0  7.9 18 260   M    M   5        28 270
================================================================================
SM 2005 1454        35 146  4.17     0.0 167.7          M      116
================================================================================
AV 80.2 58.2                               6.7 FASTST   M    M   5    MAX(MPH)
                                 MISC ---->  # 37 260               # 50  260
================================================================================
NOTES:
# LAST OF SEVERAL OCCURRENCES

COLUMN 17 PEAK WIND IN M.P.H.

PRELIMINARY LOCAL CLIMATOLOGICAL DATA (WS FORM: F-6) , PAGE 2

                                          STATION:  HUNTSVILLE
                                          MONTH:    MAY
                                          YEAR:     2017
                                          LATITUDE:   34 39 N
                                          LONGITUDE:  86 46 W

[TEMPERATURE DATA]      [PRECIPITATION DATA]       SYMBOLS USED IN COLUMN 16

AVERAGE MONTHLY: 69.2   TOTAL FOR MONTH:   4.17    1 = FOG OR MIST
DPTR FM NORMAL:  -0.3   DPTR FM NORMAL:   -0.03    2 = FOG REDUCING VISIBILITY
HIGHEST:    92 ON 20    GRTST 24HR  1.30 ON 20-20      TO 1/4 MILE OR LESS
LOWEST:     43 ON  6                               3 = THUNDER
                        SNOW, ICE PELLETS, HAIL    4 = ICE PELLETS
                        TOTAL MONTH:   0.0 INCH    5 = HAIL
                        GRTST 24HR     0.0         6 = FREEZING RAIN OR DRIZZLE
                        GRTST DEPTH:   0           7 = DUSTSTORM OR SANDSTORM:
                                                       VSBY 1/2 MILE OR LESS
                                                   8 = SMOKE OR HAZE
[NO. OF DAYS WITH]      [WEATHER - DAYS WITH]      9 = BLOWING SNOW
                                                   X = TORNADO
MAX 32 OR BELOW:   0    0.01 INCH OR MORE:  10
MAX 90 OR ABOVE:   4    0.10 INCH OR MORE:   8
MIN 32 OR BELOW:   0    0.50 INCH OR MORE:   3
MIN  0 OR BELOW:   0    1.00 INCH OR MORE:   1

[HDD (BASE 65) ]
TOTAL THIS MO.    35    CLEAR  (SCALE 0-3)   8
DPTR FM NORMAL    10    PTCLDY (SCALE 4-7)  13
TOTAL FM JUL 1  1967    CLOUDY (SCALE 8-10)  4
DPTR FM NORMAL -1032

[CDD (BASE 65) ]
TOTAL THIS MO.   146
DPTR FM NORMAL     8    [PRESSURE DATA]
TOTAL FM JAN 1   329    HIGHEST SLP M ON M
DPTR FM NORMAL   119    LOWEST  SLP 29.45 ON 24

[REMARKS]
