000
CXUS51 KRLX 261400
CF6HTS
PRELIMINARY LOCAL CLIMATOLOGICAL DATA (WS FORM: F-6)

                                          STATION:   HUNTINGTON WV
                                          MONTH:     MARCH
                                          YEAR:      2015
                                          LATITUDE:   38 22 N
                                          LONGITUDE:  82 33 W

  TEMPERATURE IN F:       :PCPN:    SNOW:  WIND      :SUNSHINE: SKY     :PK WND
================================================================================
1   2   3   4   5  6A  6B    7    8   9   10  11  12  13   14  15   16   17  18
                                     12Z  AVG MX 2MIN
DY MAX MIN AVG DEP HDD CDD  WTR  SNW DPTH SPD SPD DIR MIN PSBL S-S WX    SPD DR
================================================================================

 1  40  29  35  -6  30   0 0.40  0.0    0  3.0  9 330   M    M  10 126    14 290
 2  39  28  34  -7  31   0 0.01  0.0    0  5.7 14 310   M    M   4 1      22 320
 3  62  28  45   3  20   0 0.13    M    0  6.9 18 200   M    M   7 1      27 190
 4  53  30  42   0  23   0 1.95    M    0  5.5 13 330   M    M  10 1      17 340
 5  30   8  19 -23  46   0 0.73 12.8    8  6.7 15  30   M    M   9 128    22  20
 6  26   0  13 -29  52   0    T  0.0   11  1.0  6 220   M    M   4 128    10 250
 7  50  13  32 -11  33   0 0.00  0.0    8  8.7 18 220   M    M   1 1      29 220
 8  55  37  46   3  19   0 0.00  0.0    T  4.5 14 240   M    M   0        20 250
 9  61  37  49   5  16   0 0.00  0.0    T  4.3 12 220   M    M   0 8      15 180
10  58  42  50   6  15   0 1.33  0.0    0  4.3 10 350   M    M   9 12     13 360
11  66  49  58  14   7   0 0.00  0.0    0  4.2 10  40   M    M   5 18     14 290
12  63  38  51   7  14   0 0.00  0.0    0  8.2 17  80   M    M   0 18     25  70
13  58  47  53   8  12   0 0.94  0.0    0  5.4 16 180   M    M   8 1      26 170
14  59  47  53   8  12   0 0.41  0.0    0  6.1 12 260   M    M   8 1      17 310
15  65  36  51   5  14   0 0.00  0.0    0  5.3 14 320   M    M   0 18     19 330
16  76  44  60  14   5   0 0.00  0.0    0  7.8 17 230   M    M   0        23 240
17  63  38  51   5  14   0 0.00  0.0    0  9.1 22 340   M    M   2        28 320
18  49  30  40  -7  25   0 0.00  0.0    0  5.3 13 340   M    M   0        16 330
19  50  40  45  -2  20   0 0.25  0.0    0  6.8 14  80   M    M   9 1      18  60
20  48  41  45  -2  20   0 0.14  0.0    0  3.7 12 250   M    M  10 1      15 250
21  63  43  53   5  12   0 0.00  0.0    0  6.1 13 230   M    M   6 1      20 210
22  57  39  48   0  17   0 0.00  0.0    0  6.7 13  40   M    M   0        18  30
23  55  31  43  -5  22   0 0.00  0.0    0  8.0 14  60   M    M   3        20  70
24  55  32  44  -5  21   0    T  0.0    0  6.7  9  40   M    M   6         M  M
25  75  44  60  11   5   0    T  0.0    0  7.4 23 210   M    M   5 8      35 210
================================================================================
SM 1376  851       505   0  6.29    12.8 147.4          M      116
================================================================================
AV 55.0 34.0                               5.9 FASTST   M    M   5    MAX(MPH)
                                 MISC ---->  # 23 210               # 35  210
================================================================================
NOTES:
# LAST OF SEVERAL OCCURRENCES

COLUMN 17 PEAK WIND IN M.P.H.

PRELIMINARY LOCAL CLIMATOLOGICAL DATA (WS FORM: F-6) , PAGE 2

                                          STATION:  HUNTINGTON WV
                                          MONTH:    MARCH
                                          YEAR:     2015
                                          LATITUDE:   38 22 N
                                          LONGITUDE:  82 33 W

[TEMPERATURE DATA]      [PRECIPITATION DATA]       SYMBOLS USED IN COLUMN 16

AVERAGE MONTHLY: 44.5   TOTAL FOR MONTH:   6.29    1 = FOG OR MIST
DPTR FM NORMAL:  -0.4   DPTR FM NORMAL:    3.13    2 = FOG REDUCING VISIBILITY
HIGHEST:    76 ON 16    GRTST 24HR  1.95 ON  4- 4      TO 1/4 MILE OR LESS
LOWEST:      0 ON  6                               3 = THUNDER
                        SNOW, ICE PELLETS, HAIL    4 = ICE PELLETS
                        TOTAL MONTH:  12.8 INCHES  5 = HAIL
                        GRTST 24HR  12.8 ON   M    6 = FREEZING RAIN OR DRIZZLE
                        GRTST DEPTH:  11 ON  6     7 = DUSTSTORM OR SANDSTORM:
                                                       VSBY 1/2 MILE OR LESS
                                                   8 = SMOKE OR HAZE
[NO. OF DAYS WITH]      [WEATHER - DAYS WITH]      9 = BLOWING SNOW
                                                   X = TORNADO
MAX 32 OR BELOW:   2    0.01 INCH OR MORE:  10
MAX 90 OR ABOVE:   0    0.10 INCH OR MORE:   9
MIN 32 OR BELOW:  10    0.50 INCH OR MORE:   4
MIN  0 OR BELOW:   1    1.00 INCH OR MORE:   2

[HDD (BASE 65) ]
TOTAL THIS MO.   505    CLEAR  (SCALE 0-3)  10
DPTR FM NORMAL    -2    PTCLDY (SCALE 4-7)   9
TOTAL FM JUL 1  4521    CLOUDY (SCALE 8-10)  6
DPTR FM NORMAL   513

[CDD (BASE 65) ]
TOTAL THIS MO.     0
DPTR FM NORMAL     0    [PRESSURE DATA]
TOTAL FM JAN 1     0    HIGHEST SLP M ON M
DPTR FM NORMAL     0    LOWEST  SLP 29.79 ON  4

[REMARKS]
