000
CXUS51 KRLX 221230
CF6HTS
PRELIMINARY LOCAL CLIMATOLOGICAL DATA (WS FORM: F-6)

                                          STATION:   HUNTINGTON WV
                                          MONTH:     JANUARY
                                          YEAR:      2017
                                          LATITUDE:   38 22 N
                                          LONGITUDE:  82 33 W

  TEMPERATURE IN F:       :PCPN:    SNOW:  WIND      :SUNSHINE: SKY     :PK WND
================================================================================
1   2   3   4   5  6A  6B    7    8   9   10  11  12  13   14  15   16   17  18
                                     12Z  AVG MX 2MIN
DY MAX MIN AVG DEP HDD CDD  WTR  SNW DPTH SPD SPD DIR MIN PSBL S-S WX    SPD DR
================================================================================

 1  50  42  46  12  19   0 0.01  0.0    0  4.1 13  80   M    M   9        16  60
 2  62  45  54  20  11   0 0.05  0.0    0  2.3  8  80   M    M   8 1      10  80
 3  60  53  57  23   8   0 0.61  0.0    0  6.6 16 260   M    M  10 1      23 290
 4  54  26  40   6  25   0 0.02  0.0    0  9.9 20 250   M    M   2 1      29 250
 5  28  24  26  -8  39   0 0.13  1.6    0  3.9 12 330   M    M   8 1      17 250
 6  24  14  19 -15  46   0    T  0.7    2  6.5 12  20   M    M   8 8      15  10
 7  20  10  15 -19  50   0    T  0.0    1  6.9 12 260   M    M   3        19 270
 8  23  10  17 -17  48   0    T    T    1  5.4 13 240   M    M   6        17 230
 9  36   8  22 -12  43   0 0.00  0.0    1  4.0 13 210   M    M   4        16 190
10  56  31  44  10  21   0 0.05  0.0    0 12.0 25 220   M    M   9        39 180
11  63  42  53  19  12   0 0.24  0.0    0  8.1 21 200   M    M   5 1      28 220
12  69  49  59  25   6   0 0.45  0.0    0 12.2 23 200   M    M   9 1      37 220
13  49  37  43   9  22   0 0.09  0.0    0  6.7 14 330   M    M  10 1      20 350
14  41  36  39   5  26   0 0.55  0.0    0  2.5  8  80   M    M  10 12     10  50
15  40  36  38   4  27   0 0.13  0.0    0  3.1  9  40   M    M  10 1      11  50
16  54  39  47  13  18   0 0.04  0.0    0  2.3  8  30   M    M   9 128     9  40
17  67  49  58  24   7   0 0.55  0.0    0  9.2 16 270   M    M   9 1      26 210
18  52  42  47  13  18   0 0.04  0.0    0  5.0 15 270   M    M  10 1      22 280
19  52  37  45  11  20   0    T  0.0    0  3.5  9 110   M    M   3 1      11 120
20  67  46  57  23   8   0 0.23  0.0    0  5.6 14 230   M    M   7 1      21 240
21  64  45  55  21  10   0 0.01  0.0    0  3.8 12 200   M    M   4        15 200
================================================================================
SM 1031  721       484   0  3.20     2.3 123.6          M      153
================================================================================
AV 49.1 34.3                               5.9 FASTST   M    M   7    MAX(MPH)
                                 MISC ---->  # 25 220               # 39  180
================================================================================
NOTES:
# LAST OF SEVERAL OCCURRENCES

COLUMN 17 PEAK WIND IN M.P.H.

PRELIMINARY LOCAL CLIMATOLOGICAL DATA (WS FORM: F-6) , PAGE 2

                                          STATION:  HUNTINGTON WV
                                          MONTH:    JANUARY
                                          YEAR:     2017
                                          LATITUDE:   38 22 N
                                          LONGITUDE:  82 33 W

[TEMPERATURE DATA]      [PRECIPITATION DATA]       SYMBOLS USED IN COLUMN 16

AVERAGE MONTHLY: 41.7   TOTAL FOR MONTH:   3.20    1 = FOG OR MIST
DPTR FM NORMAL:   7.7   DPTR FM NORMAL:    1.20    2 = FOG REDUCING VISIBILITY
HIGHEST:    69 ON 12    GRTST 24HR  0.61 ON  3- 3      TO 1/4 MILE OR LESS
LOWEST:      8 ON  9                               3 = THUNDER
                        SNOW, ICE PELLETS, HAIL    4 = ICE PELLETS
                        TOTAL MONTH:   2.3 INCHES  5 = HAIL
                        GRTST 24HR   1.6 ON   M    6 = FREEZING RAIN OR DRIZZLE
                        GRTST DEPTH:   2 ON  6     7 = DUSTSTORM OR SANDSTORM:
                                                       VSBY 1/2 MILE OR LESS
                                                   8 = SMOKE OR HAZE
[NO. OF DAYS WITH]      [WEATHER - DAYS WITH]      9 = BLOWING SNOW
                                                   X = TORNADO
MAX 32 OR BELOW:   4    0.01 INCH OR MORE:  16
MAX 90 OR ABOVE:   0    0.10 INCH OR MORE:   8
MIN 32 OR BELOW:   7    0.50 INCH OR MORE:   3
MIN  0 OR BELOW:   0    1.00 INCH OR MORE:   0

[HDD (BASE 65) ]
TOTAL THIS MO.   484    CLEAR  (SCALE 0-3)   2
DPTR FM NORMAL  -173    PTCLDY (SCALE 4-7)   9
TOTAL FM JUL 1  1891    CLOUDY (SCALE 8-10) 10
DPTR FM NORMAL  -521

[CDD (BASE 65) ]
TOTAL THIS MO.     0
DPTR FM NORMAL     0    [PRESSURE DATA]
TOTAL FM JAN 1     0    HIGHEST SLP M ON M
DPTR FM NORMAL     0    LOWEST  SLP 29.59 ON  3

[REMARKS]
