000
CXUS51 KCAR 240600
CF6HUL
PRELIMINARY LOCAL CLIMATOLOGICAL DATA (WS FORM: F-6)

                                          STATION:   HOULTON ME
                                          MONTH:     OCTOBER
                                          YEAR:      2014
                                          LATITUDE:   46  7 N
                                          LONGITUDE:  67 48 W

  TEMPERATURE IN F:       :PCPN:    SNOW:  WIND      :SUNSHINE: SKY     :PK WND
================================================================================
1   2   3   4   5  6A  6B    7    8   9   10  11  12  13   14  15   16   17  18
                                     12Z  AVG MX 2MIN
DY MAX MIN AVG DEP HDD CDD  WTR  SNW DPTH SPD SPD DIR MIN PSBL S-S WX    SPD DR
================================================================================

 1  57  37  47  -2  18   0 0.00    M    M  5.0 10  10   M    M   9 1      16  30
 2  65  32  49   1  16   0 0.00    M    M  4.6 14  30   M    M   4 12     18  60
 3  68  35  52   4  13   0 0.00    M    M  4.2 13 100   M    M   3        19 120
 4  62  47  55   7  10   0 0.06    M    M  5.9 14 130   M    M   9 1      22 140
 5  63  33  48   1  17   0 0.50    M    M  5.2 17 310   M    M   7 1      25 310
 6  61  29  45  -2  20   0 0.00    M    M  3.9 17 240   M    M   1 1      21 240
 7  66  43  55   9  10   0 0.02    M    M  9.3 20 170   M    M   6        30 170
 8  63  50  57  11   8   0 1.10    M    M  8.0 18 220   M    M   9 1      26 220
 9  57  40  49   3  16   0 0.01    M    M  8.5 21 220   M    M   3        27 270
10  58  35  47   2  18   0 0.00    M    M  7.7 20 260   M    M   3        26 260
11  52  30  41  -4  24   0 0.00    M    M  2.5  9 230   M    M   4        11 210
12  56  26  41  -4  24   0 0.00    M    M  3.5 14 340   M    M   1 1      19 340
13  64  27  46   2  19   0 0.00    M    M  5.3 14 220   M    M   0        20 200
14  70  40  55  11  10   0 0.00    M    M  7.1 14 210   M    M   3 12     19 230
15  75  61  68  24   0   3 0.00    M    M  8.0 17 220   M    M   6        23 220
16  65  54  60  17   5   0 0.16    M    M  7.7 15 110   M    M  10 1      23 100
17  66  51  59  16   6   0 2.13    M    M  8.3 25 220   M    M   8 1      33 230
18  64  51  58  15   7   0 0.03    M    M  6.5 14 180   M    M   7 1      20 180
19  54  40  47   5  18   0    T    M    M  8.6 14 290   M    M  10        22 310
20  46  27  37  -5  28   0    T    M    M  7.7 18 280   M    M   6        25 270
21  47  24  36  -6  29   0    T    M    M  2.1  8  30   M    M   7         9  30
22  54  38  46   5  19   0    T    M    M 11.8 20  50   M    M   7 1      30  40
23  49  43  46   5  19   0 0.54    M    M 13.2 21  50   M    M  10 1      27  40
================================================================================
SM 1382  893       354   3  4.55    M    154.6          M      133
================================================================================
AV 60.1 38.8                               6.7 FASTST   M    M   6    MAX(MPH)
                                 MISC ---->  # 25 220               # 33  230
================================================================================
NOTES:
# LAST OF SEVERAL OCCURRENCES

COLUMN 17 PEAK WIND IN M.P.H.

PRELIMINARY LOCAL CLIMATOLOGICAL DATA (WS FORM: F-6) , PAGE 2

                                          STATION:  HOULTON ME
                                          MONTH:    OCTOBER
                                          YEAR:     2014
                                          LATITUDE:   46  7 N
                                          LONGITUDE:  67 48 W

[TEMPERATURE DATA]      [PRECIPITATION DATA]       SYMBOLS USED IN COLUMN 16

AVERAGE MONTHLY: 49.5   TOTAL FOR MONTH:   4.55    1 = FOG OR MIST
DPTR FM NORMAL:   4.7   DPTR FM NORMAL:    1.86    2 = FOG REDUCING VISIBILITY
HIGHEST:    75 ON 15    GRTST 24HR  2.18 ON 16-17      TO 1/4 MILE OR LESS
LOWEST:     24 ON 21                               3 = THUNDER
                        SNOW, ICE PELLETS, HAIL    4 = ICE PELLETS
                        TOTAL MONTH:    M          5 = HAIL
                        GRTST 24HR    M  ON   M    6 = FREEZING RAIN OR DRIZZLE
                        GRTST DEPTH:  M  ON   M    7 = DUSTSTORM OR SANDSTORM:
                                                       VSBY 1/2 MILE OR LESS
                                                   8 = SMOKE OR HAZE
[NO. OF DAYS WITH]      [WEATHER - DAYS WITH]      9 = BLOWING SNOW
                                                   X = TORNADO
MAX 32 OR BELOW:   0    0.01 INCH OR MORE:   9
MAX 90 OR ABOVE:   0    0.10 INCH OR MORE:   5
MIN 32 OR BELOW:   7    0.50 INCH OR MORE:   4
MIN  0 OR BELOW:   0    1.00 INCH OR MORE:   2

[HDD (BASE 65) ]
TOTAL THIS MO.   354    CLEAR  (SCALE 0-3)   5
DPTR FM NORMAL  -112    PTCLDY (SCALE 4-7)  12
TOTAL FM JUL 1   730    CLOUDY (SCALE 8-10)  6
DPTR FM NORMAL  -204

[CDD (BASE 65) ]
TOTAL THIS MO.     3
DPTR FM NORMAL     3    [PRESSURE DATA]
TOTAL FM JAN 1   233    HIGHEST SLP M ON M
DPTR FM NORMAL    42    LOWEST  SLP 29.40 ON M

[REMARKS]
