000
CXUS56 KTFX 281205
CF6HVR
PRELIMINARY LOCAL CLIMATOLOGICAL DATA (WS FORM: F-6)

                                          STATION:   HAVRE MT
                                          MONTH:     JUNE
                                          YEAR:      2017
                                          LATITUDE:   48 32 N
                                          LONGITUDE: 109 46 W

  TEMPERATURE IN F:       :PCPN:    SNOW:  WIND      :SUNSHINE: SKY     :PK WND
================================================================================
1   2   3   4   5  6A  6B    7    8   9   10  11  12  13   14  15   16   17  18
                                     12Z  AVG MX 2MIN
DY MAX MIN AVG DEP HDD CDD  WTR  SNW DPTH SPD SPD DIR MIN PSBL S-S WX    SPD DR
================================================================================

 1  89  56  73  14   0   8 0.02  0.0    0  7.4 43 260   M    M   0 13     54 250
 2  79  52  66   7   0   1 0.00  0.0    0 18.2 32 250   M    M   1        40 250
 3  88  40  64   5   1   0 0.00  0.0    0  7.1 18 240   M    M   0        23 230
 4  96  49  73  13   0   8 0.09  0.0    0  7.5 36 210   M    M   1 3      44 210
 5  70  44  57  -3   8   0 0.07  0.0    0 14.8 32 310   M    M   6        41 290
 6  77  39  58  -2   7   0 0.00  0.0    0  7.6 16 100   M    M   0        23  80
 7  86  50  68   8   0   3 0.00  0.0    0 13.7 21 120   M    M   0        27 130
 8  94  59  77  17   0  12 0.04  0.0    0 17.4 37 280   M    M   1 3      48 280
 9  79  53  66   5   0   1 0.00  0.0    0 13.6 30 250   M    M   0        37 250
10  73  45  59  -2   6   0 0.00  0.0    0 15.9 29 260   M    M   3        41 260
11  76  41  59  -2   6   0 0.00  0.0    0 10.9 23 250   M    M   1        31 270
12  84  48  66   5   0   1 0.00  0.0    0 15.3 29  90   M    M   1 3      37  80
13  76  55  66   4   0   1 0.18  0.0    0 11.6 28 250   M    M   6 13     35 250
14  69  47  58  -4   7   0 0.13  0.0    0 15.4 26 240   M    M   7 1      34 240
15  76  44  60  -2   5   0 0.00  0.0    0 12.0 22 280   M    M   4        29 250
16  78  53  66   4   0   1 0.01  0.0    0 14.6 27 260   M    M   6        40 320
17  74  47  61  -1   4   0    T  0.0    0 11.8 24 290   M    M   7        30 290
18  79  46  63   0   2   0 0.00  0.0    0 11.5 23 280   M    M   4        32 260
19  81  49  65   2   0   0 0.00  0.0    0 10.9 20 290   M    M   0        34 300
20  90  58  74  11   0   9 0.00  0.0    0 13.2 23 280   M    M   3        30 280
21  82  52  67   4   0   2 0.00  0.0    0  8.4 38 320   M    M   3        47 320
22  66  37  52 -12  13   0    T  0.0    0 13.0 35 310   M    M   4        46 330
23  74  37  56  -8   9   0 0.00  0.0    0 10.1 22 310   M    M   4        30 290
24  76  39  58  -6   7   0 0.00  0.0    0  6.5 25 340   M    M   2        31 340
25  82  39  61  -3   4   0 0.00  0.0    0  3.8 13  40   M    M   0        16  40
26  98  51  75  10   0  10    T  0.0    0  8.7 29 220   M    M   0 3      38 240
27  82  56  69   4   0   4 0.00  0.0    0 12.0 24 290   M    M   2        30 300
================================================================================
SM 2174 1286        79  61  0.54     0.0 312.9          M       66
================================================================================
AV 80.5 47.6                              11.6 FASTST   M    M   2    MAX(MPH)
                                 MISC ---->  # 43 260               # 54  250
================================================================================
NOTES:
# LAST OF SEVERAL OCCURRENCES

COLUMN 17 PEAK WIND IN M.P.H.

PRELIMINARY LOCAL CLIMATOLOGICAL DATA (WS FORM: F-6) , PAGE 2

                                          STATION:  HAVRE MT
                                          MONTH:    JUNE
                                          YEAR:     2017
                                          LATITUDE:   48 32 N
                                          LONGITUDE: 109 46 W

[TEMPERATURE DATA]      [PRECIPITATION DATA]       SYMBOLS USED IN COLUMN 16

AVERAGE MONTHLY: 64.1   TOTAL FOR MONTH:   0.54    1 = FOG OR MIST
DPTR FM NORMAL:   2.3   DPTR FM NORMAL:   -1.44    2 = FOG REDUCING VISIBILITY
HIGHEST:    98 ON 26    GRTST 24HR  0.18 ON 13-13      TO 1/4 MILE OR LESS
LOWEST:     37 ON 23,22                            3 = THUNDER
                        SNOW, ICE PELLETS, HAIL    4 = ICE PELLETS
                        TOTAL MONTH:   0.0 INCH    5 = HAIL
                        GRTST 24HR     0.0         6 = FREEZING RAIN OR DRIZZLE
                        GRTST DEPTH:   0           7 = DUSTSTORM OR SANDSTORM:
                                                       VSBY 1/2 MILE OR LESS
                                                   8 = SMOKE OR HAZE
[NO. OF DAYS WITH]      [WEATHER - DAYS WITH]      9 = BLOWING SNOW
                                                   X = TORNADO
MAX 32 OR BELOW:   0    0.01 INCH OR MORE:   7
MAX 90 OR ABOVE:   4    0.10 INCH OR MORE:   2
MIN 32 OR BELOW:   0    0.50 INCH OR MORE:   0
MIN  0 OR BELOW:   0    1.00 INCH OR MORE:   0

[HDD (BASE 65) ]
TOTAL THIS MO.    79    CLEAR  (SCALE 0-3)  17
DPTR FM NORMAL   -48    PTCLDY (SCALE 4-7)  10
TOTAL FM JUL 1  7856    CLOUDY (SCALE 8-10)  0
DPTR FM NORMAL  -359

[CDD (BASE 65) ]
TOTAL THIS MO.    61
DPTR FM NORMAL    21    [PRESSURE DATA]
TOTAL FM JAN 1    72    HIGHEST SLP M ON M
DPTR FM NORMAL    21    LOWEST  SLP 29.47 ON 12

[REMARKS]
