000
CXUS54 KHGX 271515
CF6IAH
PRELIMINARY LOCAL CLIMATOLOGICAL DATA (WS FORM: F-6)

                                          STATION:   HOUSTON INTERCONTINENTAL
                                          MONTH:     MARCH
                                          YEAR:      2017
                                          LATITUDE:   29 58 N
                                          LONGITUDE:  95 21 W

  TEMPERATURE IN F:       :PCPN:    SNOW:  WIND      :SUNSHINE: SKY     :PK WND
================================================================================
1   2   3   4   5  6A  6B    7    8   9   10  11  12  13   14  15   16   17  18
                                     12Z  AVG MX 2MIN
DY MAX MIN AVG DEP HDD CDD  WTR  SNW DPTH SPD SPD DIR MIN PSBL S-S WX    SPD DR
================================================================================

 1  84  58  71  12   0   6    T  0.0    0 11.5 24 340   M    M   8 18     32 340
 2  69  49  59  -1   6   0 0.00  0.0    0  9.8 24  50   M    M   5        28  50
 3  71  44  58  -2   7   0 0.00  0.0    0  9.4 23  80   M    M   5        28  80
 4  66  53  60   0   5   0 0.05  0.0    0  8.9 21 110   M    M   9        26 110
 5  69  58  64   4   1   0 0.99  0.0    0 12.2 24 150   M    M   9 1      32 140
 6  79  69  74  14   0   9 0.24  0.0    0 13.1 23 170   M    M  10 18     31 150
 7  81  61  71  10   0   6 0.02  0.0    0  9.2 21  20   M    M   9 1      26  10
 8  73  59  66   5   0   1    T  0.0    0  9.4 17 140   M    M   8 1      22  60
 9  78  65  72  11   0   7 0.00  0.0    0  9.1 17 150   M    M  10 1      21 150
10  78  66  72  11   0   7    T  0.0    0  5.6 14 150   M    M  10 13     16 150
11  71  63  67   5   0   2 1.33  0.0    0  7.6 18 110   M    M  10 1      26 100
12  64  48  56  -6   9   0 0.04  0.0    0 11.5 26  40   M    M   9 1      31  40
13  69  50  60  -2   5   0 0.00  0.0    0  7.0 17 340   M    M   6        23 340
14  69  43  56  -6   9   0 0.00  0.0    0  4.9 10  30   M    M   1        14  30
15  68  46  57  -6   8   0 0.00  0.0    0  8.3 17 130   M    M   2        23 150
16  73  52  63   0   2   0    T  0.0    0 11.6 22 160   M    M   8        25 170
17  80  61  71   8   0   6 0.00  0.0    0 11.4 22 140   M    M   6        27 140
18  84  59  72   9   0   7 0.00  0.0    0  5.5 16 150   M    M   6 128    21 130
19  85  61  73  10   0   8 0.00  0.0    0  6.3 16 160   M    M   4 1      23 160
20  86  67  77  13   0  12 0.00  0.0    0  7.4 14 230   M    M   3        19 210
21  86  61  74  10   0   9 0.00  0.0    0  7.2 15 170   M    M   1 1      20 170
22  85  58  72   8   0   7 0.00  0.0    0  6.6 17 160   M    M   3 1      22 160
23  86  62  74  10   0   9 0.00  0.0    0 11.9 26 150   M    M   4 1      32 150
24  81  65  73   9   0   8 1.26  0.0    0 16.9 30 160   M    M   8 1358   50 260
25  81  60  71   6   0   6 0.02  0.0    0  6.0 15 340   M    M   4 138    21 230
26  86  61  74   9   0   9 0.00  0.0    0 10.3 25 140   M    M   6 1      31 160
================================================================================
SM 2002 1499        52 119  3.95     0.0 238.6          M      164
================================================================================
AV 77.0 57.7                               9.2 FASTST   M    M   6    MAX(MPH)
                                 MISC ---->  # 30 160               # 50  260
================================================================================
NOTES:
# LAST OF SEVERAL OCCURRENCES

COLUMN 17 PEAK WIND IN M.P.H.

PRELIMINARY LOCAL CLIMATOLOGICAL DATA (WS FORM: F-6) , PAGE 2

                                          STATION:  HOUSTON INTERCONTINENTAL
                                          MONTH:    MARCH
                                          YEAR:     2017
                                          LATITUDE:   29 58 N
                                          LONGITUDE:  95 21 W

[TEMPERATURE DATA]      [PRECIPITATION DATA]       SYMBOLS USED IN COLUMN 16

AVERAGE MONTHLY: 67.3   TOTAL FOR MONTH:   3.95    1 = FOG OR MIST
DPTR FM NORMAL:   5.2   DPTR FM NORMAL:    1.07    2 = FOG REDUCING VISIBILITY
HIGHEST:    86 ON 26,23 GRTST 24HR  1.33 ON 11-11      TO 1/4 MILE OR LESS
LOWEST:     43 ON 14                               3 = THUNDER
                        SNOW, ICE PELLETS, HAIL    4 = ICE PELLETS
                        TOTAL MONTH:   0.0 INCH    5 = HAIL
                        GRTST 24HR     0.0         6 = FREEZING RAIN OR DRIZZLE
                        GRTST DEPTH:   0           7 = DUSTSTORM OR SANDSTORM:
                                                       VSBY 1/2 MILE OR LESS
                                                   8 = SMOKE OR HAZE
[NO. OF DAYS WITH]      [WEATHER - DAYS WITH]      9 = BLOWING SNOW
                                                   X = TORNADO
MAX 32 OR BELOW:   0    0.01 INCH OR MORE:   8
MAX 90 OR ABOVE:   0    0.10 INCH OR MORE:   4
MIN 32 OR BELOW:   0    0.50 INCH OR MORE:   3
MIN  0 OR BELOW:   0    1.00 INCH OR MORE:   2

[HDD (BASE 65) ]
TOTAL THIS MO.    52    CLEAR  (SCALE 0-3)   4
DPTR FM NORMAL   -76    PTCLDY (SCALE 4-7)  10
TOTAL FM JUL 1   652    CLOUDY (SCALE 8-10) 12
DPTR FM NORMAL  -664

[CDD (BASE 65) ]
TOTAL THIS MO.   119
DPTR FM NORMAL    64    [PRESSURE DATA]
TOTAL FM JAN 1   298    HIGHEST SLP M ON M
DPTR FM NORMAL   205    LOWEST  SLP 29.83 ON 26

[REMARKS]
