000
CXUS55 KPIH 011200
CF6IDA

PRELIMINARY LOCAL CLIMATOLOGICAL DATA (WS FORM: F-6)

                                          STATION:   IDAHO FALLS ID
                                          MONTH:     SEPTEMBER
                                          YEAR:      2016
                                          LATITUDE:   43 31 N
                                          LONGITUDE: 112  4 W

  TEMPERATURE IN F:       :PCPN:    SNOW:  WIND      :SUNSHINE: SKY     :PK WND
================================================================================
1   2   3   4   5  6A  6B    7    8   9   10  11  12  13   14  15   16   17  18
                                     12Z  AVG MX 2MIN
DY MAX MIN AVG DEP HDD CDD  WTR  SNW DPTH SPD SPD DIR MIN PSBL S-S WX    SPD DR
================================================================================

 1  90  57  74  11   0   9    T    M    M  6.9 26 200   M    M   5 3      37 210
 2  81  58  70   7   0   5 0.00    M    M 12.9 23 230   M    M   2        28 250
 3  71  55  63   1   2   0 0.00    M    M  8.9 18 200   M    M   1 8      23 200
 4  59  46  53  -9  12   0 0.08    M    M  6.2 15 210   M    M   8 8      21 240
 5  64  36  50 -12  15   0 0.00    M    M  9.8 22 210   M    M   7        28 210
 6  73  32  53  -8  12   0 0.00    M    M  7.3 18 240   M    M   2        25 210
 7  72  45  59  -2   6   0 0.00    M    M 13.9 22 210   M    M   2        30 210
 8  75  49  62   2   3   0 0.00    M    M 18.2 32 200   M    M   2        39 200
 9  69  33  51  -9  14   0 0.00    M    M  4.7 24  10   M    M   1        29  20
10  76  30  53  -7  12   0 0.00    M    M  6.8 18 220   M    M   0        23 220
11  82  36  59   0   6   0 0.00    M    M 11.9 33 220   M    M   0        45 210
12  60  41  51  -8  14   0    T    M    M 14.0 24  20   M    M   4        30  10
13  68  37  53  -5  12   0 0.05    M    M 10.3 29 170   M    M   5        36 160
14  62  46  54  -4  11   0 0.04    M    M  9.8 25 220   M    M   7 1      31 220
15  63  40  52  -6  13   0    T    M    M  4.1 12 190   M    M   6        15 160
16  72  36  54  -3  11   0    T    M    M  4.3 13 200   M    M   2 1      14 210
17  76  37  57   0   8   0 0.00    M    M 12.7 28 210   M    M   2        32 230
18  78  51  65   9   0   0 0.00    M    M 18.6 38 220   M    M   5        46 210
19  81  53  67  11   0   2 0.01    M    M 11.3 24 240   M    M   5        32 220
20  82  44  63   7   2   0 0.00    M    M  8.0 23 210   M    M   1        29 220
21  74  45  60   5   5   0 0.24    M    M  7.7 17 320   M    M   5 1      21  10
22  60  50  55   0  10   0 0.34    M    M  6.2 16 180   M    M  10 138    21 160
23  52  44  48  -6  17   0 1.01    M    M 11.5 22 210   M    M  10 1      29 200
24  62  41  52  -2  13   0 0.01    M    M 12.4 20 210   M    M   5        26 210
25  65  34  50  -3  15   0 0.00    M    M  4.4 12 190   M    M   0        16 210
26  73  36  55   2  10   0 0.00    M    M  2.1  7 350   M    M   0         7  10
27  77  39  58   6   7   0 0.00    M    M  2.9  8 360   M    M   0         9 360
28  81  41  61   9   4   0 0.00    M    M  4.8 12 220   M    M   0 8      14 200
29  76  52  64  12   1   0    T    M    M  5.9 18 220   M    M   5 3      23 200
30  76  44  60   9   5   0 0.00    M    M  3.8 12 240   M    M   2        15 240
================================================================================
SM 2150 1288       240  16  1.78    M    262.3          M      104
================================================================================
AV 71.7 42.9                               8.7 FASTST   M    M   3    MAX(MPH)
                                 MISC ---->  # 38 220               # 46  210
================================================================================
NOTES:
# LAST OF SEVERAL OCCURRENCES
PRECIPITATION SUSPECT DURING FREEZING/FROZEN EVENTS

COLUMN 17 PEAK WIND IN M.P.H.

PRELIMINARY LOCAL CLIMATOLOGICAL DATA (WS FORM: F-6) , PAGE 2

                                          STATION:  IDAHO FALLS ID
                                          MONTH:    SEPTEMBER
                                          YEAR:     2016
                                          LATITUDE:   43 31 N
                                          LONGITUDE: 112  4 W

[TEMPERATURE DATA]      [PRECIPITATION DATA]       SYMBOLS USED IN COLUMN 16

AVERAGE MONTHLY: 57.3   TOTAL FOR MONTH:   1.78    1 = FOG OR MIST
DPTR FM NORMAL:   0.0   DPTR FM NORMAL:    0.94    2 = FOG REDUCING VISIBILITY
HIGHEST:    90 ON  1    GRTST 24HR  1.01 ON 23-23      TO 1/4 MILE OR LESS
LOWEST:     30 ON 10                               3 = THUNDER
                        SNOW, ICE PELLETS, HAIL    4 = ICE PELLETS
                        TOTAL MONTH:    M          5 = HAIL
                        GRTST 24HR    M  ON   M    6 = FREEZING RAIN OR DRIZZLE
                        GRTST DEPTH:  M  ON   M    7 = DUSTSTORM OR SANDSTORM:
                                                       VSBY 1/2 MILE OR LESS
                                                   8 = SMOKE OR HAZE
[NO. OF DAYS WITH]      [WEATHER - DAYS WITH]      9 = BLOWING SNOW
                                                   X = TORNADO
MAX 32 OR BELOW:   0    0.01 INCH OR MORE:   8
MAX 90 OR ABOVE:   1    0.10 INCH OR MORE:   3
MIN 32 OR BELOW:   2    0.50 INCH OR MORE:   1
MIN  0 OR BELOW:   0    1.00 INCH OR MORE:   1

[HDD (BASE 65) ]
TOTAL THIS MO.   240    CLEAR  (SCALE 0-3)  16
DPTR FM NORMAL    -3    PTCLDY (SCALE 4-7)  12
TOTAL FM JUL 1   317    CLOUDY (SCALE 8-10)  2
DPTR FM NORMAL     9

[CDD (BASE 65) ]
TOTAL THIS MO.    16
DPTR FM NORMAL     4    [PRESSURE DATA]
TOTAL FM JAN 1   260    HIGHEST SLP 30.52 ON 25
DPTR FM NORMAL    -4    LOWEST  SLP 29.68 ON 22

[REMARKS]
