000
CXUS55 KVEF 310940
CF6IGM
PRELIMINARY LOCAL CLIMATOLOGICAL DATA (WS FORM: F-6)

                                          STATION:   KINGMAN AZ
                                          MONTH:     OCTOBER
                                          YEAR:      2014
                                          LATITUDE:   35 16 N
                                          LONGITUDE: 113 57 W

  TEMPERATURE IN F:       :PCPN:    SNOW:  WIND      :SUNSHINE: SKY     :PK WND
================================================================================
1   2   3   4   5  6A  6B    7    8   9   10  11  12  13   14  15   16   17  18
                                     12Z  AVG MX 2MIN
DY MAX MIN AVG DEP HDD CDD  WTR  SNW DPTH SPD SPD DIR MIN PSBL S-S WX    SPD DR
================================================================================

 1  80  52  66  -3   0   1 0.00  0.0    0 10.3 24 340   M    M   0        28 350
 2  78  44  61  -8   4   0 0.00  0.0    0  9.1 18  10   M    M   0        22  30
 3  86  49  68   0   0   3 0.00  0.0    0  8.7 14 130   M    M   0        18 350
 4  87  49  68   0   0   3 0.00  0.0    0  7.1 14 360   M    M   0        17 350
 5  86  47  67  -1   0   2 0.00  0.0    0  6.5 15 340   M    M   0        19 340
 6  88  51  70   3   0   5 0.00  0.0    0  4.4 13 210   M    M   0        18 220
 7  79  58  69   2   0   4 0.00  0.0    0  8.0 20 230   M    M   4        22 230
 8  74  58  66   0   0   1 0.76  0.0    0  5.4 16 140   M    M  10 1      19 130
 9  76  54  65  -1   0   0 0.00  0.0    0  8.0 16 110   M    M   2        19 140
10  80  53  67   2   0   2 0.00  0.0    0  9.0 16 230   M    M   0        22 270
11  83  51  67   2   0   2 0.00  0.0    0  7.7 15 200   M    M   0        19 200
12  82  53  68   4   0   3 0.00  0.0    0 10.7 28 330   M    M   0        34 350
13  77  47  62  -2   3   0 0.00  0.0    0  7.7 15  30   M    M   0        19 360
14  84  46  65   1   0   0 0.00  0.0    0  7.5 17 110   M    M   0        22  80
15  82  51  67   4   0   2 0.00  0.0    0  9.7 24 220   M    M   0        29 230
16  79  53  66   3   0   1 0.00  0.0    0  9.8 16 110   M    M   0        20 220
17  77  52  65   3   0   0    T  0.0    0  7.3 17 120   M    M   2        22 120
18  81  54  68   6   0   3 0.00  0.0    0  4.6 13 320   M    M   2        16 340
19  85  48  67   5   0   2    T    M    0  4.6 30 360   M    M   1 3      37 360
20  81  53  67   6   0   2 0.00  0.0    0  9.2 17 130   M    M   0        20 130
21  81  56  69   8   0   4 0.00  0.0    0 10.3 21 230   M    M   0        25 210
22  81  49  65   5   0   0 0.00  0.0    0  4.7 15 220   M    M   0        19 230
23  83  47  65   5   0   0 0.00  0.0    0  6.1 15 240   M    M   0        19 230
24  84  50  67   8   0   2 0.00  0.0    0  7.2 14 130   M    M   0        17 130
25  83  57  70  11   0   5 0.00  0.0    0 11.2 23 230   M    M   1        27 230
26  79  51  65   6   0   0 0.00  0.0    0 11.6 25 210   M    M   0        31 200
27  75  41  58   0   7   0 0.00  0.0    0  6.3 14  10   M    M   0        17 360
28  77  40  59   1   6   0 0.00  0.0    0  5.8 12 120   M    M   0        13 360
29  81  43  62   4   3   0 0.00  0.0    0  6.1 15  20   M    M   0        18  20
30  84  45  65   8   0   0 0.00  0.0    0  6.0 16 110   M    M   0        21 230
================================================================================
SM 2433 1502        23  47  0.76     0.0 230.6          M       22
================================================================================
AV 81.1 50.1                               7.7 FASTST   M    M   1    MAX(MPH)
                                 MISC ---->  # 30 360               # 37  360
================================================================================
NOTES:
# LAST OF SEVERAL OCCURRENCES

COLUMN 17 PEAK WIND IN M.P.H.

PRELIMINARY LOCAL CLIMATOLOGICAL DATA (WS FORM: F-6) , PAGE 2

                                          STATION:  KINGMAN AZ
                                          MONTH:    OCTOBER
                                          YEAR:     2014
                                          LATITUDE:   35 16 N
                                          LONGITUDE: 113 57 W

[TEMPERATURE DATA]      [PRECIPITATION DATA]       SYMBOLS USED IN COLUMN 16

AVERAGE MONTHLY: 65.6   TOTAL FOR MONTH:   0.76    1 = FOG OR MIST
DPTR FM NORMAL:   2.5   DPTR FM NORMAL:    0.08    2 = FOG REDUCING VISIBILITY
HIGHEST:    88 ON  6    GRTST 24HR  0.76 ON  8- 8      TO 1/4 MILE OR LESS
LOWEST:     40 ON 28                               3 = THUNDER
                        SNOW, ICE PELLETS, HAIL    4 = ICE PELLETS
                        TOTAL MONTH:   0.0 INCH    5 = HAIL
                        GRTST 24HR     0.0         6 = FREEZING RAIN OR DRIZZLE
                        GRTST DEPTH:   0           7 = DUSTSTORM OR SANDSTORM:
                                                       VSBY 1/2 MILE OR LESS
                                                   8 = SMOKE OR HAZE
[NO. OF DAYS WITH]      [WEATHER - DAYS WITH]      9 = BLOWING SNOW
                                                   X = TORNADO
MAX 32 OR BELOW:   0    0.01 INCH OR MORE:   1
MAX 90 OR ABOVE:   0    0.10 INCH OR MORE:   1
MIN 32 OR BELOW:   0    0.50 INCH OR MORE:   1
MIN  0 OR BELOW:   0    1.00 INCH OR MORE:   0

[HDD (BASE 65) ]
TOTAL THIS MO.    23    CLEAR  (SCALE 0-3)  28
DPTR FM NORMAL  -100    PTCLDY (SCALE 4-7)   1
TOTAL FM JUL 1    27    CLOUDY (SCALE 8-10)  1
DPTR FM NORMAL  -102

[CDD (BASE 65) ]
TOTAL THIS MO.    47
DPTR FM NORMAL   -19    [PRESSURE DATA]
TOTAL FM JAN 1  2067    HIGHEST SLP M ON M
DPTR FM NORMAL   -25    LOWEST  SLP 29.66 ON  1

[REMARKS]
