000
CXUS55 KVEF 300940
CF6IGM
PRELIMINARY LOCAL CLIMATOLOGICAL DATA (WS FORM: F-6)

                                          STATION:   KINGMAN AZ
                                          MONTH:     MARCH
                                          YEAR:      2015
                                          LATITUDE:   35 16 N
                                          LONGITUDE: 113 57 W

  TEMPERATURE IN F:       :PCPN:    SNOW:  WIND      :SUNSHINE: SKY     :PK WND
================================================================================
1   2   3   4   5  6A  6B    7    8   9   10  11  12  13   14  15   16   17  18
                                     12Z  AVG MX 2MIN
DY MAX MIN AVG DEP HDD CDD  WTR  SNW DPTH SPD SPD DIR MIN PSBL S-S WX    SPD DR
================================================================================

 1  53  41  47  -2  18   0 0.55  0.0    0  6.5 20 200   M    M   9 1      23 210
 2  51  35  43  -6  22   0 0.69  0.0    0 10.4 25 200   M    M   7 1      32 200
 3  52  30  41  -8  24   0 0.03  0.0    0  4.9 18 210   M    M   3 8      22 190
 4  54  32  43  -6  22   0 0.00  0.0    0 10.7 21 360   M    M   0        25 360
 5  62  29  46  -4  19   0 0.00  0.0    0  7.7 15  10   M    M   0        19 360
 6  68  32  50   0  15   0 0.00  0.0    0 10.2 22 360   M    M   0        28  10
 7  71  34  53   3  12   0 0.00  0.0    0  8.1 15 360   M    M   0        17  10
 8  74  36  55   5  10   0 0.00  0.0    0  5.2 12  20   M    M   0        15  10
 9  72  37  55   5  10   0 0.00  0.0    0  6.0 18 350   M    M   0        22 330
10  75  35  55   5  10   0 0.00  0.0    0  5.2 12 330   M    M   0        19 330
11  73  43  58   7   7   0 0.00  0.0    0  7.8 23 230   M    M   0        27 230
12  71  50  61  10   4   0    T  0.0    0  9.6 28 340   M    M   4        34 340
13  75  41  58   7   7   0 0.00  0.0    0  9.8 26 340   M    M   0        32 330
14  78  44  61  10   4   0 0.00  0.0    0  5.5 14 120   M    M   0        16 360
15  78  47  63  12   2   0 0.00  0.0    0  6.9 17 110   M    M   0        21 110
16  79  44  62  10   3   0 0.00  0.0    0  5.8 14 230   M    M   0        19 250
17  79  45  62  10   3   0 0.00  0.0    0  9.5 22 230   M    M   0        26 250
18  72  50  61   9   4   0    T  0.0    0 10.2 26 230   M    M   5        34 220
19  72  45  59   7   6   0 0.00  0.0    0  6.9 21 200   M    M   2        25 200
20  76  39  58   6   7   0 0.00  0.0    0  5.8 16 210   M    M   0        21 230
21  78  39  59   7   6   0 0.00  0.0    0  8.4 22 230   M    M   0 8      26 220
22  75  48  62   9   3   0 0.00  0.0    0 11.4 26 210   M    M   0        31 220
23  72  41  57   4   8   0 0.00  0.0    0 13.0 24 240   M    M   0        34 210
24  74  41  58   5   7   0 0.00  0.0    0  5.6 16 220   M    M   0        20 210
25  72  44  58   5   7   0 0.00  0.0    0 13.3 26 330   M    M   0        33 330
26  78  41  60   7   5   0 0.00  0.0    0 10.1 17  10   M    M   0        22  10
27  83  40  62   8   3   0 0.00  0.0    0  4.9 16 230   M    M   0        20 240
28  85  46  66  12   0   1 0.00  0.0    0  7.4 18 220   M    M   0        23 220
29  84  47  66  12   0   1 0.00  0.0    0  7.4 16 210   M    M   0        20 220
================================================================================
SM 2086 1176       248   2  1.27     0.0 234.2          M       30
================================================================================
AV 71.9 40.6                               8.1 FASTST   M    M   1    MAX(MPH)
                                 MISC ---->  # 28 340               # 34  340
================================================================================
NOTES:
# LAST OF SEVERAL OCCURRENCES

COLUMN 17 PEAK WIND IN M.P.H.

PRELIMINARY LOCAL CLIMATOLOGICAL DATA (WS FORM: F-6) , PAGE 2

                                          STATION:  KINGMAN AZ
                                          MONTH:    MARCH
                                          YEAR:     2015
                                          LATITUDE:   35 16 N
                                          LONGITUDE: 113 57 W

[TEMPERATURE DATA]      [PRECIPITATION DATA]       SYMBOLS USED IN COLUMN 16

AVERAGE MONTHLY: 56.2   TOTAL FOR MONTH:   1.27    1 = FOG OR MIST
DPTR FM NORMAL:   4.9   DPTR FM NORMAL:    0.55    2 = FOG REDUCING VISIBILITY
HIGHEST:    85 ON 28    GRTST 24HR  0.69 ON  2- 2      TO 1/4 MILE OR LESS
LOWEST:     29 ON  5                               3 = THUNDER
                        SNOW, ICE PELLETS, HAIL    4 = ICE PELLETS
                        TOTAL MONTH:   0.0 INCH    5 = HAIL
                        GRTST 24HR     0.0         6 = FREEZING RAIN OR DRIZZLE
                        GRTST DEPTH:   0           7 = DUSTSTORM OR SANDSTORM:
                                                       VSBY 1/2 MILE OR LESS
                                                   8 = SMOKE OR HAZE
[NO. OF DAYS WITH]      [WEATHER - DAYS WITH]      9 = BLOWING SNOW
                                                   X = TORNADO
MAX 32 OR BELOW:   0    0.01 INCH OR MORE:   3
MAX 90 OR ABOVE:   0    0.10 INCH OR MORE:   2
MIN 32 OR BELOW:   4    0.50 INCH OR MORE:   2
MIN  0 OR BELOW:   0    1.00 INCH OR MORE:   0

[HDD (BASE 65) ]
TOTAL THIS MO.   248    CLEAR  (SCALE 0-3)  24
DPTR FM NORMAL  -149    PTCLDY (SCALE 4-7)   4
TOTAL FM JUL 1  2228    CLOUDY (SCALE 8-10)  1
DPTR FM NORMAL  -582

[CDD (BASE 65) ]
TOTAL THIS MO.     2
DPTR FM NORMAL     2    [PRESSURE DATA]
TOTAL FM JAN 1     2    HIGHEST SLP M ON M
DPTR FM NORMAL     2    LOWEST  SLP 29.74 ON  2

[REMARKS]
