925
CXUS51 KPHI 270800
CF6ILG
PRELIMINARY LOCAL CLIMATOLOGICAL DATA (WS FORM: F-6)

                                          STATION:   WILMINGTON DE
                                          MONTH:     MAY
                                          YEAR:      2017
                                          LATITUDE:   39 40 N
                                          LONGITUDE:  75 36 W

  TEMPERATURE IN F:       :PCPN:    SNOW:  WIND      :SUNSHINE: SKY     :PK WND
================================================================================
1   2   3   4   5  6A  6B    7    8   9   10  11  12  13   14  15   16   17  18
                                     12Z  AVG MX 2MIN
DY MAX MIN AVG DEP HDD CDD  WTR  SNW DPTH SPD SPD DIR MIN PSBL S-S WX    SPD DR
================================================================================

 1  82  53  68  10   0   3    T  0.0    0 12.7 25 210   M    M   7 12     35 190
 2  76  64  70  12   0   5 0.00  0.0    0 14.7 31 270   M    M   6 8      42 290
 3  66  45  56  -3   9   0 0.00  0.0    0 11.5 28 300   M    M   3        34 300
 4  65  43  54  -5  11   0 0.01  0.0    0 10.5 24 170   M    M   2        30 170
 5  68  53  61   2   4   0 1.65  0.0    0 13.3 22 150   M    M   9 13     28 150
 6  65  51  58  -2   7   0 0.01  0.0    0 12.7 21 200   M    M   8 1      30 210
 7  60  45  53  -7  12   0 0.02  0.0    0 10.3 25 290   M    M   8        35 310
 8  61  39  50 -10  15   0 0.00  0.0    0  8.0 18 270   M    M   4        25 280
 9  64  39  52  -9  13   0 0.00  0.0    0  7.3 17 290   M    M   0        23 310
10  71  46  59  -2   6   0 0.00  0.0    0  5.5 14 110   M    M   2        19 100
11  57  51  54  -7  11   0 0.10  0.0    0  6.1 15  80   M    M   9        18  80
12  60  49  55  -7  10   0 0.09  0.0    0  8.9 14 110   M    M   9 1      18  80
13  55  47  51 -11  14   0 1.54  0.0    0 11.8 23  20   M    M  10 1      29  10
14  74  44  59  -3   6   0    T  0.0    0 12.3 31 300   M    M   3 1      41 290
15  74  50  62   0   3   0 0.00  0.0    0 13.9 28 320   M    M   0        37 330
16  78  47  63   0   2   0 0.00  0.0    0  6.4 15 250   M    M   0        21 240
17  90  58  74  11   0   9 0.00  0.0    0  5.3 14 200   M    M   0        19 210
18  91  72  82  19   0  17 0.00  0.0    0  9.3 17 210   M    M   0        21 210
19  91  70  81  17   0  16    T  0.0    0  8.9 17 270   M    M   1 3      22 270
20  73  56  65   1   0   0 0.00  0.0    0 11.7 22  40   M    M   8        26  40
21  69  50  60  -4   5   0 0.00  0.0    0 10.5 21 180   M    M   6        26 190
22  66  55  61  -4   4   0 0.37  0.0    0  4.2 10  90   M    M  10 1      13 110
23  67  54  61  -4   4   0 0.01  0.0    0  5.8 12  90   M    M   4 12     14  40
24  70  56  63  -2   2   0 0.02  0.0    0  8.8 16  90   M    M   9        23  80
25  72  55  64  -2   1   0 1.88  0.0    0 10.1 23  80   M    M   9 13     28  70
26  77  58  68   2   0   3    T  0.0    0 12.0 24 300   M    M   7        32 280
================================================================================
SM 1842 1350       139  53  5.70     0.0 252.5          M      134
================================================================================
AV 70.9 51.9                               9.7 FASTST   M    M   5    MAX(MPH)
                                 MISC ---->  # 31 270               # 42  290
================================================================================
NOTES:
# LAST OF SEVERAL OCCURRENCES

COLUMN 17 PEAK WIND IN M.P.H.

PRELIMINARY LOCAL CLIMATOLOGICAL DATA (WS FORM: F-6) , PAGE 2

                                          STATION:  WILMINGTON DE
                                          MONTH:    MAY
                                          YEAR:     2017
                                          LATITUDE:   39 40 N
                                          LONGITUDE:  75 36 W

[TEMPERATURE DATA]      [PRECIPITATION DATA]       SYMBOLS USED IN COLUMN 16

AVERAGE MONTHLY: 61.4   TOTAL FOR MONTH:   5.70    1 = FOG OR MIST
DPTR FM NORMAL:  -0.6   DPTR FM NORMAL:    2.42    2 = FOG REDUCING VISIBILITY
HIGHEST:    91 ON 19,18 GRTST 24HR  1.88 ON 25-25      TO 1/4 MILE OR LESS
LOWEST:     39 ON  9, 8                            3 = THUNDER
                        SNOW, ICE PELLETS, HAIL    4 = ICE PELLETS
                        TOTAL MONTH:   0.0 INCH    5 = HAIL
                        GRTST 24HR     0.0         6 = FREEZING RAIN OR DRIZZLE
                        GRTST DEPTH:   0           7 = DUSTSTORM OR SANDSTORM:
                                                       VSBY 1/2 MILE OR LESS
                                                   8 = SMOKE OR HAZE
[NO. OF DAYS WITH]      [WEATHER - DAYS WITH]      9 = BLOWING SNOW
                                                   X = TORNADO
MAX 32 OR BELOW:   0    0.01 INCH OR MORE:  11
MAX 90 OR ABOVE:   3    0.10 INCH OR MORE:   5
MIN 32 OR BELOW:   0    0.50 INCH OR MORE:   3
MIN  0 OR BELOW:   0    1.00 INCH OR MORE:   3

[HDD (BASE 65) ]
TOTAL THIS MO.   139    CLEAR  (SCALE 0-3)   8
DPTR FM NORMAL    15    PTCLDY (SCALE 4-7)  10
TOTAL FM JUL 1  4068    CLOUDY (SCALE 8-10)  8
DPTR FM NORMAL  -725

[CDD (BASE 65) ]
TOTAL THIS MO.    53
DPTR FM NORMAL     6    [PRESSURE DATA]
TOTAL FM JAN 1    83    HIGHEST SLP M ON M
DPTR FM NORMAL    24    LOWEST  SLP  0.00 ON 26

[REMARKS]
