000
CXUS53 KILX 012300
CF6ILX
PRELIMINARY LOCAL CLIMATOLOGICAL DATA (WS FORM: F-6)

                                          STATION:   LINCOLN IL
                                          MONTH:     APRIL
                                          YEAR:      2016
                                          LATITUDE:   40  9 N
                                          LONGITUDE:  89 20 W

  TEMPERATURE IN F:       :PCPN:    SNOW:  WIND      :SUNSHINE: SKY     :PK WND
================================================================================
1   2   3   4   5  6A  6B    7    8   9   10  11  12  13   14  15   16   17  18
                                     12Z  AVG MX 2MIN
DY MAX MIN AVG DEP HDD CDD  WTR  SNW DPTH SPD SPD DIR MIN PSBL S-S WX    SPD DR
================================================================================

 1  52  37  45  -2  20   0    T  0.0    0   M   M   M   M    M   M         M  M
 2  50  31  41  -6  24   0 0.00  0.0    0   M   M   M   M    M   M         M  M
 3  73  26  50   2  15   0    T  0.0    0   M   M   M   M    M   M         M  M
 4  60  30  45  -3  20   0 0.00  0.0    0   M   M   M   M    M   M         M  M
 5  52  24  38 -10  27   0 0.00  0.0    0   M   M   M   M    M   M         M  M
 6  52  44  48  -1  17   0 0.50  0.0    0   M   M   M   M    M   M         M  M
 7  49  38  44  -5  21   0    T  0.0    0   M   M   M   M    M   M         M  M
 8  46  31  39 -11  26   0 0.04    T    0   M   M   M   M    M   M         M  M
 9  43  25  34 -16  31   0    T    T    0   M   M   M   M    M   M 4       M  M
10  52  38  45  -5  20   0 0.41  0.0    0   M   M   M   M    M   M 123     M  M
11  52  34  43  -8  22   0 0.00  0.0    0   M   M   M   M    M   M 12      M  M
12  54  29  42  -9  23   0 0.00  0.0    0   M   M   M   M    M   M         M  M
13  62  31  47  -4  18   0 0.00  0.0    0   M   M   M   M    M   M         M  M
14  70  35  53   1  12   0 0.00  0.0    0   M   M   M   M    M   M         M  M
15  78  43  61   9   4   0 0.00  0.0    0   M   M   M   M    M   M         M  M
16  81  47  64  11   1   0 0.00  0.0    0   M   M   M   M    M   M         M  M
17  82  47  65  12   0   0 0.00  0.0    0   M   M   M   M    M   M         M  M
18  82  48  65  12   0   0 0.00  0.0    0   M   M   M   M    M   M         M  M
19  79  54  67  13   0   2    T  0.0    0   M   M   M   M    M   M         M  M
20  69  52  61   7   4   0 0.26  0.0    0   M   M   M   M    M   M 1       M  M
21  69  52  61   7   4   0 0.28  0.0    0   M   M   M   M    M   M 13      M  M
22  68  46  57   2   8   0 0.00  0.0    0   M   M   M   M    M   M         M  M
23  67  37  52  -3  13   0 0.00  0.0    0   M   M   M   M    M   M 1       M  M
24  78  46  62   6   3   0 0.00  0.0    0   M   M   M   M    M   M 1       M  M
25  83  58  71  15   0   6 0.00  0.0    0   M   M   M   M    M   M         M  M
26  75  48  62   6   3   0 0.04  0.0    0   M   M   M   M    M   M 13      M  M
27  60  49  55  -2  10   0 0.19  0.0    0   M   M   M   M    M   M 3       M  M
28  68  50  59   2   6   0 0.23  0.0    0   M   M   M   M    M   M 3       M  M
29  59  49  54  -3  11   0 0.00  0.0    0   M   M   M   M    M   M         M  M
30  64  48  56  -2   9   0 0.64  0.0    0   M   M   M   M    M   M 1       M  M
================================================================================
SM 1929 1227       372   8  2.59    T        M          M        M
================================================================================
AV 64.3 40.9                                 M FASTST   M    M   4    MAX(MPH)
                                 MISC ---->     M   M                  M    M
================================================================================
NOTES:
# LAST OF SEVERAL OCCURRENCES

COLUMN 17 PEAK WIND IN M.P.H.

PRELIMINARY LOCAL CLIMATOLOGICAL DATA (WS FORM: F-6) , PAGE 2

                                          STATION:  LINCOLN IL
                                          MONTH:    APRIL
                                          YEAR:     2016
                                          LATITUDE:   40  9 N
                                          LONGITUDE:  89 20 W

[TEMPERATURE DATA]      [PRECIPITATION DATA]       SYMBOLS USED IN COLUMN 16

AVERAGE MONTHLY: 52.6   TOTAL FOR MONTH:   2.59    1 = FOG OR MIST
DPTR FM NORMAL:   0.2   DPTR FM NORMAL:   -1.02    2 = FOG REDUCING VISIBILITY
HIGHEST:    83 ON 25    GRTST 24HR  0.64 ON 30-30      TO 1/4 MILE OR LESS
LOWEST:     24 ON  5                               3 = THUNDER
                        SNOW, ICE PELLETS, HAIL    4 = ICE PELLETS
                        TOTAL MONTH:    T          5 = HAIL
                        GRTST 24HR    T  ON  9- 9  6 = FREEZING RAIN OR DRIZZLE
                        GRTST DEPTH:   0           7 = DUSTSTORM OR SANDSTORM:
                                                       VSBY 1/2 MILE OR LESS
                                                   8 = SMOKE OR HAZE
[NO. OF DAYS WITH]      [WEATHER - DAYS WITH]      9 = BLOWING SNOW
                                                   X = TORNADO
MAX 32 OR BELOW:   0    0.01 INCH OR MORE:   9
MAX 90 OR ABOVE:   0    0.10 INCH OR MORE:   7
MIN 32 OR BELOW:   8    0.50 INCH OR MORE:   2
MIN  0 OR BELOW:   0    1.00 INCH OR MORE:   0

[HDD (BASE 65) ]
TOTAL THIS MO.   372    CLEAR  (SCALE 0-3)   0
DPTR FM NORMAL   -19    PTCLDY (SCALE 4-7)   0
TOTAL FM JUL 1  4718    CLOUDY (SCALE 8-10)  0
DPTR FM NORMAL  -837

[CDD (BASE 65) ]
TOTAL THIS MO.     8
DPTR FM NORMAL    -5    [PRESSURE DATA]
TOTAL FM JAN 1     8    HIGHEST SLP M ON M
DPTR FM NORMAL    -7    LOWEST  SLP M ON M

[REMARKS]
#FINAL-04-16#
