000
CXUS53 KILX 262300
CF6ILX
PRELIMINARY LOCAL CLIMATOLOGICAL DATA (WS FORM: F-6)

                                          STATION:   LINCOLN IL
                                          MONTH:     MAY
                                          YEAR:      2015
                                          LATITUDE:   40  9 N
                                          LONGITUDE:  89 20 W

  TEMPERATURE IN F:       :PCPN:    SNOW:  WIND      :SUNSHINE: SKY     :PK WND
================================================================================
1   2   3   4   5  6A  6B    7    8   9   10  11  12  13   14  15   16   17  18
                                     12Z  AVG MX 2MIN
DY MAX MIN AVG DEP HDD CDD  WTR  SNW DPTH SPD SPD DIR MIN PSBL S-S WX    SPD DR
================================================================================

 1  70  32  51  -7  14   0 0.00  0.0    0   M   M   M   M    M   M         M  M
 2  75  47  61   3   4   0 0.00  0.0    0   M   M   M   M    M   M         M  M
 3  82  55  69  10   0   4    T  0.0    0   M   M   M   M    M   M         M  M
 4  80  60  70  11   0   5 0.59  0.0    0   M   M   M   M    M   M         M  M
 5  83  60  72  12   0   7 0.00  0.0    0   M   M   M   M    M   M         M  M
 6  84  59  72  12   0   7 0.00  0.0    0   M   M   M   M    M   M         M  M
 7  86  60  73  13   0   8 1.08  0.0    0   M   M   M   M    M   M         M  M
 8  79  63  71  11   0   6 0.68  0.0    0   M   M   M   M    M   M 3       M  M
 9  72  60  66   5   0   1 0.24  0.0    0   M   M   M   M    M   M 12      M  M
10  80  60  70   9   0   5 0.79  0.0    0   M   M   M   M    M   M 13      M  M
11  70  52  61  -1   4   0 0.78  0.0    0   M   M   M   M    M   M 1       M  M
12  64  47  56  -6   9   0 0.00  0.0    0   M   M   M   M    M   M         M  M
13  66  42  54  -8  11   0 0.00  0.0    0   M   M   M   M    M   M         M  M
14  67  48  58  -4   7   0 0.49  0.0    0   M   M   M   M    M   M 1       M  M
15  81  62  72   9   0   7 0.04  0.0    0   M   M   M   M    M   M 3       M  M
16  79  64  72   9   0   7 0.04  0.0    0   M   M   M   M    M   M 13      M  M
17  82  66  74  11   0   9 0.01  0.0    0   M   M   M   M    M   M         M  M
18  77  50  64   0   1   0 0.00  0.0    0   M   M   M   M    M   M         M  M
19  61  44  53 -11  12   0 0.00  0.0    0   M   M   M   M    M   M         M  M
20  51  40  46 -18  19   0 0.08  0.0    0   M   M   M   M    M   M         M  M
21  67  42  55 -10  10   0 0.00  0.0    0   M   M   M   M    M   M         M  M
22  78  52  65   0   0   0 0.00  0.0    0   M   M   M   M    M   M         M  M
23  79  55  67   2   0   2 0.00  0.0    0   M   M   M   M    M   M         M  M
24  85  63  74   8   0   9 0.27  0.0    0   M   M   M   M    M   M         M  M
25  81  66  74   8   0   9 0.26  0.0    0   M   M   M   M    M   M         M  M
================================================================================
SM 1879 1349        91  86  5.35     0.0     M          M        M
================================================================================
AV 75.2 54.0                                 M FASTST   M    M   4    MAX(MPH)
                                 MISC ---->     M   M                  M    M
================================================================================
NOTES:
# LAST OF SEVERAL OCCURRENCES

COLUMN 17 PEAK WIND IN M.P.H.

PRELIMINARY LOCAL CLIMATOLOGICAL DATA (WS FORM: F-6) , PAGE 2

                                          STATION:  LINCOLN IL
                                          MONTH:    MAY
                                          YEAR:     2015
                                          LATITUDE:   40  9 N
                                          LONGITUDE:  89 20 W

[TEMPERATURE DATA]      [PRECIPITATION DATA]       SYMBOLS USED IN COLUMN 16

AVERAGE MONTHLY: 64.6   TOTAL FOR MONTH:   5.35    1 = FOG OR MIST
DPTR FM NORMAL:   2.5   DPTR FM NORMAL:    1.99    2 = FOG REDUCING VISIBILITY
HIGHEST:    86 ON  7    GRTST 24HR  1.08 ON  7- 7      TO 1/4 MILE OR LESS
LOWEST:     32 ON  1                               3 = THUNDER
                        SNOW, ICE PELLETS, HAIL    4 = ICE PELLETS
                        TOTAL MONTH:   0.0 INCH    5 = HAIL
                        GRTST 24HR     0.0         6 = FREEZING RAIN OR DRIZZLE
                        GRTST DEPTH:   0           7 = DUSTSTORM OR SANDSTORM:
                                                       VSBY 1/2 MILE OR LESS
                                                   8 = SMOKE OR HAZE
[NO. OF DAYS WITH]      [WEATHER - DAYS WITH]      9 = BLOWING SNOW
                                                   X = TORNADO
MAX 32 OR BELOW:   0    0.01 INCH OR MORE:  13
MAX 90 OR ABOVE:   0    0.10 INCH OR MORE:   9
MIN 32 OR BELOW:   1    0.50 INCH OR MORE:   5
MIN  0 OR BELOW:   0    1.00 INCH OR MORE:   1

[HDD (BASE 65) ]
TOTAL THIS MO.    91    CLEAR  (SCALE 0-3)   0
DPTR FM NORMAL   -33    PTCLDY (SCALE 4-7)   0
TOTAL FM JUL 1  6180    CLOUDY (SCALE 8-10)  0
DPTR FM NORMAL   501

[CDD (BASE 65) ]
TOTAL THIS MO.    86
DPTR FM NORMAL    36    [PRESSURE DATA]
TOTAL FM JAN 1    87    HIGHEST SLP M ON M
DPTR FM NORMAL    22    LOWEST  SLP M ON M

[REMARKS]
