000
CXUS55 KLBF 271200
CF6IML
PRELIMINARY LOCAL CLIMATOLOGICAL DATA (WS FORM: F-6)

                                          STATION:   IMPERIAL
                                          MONTH:     JULY
                                          YEAR:      2017
                                          LATITUDE:   40 31 N
                                          LONGITUDE: 101 37 W

  TEMPERATURE IN F:       :PCPN:    SNOW:  WIND      :SUNSHINE: SKY     :PK WND
================================================================================
1   2   3   4   5  6A  6B    7    8   9   10  11  12  13   14  15   16   17  18
                                     12Z  AVG MX 2MIN
DY MAX MIN AVG DEP HDD CDD  WTR  SNW DPTH SPD SPD DIR MIN PSBL S-S WX    SPD DR
================================================================================

 1  91  50  71  -3   0   6 0.00    M    M 11.1 23 220   M    M   0        32 220
 2  98  59  79   4   0  14    T    M    M 12.6 49  10   M    M   0 38     62 360
 3  92  56  74  -1   0   9 0.12    M    M  8.3 31 240   M    M   0 3      41 250
 4  92  53  73  -2   0   8 0.13    M    M  6.7 17 150   M    M   0 3      23 120
 5  97  60  79   4   0  14 0.00    M    M  6.3 14 160   M    M   0        20 130
 6 103  64  84   8   0  19 0.02    M    M  8.1 40  10   M    M   0 3      50 360
 7  90  64  77   1   0  12 0.00    M    M 11.2 18 110   M    M   0        24  90
 8  98  63  81   5   0  16    T    M    M  8.1 26  10   M    M   0 38     36  10
 9 102  59  81   5   0  16 0.00    M    M  6.5 22 320   M    M   0        31 330
10 104  66  85   9   0  20    T    M    M  8.8 31 300   M    M   1 3      39 300
11 101  68  85   9   0  20    T    M    M  7.4 32 340   M    M   0 3      41 350
12  88  68  78   2   0  13    T    M    M 11.6 22  20   M    M   2 3      29  20
13  87  63  75  -2   0  10 0.00    M    M  8.0 23  30   M    M   3        28  30
14  91  58  75  -2   0  10 0.00    M    M  7.0 16 150   M    M   1 1      24 130
15  94  62  78   1   0  13 0.00    M    M  6.5 20 170   M    M   1        26 170
16  91  57  74  -3   0   9 0.00  0.0    0  8.2 22 170   M    M   1        27 150
17  95  62  79   2   0  14 0.00    M    M  8.3 20  80   M    M   1        24  60
18  99  63  81   4   0  16    T    M    M  7.9 28 230   M    M   2 3      38 220
19 105  67  86   9   0  21 0.00    M    M  9.9 23 170   M    M   2 128    32 190
20 101  68  85   8   0  20 0.00    M    M  6.9 18 310   M    M   0        24  70
21 103  69  86   9   0  21 0.09    M    M  7.8 30 280   M    M   0 3      41 290
22  91  62  77   0   0  12 0.00    M    M  7.9 22 110   M    M   2 3      27 120
23  97  57  77   0   0  12 0.00    M    M  6.3 15 150   M    M   0        20 150
24  99  60  80   3   0  15 0.00    M    M 13.0 24 170   M    M   0 3      33 190
25 103  70  87  10   0  22    T    M    M 12.4 38 260   M    M   0 3      47 270
26  86  67  77   0   0  12 0.00    M    M 11.1 20 360   M    M   6        25  20
================================================================================
SM 2498 1615         0 374  0.36     0.0 227.9          M       22
================================================================================
AV 96.1 62.1                               8.8 FASTST   M    M   1    MAX(MPH)
                                 MISC ---->  # 49  10               # 62  360
================================================================================
NOTES:
# LAST OF SEVERAL OCCURRENCES

COLUMN 17 PEAK WIND IN M.P.H.

PRELIMINARY LOCAL CLIMATOLOGICAL DATA (WS FORM: F-6) , PAGE 2

                                          STATION:  IMPERIAL
                                          MONTH:    JULY
                                          YEAR:     2017
                                          LATITUDE:   40 31 N
                                          LONGITUDE: 101 37 W

[TEMPERATURE DATA]      [PRECIPITATION DATA]       SYMBOLS USED IN COLUMN 16

AVERAGE MONTHLY: 79.1   TOTAL FOR MONTH:   0.36    1 = FOG OR MIST
DPTR FM NORMAL:   2.8   DPTR FM NORMAL:   -2.08    2 = FOG REDUCING VISIBILITY
HIGHEST:   105 ON 19    GRTST 24HR  0.13 ON  4- 4      TO 1/4 MILE OR LESS
LOWEST:     50 ON  1                               3 = THUNDER
                        SNOW, ICE PELLETS, HAIL    4 = ICE PELLETS
                        TOTAL MONTH:   0.0 INCH    5 = HAIL
                        GRTST 24HR     0.0         6 = FREEZING RAIN OR DRIZZLE
                        GRTST DEPTH:   0           7 = DUSTSTORM OR SANDSTORM:
                                                       VSBY 1/2 MILE OR LESS
                                                   8 = SMOKE OR HAZE
[NO. OF DAYS WITH]      [WEATHER - DAYS WITH]      9 = BLOWING SNOW
                                                   X = TORNADO
MAX 32 OR BELOW:   0    0.01 INCH OR MORE:   4
MAX 90 OR ABOVE:  23    0.10 INCH OR MORE:   2
MIN 32 OR BELOW:   0    0.50 INCH OR MORE:   0
MIN  0 OR BELOW:   0    1.00 INCH OR MORE:   0

[HDD (BASE 65) ]
TOTAL THIS MO.     0    CLEAR  (SCALE 0-3)  25
DPTR FM NORMAL     0    PTCLDY (SCALE 4-7)   1
TOTAL FM JUL 1     0    CLOUDY (SCALE 8-10)  0
DPTR FM NORMAL     0

[CDD (BASE 65) ]
TOTAL THIS MO.   374
DPTR FM NORMAL    78    [PRESSURE DATA]
TOTAL FM JAN 1   617    HIGHEST SLP M ON M
DPTR FM NORMAL    93    LOWEST  SLP 29.67 ON 11

[REMARKS]
