518
CXUS54 KFWD 220730
CF6INJ
PRELIMINARY LOCAL CLIMATOLOGICAL DATA (WS FORM: F-6)

                                          STATION:   HILLSBORO
                                          MONTH:     JANUARY
                                          YEAR:      2018
                                          LATITUDE:   32  0 N
                                          LONGITUDE:  97  6 W

  TEMPERATURE IN F:       :PCPN:    SNOW:  WIND      :SUNSHINE: SKY     :PK WND
================================================================================
1   2   3   4   5  6A  6B    7    8   9   10  11  12  13   14  15   16   17  18
                                     12Z  AVG MX 2MIN
DY MAX MIN AVG DEP HDD CDD  WTR  SNW DPTH SPD SPD DIR MIN PSBL S-S WX    SPD DR
================================================================================

 1  31  17  24 -22  41   0 0.00  0.0    0  8.8 14 360   M    M   1        21 360
 2  28  22  25 -21  40   0 0.00  0.0    0  7.8 13 330   M    M  10        17 330
 3  52  14  33 -13  32   0 0.00  0.0    0  3.5 12 320   M    M   0        17 320
 4  53  25  39  -7  26   0 0.00  0.0    0  4.7 13  50   M    M   0         M  M
 5  62  31  47   1  18   0 0.00  0.0    0  7.4 14 170   M    M   0        17 170
 6  64  37  51   5  14   0 0.00  0.0    0  9.5 16 130   M    M   4        22 130
 7  63  50  57  11   8   0 0.00  0.0    0 12.9 18 150   M    M   8        24 160
 8  61  36  49   3  16   0 0.00  0.0    0 11.5 22 330   M    M   1        25 350
 9  61  34  48   1  17   0 0.00  0.0    0  6.9 13 110   M    M   1 1       M  M
10  64  45  55   8  10   0 0.00  0.0    0 14.0 23 160   M    M   7 1      27 160
11  65  32  49   2  16   0 0.00  0.0    0 21.0 39 310   M    M   5 18     45 310
12  46  23  35 -12  30   0 0.00  0.0    0 13.1 22 320   M    M   0        31 320
13  48  20  34 -13  31   0 0.00  0.0    0  7.0 14 340   M    M   0         M  M
14  56  32  44  -3  21   0 0.00  0.0    0  9.0 16 180   M    M   0        20 180
15  59  29  44  -3  21   0 0.02    M    0 11.4 30 350   M    M   6 1      36 360
16  29  13  21 -26  44   0    M    M    0 14.6 23 340   M    M   7        32 350
17  36   8  22 -25  43   0 0.00  0.0    0  4.2  7  80   M    M   0         M  M
18   M   M   M   M   M   M    M    M    M   M   M   M   M    M   M         M  M
19   M   M   M   M   M   M    M    M    M   M   M   M   M    M   M         M  M
20   M   M   M   M   M   M    M    M    M   M   M   M   M    M   M         M  M
21   M   M   M   M   M   M    M    M    M   M   M   M   M    M   M         M  M
================================================================================
SM  878  468       428   0  0.02     0.0 167.3          M       50
================================================================================
AV 51.7 27.5                               9.8 FASTST   M    M   3    MAX(MPH)
                                 MISC ---->    39   M                 45    M
================================================================================
NOTES:
# LAST OF SEVERAL OCCURRENCES

COLUMN 17 PEAK WIND IN M.P.H.

PRELIMINARY LOCAL CLIMATOLOGICAL DATA (WS FORM: F-6) , PAGE 2

                                          STATION:  HILLSBORO
                                          MONTH:    JANUARY
                                          YEAR:     2018
                                          LATITUDE:   32  0 N
                                          LONGITUDE:  97  6 W

[TEMPERATURE DATA]      [PRECIPITATION DATA]       SYMBOLS USED IN COLUMN 16

AVERAGE MONTHLY: 39.6   TOTAL FOR MONTH:   0.02    1 = FOG OR MIST
DPTR FM NORMAL:  -7.0   DPTR FM NORMAL:   -1.52    2 = FOG REDUCING VISIBILITY
HIGHEST:    65 ON 11    GRTST 24HR  0.02 ON 15-15      TO 1/4 MILE OR LESS
LOWEST:      8 ON 17                               3 = THUNDER
                        SNOW, ICE PELLETS, HAIL    4 = ICE PELLETS
                        TOTAL MONTH:   0.0 INCH    5 = HAIL
                        GRTST 24HR     0.0         6 = FREEZING RAIN OR DRIZZLE
                        GRTST DEPTH:   0           7 = DUSTSTORM OR SANDSTORM:
                                                       VSBY 1/2 MILE OR LESS
                                                   8 = SMOKE OR HAZE
[NO. OF DAYS WITH]      [WEATHER - DAYS WITH]      9 = BLOWING SNOW
                                                   X = TORNADO
MAX 32 OR BELOW:   3    0.01 INCH OR MORE:   1
MAX 90 OR ABOVE:   0    0.10 INCH OR MORE:   0
MIN 32 OR BELOW:  12    0.50 INCH OR MORE:   0
MIN  0 OR BELOW:   0    1.00 INCH OR MORE:   0

[HDD (BASE 65) ]
TOTAL THIS MO.   428    CLEAR  (SCALE 0-3)  10
DPTR FM NORMAL    41    PTCLDY (SCALE 4-7)   5
TOTAL FM JUL 1  1153    CLOUDY (SCALE 8-10)  2
DPTR FM NORMAL  -120

[CDD (BASE 65) ]
TOTAL THIS MO.     0
DPTR FM NORMAL     0    [PRESSURE DATA]
TOTAL FM JAN 1     0    HIGHEST SLP M ON M
DPTR FM NORMAL     0    LOWEST  SLP M ON M

[REMARKS]
