000
CXUS54 KMAF 251100
CF6INK
PRELIMINARY LOCAL CLIMATOLOGICAL DATA (WS FORM: F-6)

                                          STATION:   Wink
                                          MONTH:     MAY
                                          YEAR:      2016
                                          LATITUDE:   31 46 N
                                          LONGITUDE: 103 12 W

  TEMPERATURE IN F:       :PCPN:    SNOW:  WIND      :SUNSHINE: SKY     :PK WND
================================================================================
1   2   3   4   5  6A  6B    7    8   9   10  11  12  13   14  15   16   17  18
                                     12Z  AVG MX 2MIN
DY MAX MIN AVG DEP HDD CDD  WTR  SNW DPTH SPD SPD DIR MIN PSBL S-S WX    SPD DR
================================================================================

 1  67  50  59 -11   6   0    T  0.0    0 17.1 32  60   M    M   7        42  60
 2  72  42  57 -13   8   0 0.00  0.0    0  8.0 18  10   M    M   4        21  10
 3  84  41  63  -8   2   0 0.00  0.0    0  7.1 23  50   M    M   0        29  50
 4  87  45  66  -5   0   1 0.00  0.0    0  5.2 14  30   M    M   0        18  10
 5  89  44  67  -4   0   2 0.00  0.0    0  9.1 20 160   M    M   0        30 150
 6  94  61  78   6   0  13    T  0.0    0 20.6 35 140   M    M   0        44 140
 7  97  64  81   9   0  16 0.00  0.0    0 17.3 33 140   M    M   0        43 130
 8  95  58  77   5   0  12 0.00  0.0    0 11.7 30 260   M    M   0        39 260
 9  87  53  70  -3   0   5 0.00  0.0    0 16.9 36 270   M    M   0        45 280
10  95  51  73   0   0   8 0.00  0.0    0 11.0 26 220   M    M   0        36 200
11  96  51  74   1   0   9 0.00  0.0    0  5.5 16 190   M    M   0        20 190
12  82  64  73  -1   0   8 0.00  0.0    0 11.5 28  50   M    M   5        36  40
13  93  63  78   4   0  13 0.00  0.0    0 11.8 23 180   M    M   2        30 170
14  81  60  71  -3   0   6 0.00  0.0    0 13.9 25  30   M    M   1        30  40
15  80  59  70  -4   0   5    T  0.0    0 12.0 29 170   M    M   6        33 170
16  95  56  76   1   0  11 0.00  0.0    0 12.0 25 250   M    M   0        31 240
17  75  54  65 -10   0   0    T  0.0    0 16.3 28  10   M    M   7        35 360
18  56  51  54 -22  11   0 0.12  0.0    0  9.6 17  40   M    M  10        22  40
19  72  53  63 -13   2   0 0.00  0.0    0  5.3 13 130   M    M   7        16 120
20  93  55  74  -2   0   9 0.00  0.0    0 10.2 21 150   M    M   0        28 140
21  95  66  81   5   0  16 0.47  0.0    0 16.5 52 200   M    M   4        66 210
22  97  71  84   7   0  19 0.00  0.0    0 92.1101 100   M    M   1       112  90
23  99  70  85   8   0  20 0.00  0.0    0   M   M   M   M    M   0         M  M
24  98  69  84   7   0  19 0.00  0.0    0   M   M   M   M    M   0         M  M
================================================================================
SM 2079 1351        29 192  0.59     0.0 340.7          M       54
================================================================================
AV 86.6 56.3                              15.5 FASTST   M    M   2    MAX(MPH)
                                 MISC ---->  #101 100               #112   90
================================================================================
NOTES:
# LAST OF SEVERAL OCCURRENCES

COLUMN 17 PEAK WIND IN M.P.H.

PRELIMINARY LOCAL CLIMATOLOGICAL DATA (WS FORM: F-6) , PAGE 2

                                          STATION:  Wink
                                          MONTH:    MAY
                                          YEAR:     2016
                                          LATITUDE:   31 46 N
                                          LONGITUDE: 103 12 W

[TEMPERATURE DATA]      [PRECIPITATION DATA]       SYMBOLS USED IN COLUMN 16

AVERAGE MONTHLY: 71.5   TOTAL FOR MONTH:   0.59    1 = FOG OR MIST
DPTR FM NORMAL:  -2.2   DPTR FM NORMAL:   -0.61    2 = FOG REDUCING VISIBILITY
HIGHEST:    99 ON 23    GRTST 24HR  0.47 ON 21-21      TO 1/4 MILE OR LESS
LOWEST:     41 ON  3                               3 = THUNDER
                        SNOW, ICE PELLETS, HAIL    4 = ICE PELLETS
                        TOTAL MONTH:   0.0 INCH    5 = HAIL
                        GRTST 24HR     0.0         6 = FREEZING RAIN OR DRIZZLE
                        GRTST DEPTH:   0           7 = DUSTSTORM OR SANDSTORM:
                                                       VSBY 1/2 MILE OR LESS
                                                   8 = SMOKE OR HAZE
[NO. OF DAYS WITH]      [WEATHER - DAYS WITH]      9 = BLOWING SNOW
                                                   X = TORNADO
MAX 32 OR BELOW:   0    0.01 INCH OR MORE:   2
MAX 90 OR ABOVE:  12    0.10 INCH OR MORE:   2
MIN 32 OR BELOW:   0    0.50 INCH OR MORE:   0
MIN  0 OR BELOW:   0    1.00 INCH OR MORE:   0

[HDD (BASE 65) ]
TOTAL THIS MO.    29    CLEAR  (SCALE 0-3)  16
DPTR FM NORMAL    21    PTCLDY (SCALE 4-7)   7
TOTAL FM JUL 1  1987    CLOUDY (SCALE 8-10)  1
DPTR FM NORMAL  -526

[CDD (BASE 65) ]
TOTAL THIS MO.   192
DPTR FM NORMAL   -26    [PRESSURE DATA]
TOTAL FM JAN 1   290    HIGHEST SLP M ON M
DPTR FM NORMAL   -52    LOWEST  SLP 29.46 ON  8

[REMARKS]
