000
CXUS54 KMAF 261100
CF6INK
PRELIMINARY LOCAL CLIMATOLOGICAL DATA (WS FORM: F-6)

                                          STATION:   Wink
                                          MONTH:     MARCH
                                          YEAR:      2015
                                          LATITUDE:   31 46 N
                                          LONGITUDE: 103 12 W

  TEMPERATURE IN F:       :PCPN:    SNOW:  WIND      :SUNSHINE: SKY     :PK WND
================================================================================
1   2   3   4   5  6A  6B    7    8   9   10  11  12  13   14  15   16   17  18
                                     12Z  AVG MX 2MIN
DY MAX MIN AVG DEP HDD CDD  WTR  SNW DPTH SPD SPD DIR MIN PSBL S-S WX    SPD DR
================================================================================

 1  44  34  39 -14  26   0 0.00  0.0    0  6.3 17  70   M    M  10 18     20  70
 2  44  34  39 -14  26   0 0.00  0.0    0  7.4 13  60   M    M  10 1      16  30
 3  70  41  56   2   9   0    T    M    0  5.3 14 330   M    M   7 12     16 300
 4  55  28  42 -12  23   0 0.46    M    0 11.5 30  30   M    M   8 1      36  30
 5  43  27  35 -19  30   0 0.00  0.0    0  6.5 21  30   M    M   5        26  30
 6  58  23  41 -13  24   0 0.00  0.0    0  6.1 13 140   M    M   0        20 160
 7  61  31  46  -8  19   0 0.00  0.0    0  6.9 20 140   M    M   0        26 140
 8  72  38  55   0  10   0    T    M    0  6.5 16 150   M    M   2        19 150
 9  67  46  57   2   8   0 0.00  0.0    0  6.8 14  80   M    M   4        18  80
10  70  38  54  -1  11   0 0.00  0.0    0  4.6 21  10   M    M   2 12     27  10
11  72  43  58   2   7   0    T    M    0  6.3 17 120   M    M   3 3      21 120
12  72  39  56   0   9   0 0.00  0.0    0  4.7 13 130   M    M   0        16 150
13  72  38  55  -1  10   0    T  0.0    0  4.8 14 280   M    M   2        17 290
14  72  44  58   2   7   0 0.00  0.0    0 10.7 23  40   M    M   2        32  30
15  71  35  53  -3  12   0 0.00  0.0    0  6.6 12 150   M    M   0        16 140
16  77  44  61   4   4   0 0.00  0.0    0  8.9 17 140   M    M   0        22 130
17  61  49  55  -2  10   0 0.72    M    0 11.0 24  40   M    M   8 1      32  40
18  67  47  57   0   8   0    T    M    0  6.0 12 220   M    M   6        14 200
19  75  50  63   5   2   0 0.02  0.0    0  7.1 18 190   M    M   3        23 180
20  60  49  55  -3  10   0 0.20    M    0  8.5 23  40   M    M   8 18     30  50
21  60  50  55  -3  10   0 0.02  0.0    0  4.7 16  50   M    M   9 18     19  50
22  81  42  62   4   3   0 0.00  0.0    0  7.6 15 270   M    M   2 12     18 270
23  85  44  65   6   0   0 0.00  0.0    0  8.1 23 240   M    M   0        36 250
24  84  47  66   7   0   1 0.00  0.0    0  6.0 17 240   M    M   0        21 240
25  84  45  65   6   0   0 0.00  0.0    0 12.8 40  20   M    M   0 8      48  10
================================================================================
SM 1677 1006       278   1  1.42     0.0 181.7          M       91
================================================================================
AV 67.1 40.2                               7.3 FASTST   M    M   4    MAX(MPH)
                                 MISC ---->  # 40  20               # 48   10
================================================================================
NOTES:
# LAST OF SEVERAL OCCURRENCES

COLUMN 17 PEAK WIND IN M.P.H.

PRELIMINARY LOCAL CLIMATOLOGICAL DATA (WS FORM: F-6) , PAGE 2

                                          STATION:  Wink
                                          MONTH:    MARCH
                                          YEAR:     2015
                                          LATITUDE:   31 46 N
                                          LONGITUDE: 103 12 W

[TEMPERATURE DATA]      [PRECIPITATION DATA]       SYMBOLS USED IN COLUMN 16

AVERAGE MONTHLY: 53.7   TOTAL FOR MONTH:   1.42    1 = FOG OR MIST
DPTR FM NORMAL:  -2.4   DPTR FM NORMAL:    0.82    2 = FOG REDUCING VISIBILITY
HIGHEST:    85 ON 23    GRTST 24HR  0.72 ON 17-17      TO 1/4 MILE OR LESS
LOWEST:     23 ON  6                               3 = THUNDER
                        SNOW, ICE PELLETS, HAIL    4 = ICE PELLETS
                        TOTAL MONTH:   0.0 INCH    5 = HAIL
                        GRTST 24HR     0.0         6 = FREEZING RAIN OR DRIZZLE
                        GRTST DEPTH:   0           7 = DUSTSTORM OR SANDSTORM:
                                                       VSBY 1/2 MILE OR LESS
                                                   8 = SMOKE OR HAZE
[NO. OF DAYS WITH]      [WEATHER - DAYS WITH]      9 = BLOWING SNOW
                                                   X = TORNADO
MAX 32 OR BELOW:   0    0.01 INCH OR MORE:   5
MAX 90 OR ABOVE:   0    0.10 INCH OR MORE:   3
MIN 32 OR BELOW:   4    0.50 INCH OR MORE:   1
MIN  0 OR BELOW:   0    1.00 INCH OR MORE:   0

[HDD (BASE 65) ]
TOTAL THIS MO.   278    CLEAR  (SCALE 0-3)  15
DPTR FM NORMAL    41    PTCLDY (SCALE 4-7)   5
TOTAL FM JUL 1  2408    CLOUDY (SCALE 8-10)  5
DPTR FM NORMAL    32

[CDD (BASE 65) ]
TOTAL THIS MO.     1
DPTR FM NORMAL    -8    [PRESSURE DATA]
TOTAL FM JAN 1     1    HIGHEST SLP M ON M
DPTR FM NORMAL    -9    LOWEST  SLP 29.67 ON  3

[REMARKS]
