000
CXUS53 KDLH 270638
CF6INL
PRELIMINARY LOCAL CLIMATOLOGICAL DATA (WS FORM: F-6)

                                          STATION:   INTERNATIONAL FLS
                                          MONTH:     MARCH
                                          YEAR:      2017
                                          LATITUDE:   48 34 N
                                          LONGITUDE:  93 23 W

  TEMPERATURE IN F:       :PCPN:    SNOW:  WIND      :SUNSHINE: SKY     :PK WND
================================================================================
1   2   3   4   5  6A  6B    7    8   9   10  11  12  13   14  15   16   17  18
                                     12Z  AVG MX 2MIN
DY MAX MIN AVG DEP HDD CDD  WTR  SNW DPTH SPD SPD DIR MIN PSBL S-S WX    SPD DR
================================================================================

 1  24   5  15  -1  50   0    T    T   10  6.1 14 300   M    M   3 8      18 360
 2  12  -2   5 -12  60   0 0.00  0.0   10  9.4 18 290   M    M   0        23 280
 3  22 -15   4 -13  61   0 0.00  0.0   10  4.2  9 130   M    M   0        11 140
 4  42   7  25   7  40   0 0.00  0.0   10 11.6 22 140   M    M   0        30 130
 5  46  31  39  21  26   0 0.00  0.0   10  9.2 15 140   M    M   4        22 140
 6  46  36  41  22  24   0    T  0.0    8 11.8 21 120   M    M  10 1      27 120
 7  37  11  24   5  41   0 0.06  0.3    7 18.9 32 240   M    M   9 128    56 260
 8  16   5  11  -9  54   0 0.01    T    7 19.2 31 280   M    M   7 89     43 280
 9  11  -6   3 -17  62   0 0.00  0.0    7 12.4 21 320   M    M   0        28 300
10   6 -13  -3 -23  68   0 0.00  0.0    7 10.0 20 300   M    M   0        25 290
11  14 -10   2 -19  63   0 0.00  0.0    7  6.7 14 350   M    M   0        18 310
12  18   2  10 -12  55   0 0.00  0.0    7  5.2 13  40   M    M   2 8      17  10
13  21  -4   9 -13  56   0 0.00  0.0    7  2.5 10  50   M    M   0        13 350
14  28  -6  11 -11  54   0 0.00  0.0    7  1.8 12 280   M    M   0 18     15 290
15  35   0  18  -5  47   0 0.00  0.0    7  2.7 14 240   M    M   0        19 230
16  43  14  29   5  36   0 0.09  1.0    6  7.8 16 140   M    M   4 1      20 140
17  34  26  30   6  35   0 0.28  2.8   10 10.6 23 310   M    M  10 1      31 310
18  30  16  23  -1  42   0    T    T    8  9.3 22 330   M    M   6 8      26 320
19  47  27  37  12  28   0 0.00  0.0    8 10.0 20 210   M    M   2        28 150
20  48  20  34   8  31   0    T    T    7 11.7 31 310   M    M   2 1      42 290
21  25  11  18  -8  47   0 0.00  0.0    6 11.0 23 300   M    M   2        29 300
22  35   5  20  -7  45   0 0.01  0.1    6  7.2 16 160   M    M   4 18     26 170
23  40  28  34   7  31   0 0.23  0.3    5  6.5 17 210   M    M   7 1      24 200
24  39  31  35   7  30   0 0.00  0.0    5  5.2 12 360   M    M  10 1      15  20
25  41  31  36   8  29   0 0.00  0.0    4  8.4 17 140   M    M   6        22 140
26  48  29  39  10  26   0 0.00  0.0    4  3.0  9 170   M    M   8        12 170
================================================================================
SM  808  279      1141   0  0.68     4.5 222.4          M       96
================================================================================
AV 31.1 10.7                               8.6 FASTST   M    M   4    MAX(MPH)
                                 MISC ---->  # 32 240               # 56  260
================================================================================
NOTES:
# LAST OF SEVERAL OCCURRENCES

COLUMN 17 PEAK WIND IN M.P.H.

PRELIMINARY LOCAL CLIMATOLOGICAL DATA (WS FORM: F-6) , PAGE 2

                                          STATION:  INTERNATIONAL FLS
                                          MONTH:    MARCH
                                          YEAR:     2017
                                          LATITUDE:   48 34 N
                                          LONGITUDE:  93 23 W

[TEMPERATURE DATA]      [PRECIPITATION DATA]       SYMBOLS USED IN COLUMN 16

AVERAGE MONTHLY: 20.9   TOTAL FOR MONTH:   0.68    1 = FOG OR MIST
DPTR FM NORMAL:  -1.5   DPTR FM NORMAL:   -0.08    2 = FOG REDUCING VISIBILITY
HIGHEST:    48 ON 26,20 GRTST 24HR  0.28 ON 17-17      TO 1/4 MILE OR LESS
LOWEST:    -15 ON  3                               3 = THUNDER
                        SNOW, ICE PELLETS, HAIL    4 = ICE PELLETS
                        TOTAL MONTH:   4.5 INCHES  5 = HAIL
                        GRTST 24HR   2.8 ON   M    6 = FREEZING RAIN OR DRIZZLE
                        GRTST DEPTH:  10 ON 17, 5  7 = DUSTSTORM OR SANDSTORM:
                                                       VSBY 1/2 MILE OR LESS
                                                   8 = SMOKE OR HAZE
[NO. OF DAYS WITH]      [WEATHER - DAYS WITH]      9 = BLOWING SNOW
                                                   X = TORNADO
MAX 32 OR BELOW:  12    0.01 INCH OR MORE:   6
MAX 90 OR ABOVE:   0    0.10 INCH OR MORE:   2
MIN 32 OR BELOW:  25    0.50 INCH OR MORE:   0
MIN  0 OR BELOW:   8    1.00 INCH OR MORE:   0

[HDD (BASE 65) ]
TOTAL THIS MO.  1141    CLEAR  (SCALE 0-3)  13
DPTR FM NORMAL    35    PTCLDY (SCALE 4-7)   8
TOTAL FM JUL 1  7615    CLOUDY (SCALE 8-10)  5
DPTR FM NORMAL -1074

[CDD (BASE 65) ]
TOTAL THIS MO.     0
DPTR FM NORMAL     0    [PRESSURE DATA]
TOTAL FM JAN 1     0    HIGHEST SLP M ON M
DPTR FM NORMAL     0    LOWEST  SLP 29.03 ON  7

[REMARKS]
