000
CXUS56 KFGZ 300900
CF6INW
PRELIMINARY LOCAL CLIMATOLOGICAL DATA (WS FORM: F-6)

                                          STATION:   WINSLOW AZ AIRPORT
                                          MONTH:     JANUARY
                                          YEAR:      2015
                                          LATITUDE:   35  1 N
                                          LONGITUDE: 110 44 W

  TEMPERATURE IN F:       :PCPN:    SNOW:  WIND      :SUNSHINE: SKY     :PK WND
================================================================================
1   2   3   4   5  6A  6B    7    8   9   10  11  12  13   14  15   16   17  18
                                     12Z  AVG MX 2MIN
DY MAX MIN AVG DEP HDD CDD  WTR  SNW DPTH SPD SPD DIR MIN PSBL S-S WX    SPD DR
================================================================================

 1  31   3  17 -17  48   0 0.12    M    M  4.4 10 290   M    M   5 1      14 280
 2  28   7  18 -16  47   0 0.00    M    M  6.9 16 310   M    M   7 1      19 310
 3  38   4  21 -13  44   0 0.00    M    M  4.6 10 130   M    M   0        13 130
 4  46  12  29  -5  36   0 0.00    M    M  5.1 14 120   M    M   0        16 120
 5  47  16  32  -2  33   0 0.00    M    M  3.0  8 310   M    M   0         9 310
 6  49  20  35   1  30   0 0.00    M    M  2.4  9 270   M    M   0        10 260
 7  53  22  38   4  27   0 0.00    M    M  1.8  8 300   M    M   0        10 310
 8  53  21  37   3  28   0 0.00    M    M  2.9  8 300   M    M   0        10 310
 9  57  23  40   6  25   0 0.00    M    M  3.1 10 300   M    M   0        13 300
10  51  29  40   6  25   0 0.11    M    M  2.8 13 240   M    M   7 1      15 250
11  55  36  46  12  19   0 0.11    M    M  3.5 18 220   M    M   9 1      23 200
12  53  37  45  10  20   0 0.60    M    M  3.3 13 210   M    M   8 1      15 210
13  43  34  39   4  26   0 0.16    M    M  4.6 18 310   M    M   8 1      23 310
14  47  32  40   5  25   0 0.00    M    M  4.3 10 320   M    M   7        13 330
15  49  26  38   3  27   0 0.00    M    M  3.0  8 250   M    M   0 1      11 250
16  48  24  36   1  29   0 0.00    M    M  4.1 10 130   M    M   2 12     12 120
17  55  24  40   5  25   0 0.00    M    M  1.9  8 220   M    M   0 1      10 320
18  56  28  42   7  23   0 0.00    M    M  4.0  9 130   M    M   0        12 120
19  59  27  43   8  22   0 0.00    M    M  4.0 10 110   M    M   0        12 130
20  55  26  41   5  24   0 0.00    M    M  2.8 12 240   M    M   0        12 240
21  44  26  35  -1  30   0 0.03    M    M  6.9 20 330   M    M   6        23 340
22  43  22  33  -3  32   0 0.00    M    M  6.6 15  60   M    M   1        22  50
23  48  16  32  -4  33   0 0.00    M    M  3.5 10 320   M    M   0        14 330
24  51  18  35  -1  30   0 0.00    M    M  3.7 10 230   M    M   0        13 330
25  57  21  39   3  26   0 0.00    M    M  2.0  8 220   M    M   0        10 290
26  56  25  41   5  24   0 0.00  0.0    0  3.6  9 210   M    M   1        12 130
27  65  33  49  13  16   0    T    M    M  6.7 17 230   M    M   4        22 210
28  59  26  43   6  22   0 0.00    M    M  2.9  9 310   M    M   1 12     12 340
29  57  38  48  11  17   0 0.16    M    M  2.7  9 290   M    M   4 1      12  40
================================================================================
SM 1453  676       813   0  1.29     0.0 111.1          M       70
================================================================================
AV 50.1 23.3                               3.8 FASTST   M    M   2    MAX(MPH)
                                 MISC ---->  # 20 330               # 23  200
================================================================================
NOTES:
# LAST OF SEVERAL OCCURRENCES

COLUMN 17 PEAK WIND IN M.P.H.

PRELIMINARY LOCAL CLIMATOLOGICAL DATA (WS FORM: F-6) , PAGE 2

                                          STATION:  WINSLOW AZ AIRPORT
                                          MONTH:    JANUARY
                                          YEAR:     2015
                                          LATITUDE:   35  1 N
                                          LONGITUDE: 110 44 W

[TEMPERATURE DATA]      [PRECIPITATION DATA]       SYMBOLS USED IN COLUMN 16

AVERAGE MONTHLY: 36.7   TOTAL FOR MONTH:   1.29    1 = FOG OR MIST
DPTR FM NORMAL:   1.7   DPTR FM NORMAL:    0.80    2 = FOG REDUCING VISIBILITY
HIGHEST:    65 ON 27    GRTST 24HR  0.62 ON 11-12      TO 1/4 MILE OR LESS
LOWEST:      3 ON  1                               3 = THUNDER
                        SNOW, ICE PELLETS, HAIL    4 = ICE PELLETS
                        TOTAL MONTH:   0.0 INCH    5 = HAIL
                        GRTST 24HR     0.0         6 = FREEZING RAIN OR DRIZZLE
                        GRTST DEPTH:   0           7 = DUSTSTORM OR SANDSTORM:
                                                       VSBY 1/2 MILE OR LESS
                                                   8 = SMOKE OR HAZE
[NO. OF DAYS WITH]      [WEATHER - DAYS WITH]      9 = BLOWING SNOW
                                                   X = TORNADO
MAX 32 OR BELOW:   2    0.01 INCH OR MORE:   7
MAX 90 OR ABOVE:   0    0.10 INCH OR MORE:   6
MIN 32 OR BELOW:  24    0.50 INCH OR MORE:   1
MIN  0 OR BELOW:   0    1.00 INCH OR MORE:   0

[HDD (BASE 65) ]
TOTAL THIS MO.   813    CLEAR  (SCALE 0-3)  19
DPTR FM NORMAL   -55    PTCLDY (SCALE 4-7)   7
TOTAL FM JUL 1  2397    CLOUDY (SCALE 8-10)  3
DPTR FM NORMAL  -349

[CDD (BASE 65) ]
TOTAL THIS MO.     0
DPTR FM NORMAL     0    [PRESSURE DATA]
TOTAL FM JAN 1     0    HIGHEST SLP M ON M
DPTR FM NORMAL     0    LOWEST  SLP 29.83 ON  1

[REMARKS]
