000
CXUS55 KPSR 271005
CF6IPL
PRELIMINARY LOCAL CLIMATOLOGICAL DATA (WS FORM: F-6)

                                          STATION:   IMPERIAL CA
                                          MONTH:     MAY
                                          YEAR:      2016
                                          LATITUDE:   32 50 N
                                          LONGITUDE: 115 35 W

  TEMPERATURE IN F:       :PCPN:    SNOW:  WIND      :SUNSHINE: SKY     :PK WND
================================================================================
1   2   3   4   5  6A  6B    7    8   9   10  11  12  13   14  15   16   17  18
                                     12Z  AVG MX 2MIN
DY MAX MIN AVG DEP HDD CDD  WTR  SNW DPTH SPD SPD DIR MIN PSBL S-S WX    SPD DR
================================================================================

 1  86  59  73  -1   0   8 0.00  0.0    0  4.5 14  70   M    M   0 8      19  50
 2  91  60  76   1   0  11 0.00  0.0    0  3.2 13  90   M    M   0        16  90
 3  97  63  80   5   0  15 0.00  0.0    0  4.1 10  70   M    M   0        13  80
 4 101  64  83   8   0  18 0.00  0.0    0  7.2 26 140   M    M   0 8      30 140
 5  86  65  76   0   0  11 0.00  0.0    0 18.3 31 260   M    M   1 8      40 250
 6  79  62  71  -5   0   6    T  0.0    0 13.4 24 240   M    M   3        28 240
 7  82  57  70  -6   0   5 0.00  0.0    0 10.4 18 260   M    M   1 8      22 260
 8  86  59  73  -3   0   8 0.00  0.0    0  9.5 21 260   M    M   0        27 260
 9  89  60  75  -2   0  10 0.00  0.0    0  5.0 14 200   M    M   0        17 190
10  95  61  78   1   0  13 0.00  0.0    0  6.5 20 140   M    M   0        22 140
11  97  63  80   3   0  15 0.00  0.0    0  3.7 10  40   M    M   0        16  60
12 102  66  84   6   0  19 0.00  0.0    0  4.4 13 110   M    M   0 8      17  80
13 102  69  86   8   0  21 0.00  0.0    0  5.4 15 130   M    M   0        18 230
14 102  70  86   8   0  21 0.00  0.0    0  7.1 21 250   M    M   0        26 260
15  91  64  78   0   0  13 0.00  0.0    0 13.8 29 260   M    M   0 8      38 270
16  93  64  79   0   0  14 0.00  0.0    0  8.2 18 250   M    M   0        23 250
17  93  64  79   0   0  14 0.00  0.0    0  6.6 20 340   M    M   1        26 350
18  97  64  81   2   0  16 0.00  0.0    0  5.8 12 200   M    M   0 8      16  40
19 103  71  87   7   0  22 0.00  0.0    0  9.0 18 250   M    M   0        30 270
20  96  67  82   2   0  17 0.00  0.0    0 13.4 25 280   M    M   2 8      40 280
21  84  61  73  -7   0   8 0.00  0.0    0 19.0 31 290   M    M   1 8      46 280
22  87  57  72  -8   0   7 0.00  0.0    0  8.3 22 270   M    M   0        30 260
23  89  60  75  -5   0  10 0.00  0.0    0 12.4 25 270   M    M   0 8      33 270
24  86  62  74  -7   0   9 0.00  0.0    0 18.8 30 260   M    M   0 8      36 250
25  84  56  70 -11   0   5 0.00  0.0    0 15.8 31 250   M    M   0        40 250
26  91  58  75  -6   0  10 0.00  0.0    0  7.4 13 250   M    M   0        17 240
================================================================================
SM 2389 1626         0 326    T      0.0 241.2          M        9
================================================================================
AV 91.9 62.5                               9.3 FASTST   M    M   0    MAX(MPH)
                                 MISC ---->    31   M               # 46  280
================================================================================
NOTES:
# LAST OF SEVERAL OCCURRENCES

COLUMN 17 PEAK WIND IN M.P.H.

PRELIMINARY LOCAL CLIMATOLOGICAL DATA (WS FORM: F-6) , PAGE 2

                                          STATION:  IMPERIAL CA
                                          MONTH:    MAY
                                          YEAR:     2016
                                          LATITUDE:   32 50 N
                                          LONGITUDE: 115 35 W

[TEMPERATURE DATA]      [PRECIPITATION DATA]       SYMBOLS USED IN COLUMN 16

AVERAGE MONTHLY: 77.2   TOTAL FOR MONTH:      T    1 = FOG OR MIST
DPTR FM NORMAL:  -0.7   DPTR FM NORMAL:   -0.05    2 = FOG REDUCING VISIBILITY
HIGHEST:   103 ON 19    GRTST 24HR    T  ON  6- 6      TO 1/4 MILE OR LESS
LOWEST:     56 ON 25                               3 = THUNDER
                        SNOW, ICE PELLETS, HAIL    4 = ICE PELLETS
                        TOTAL MONTH:   0.0 INCH    5 = HAIL
                        GRTST 24HR     0.0         6 = FREEZING RAIN OR DRIZZLE
                        GRTST DEPTH:   0           7 = DUSTSTORM OR SANDSTORM:
                                                       VSBY 1/2 MILE OR LESS
                                                   8 = SMOKE OR HAZE
[NO. OF DAYS WITH]      [WEATHER - DAYS WITH]      9 = BLOWING SNOW
                                                   X = TORNADO
MAX 32 OR BELOW:   0    0.01 INCH OR MORE:   0
MAX 90 OR ABOVE:  15    0.10 INCH OR MORE:   0
MIN 32 OR BELOW:   0    0.50 INCH OR MORE:   0
MIN  0 OR BELOW:   0    1.00 INCH OR MORE:   0

[HDD (BASE 65) ]
TOTAL THIS MO.     0    CLEAR  (SCALE 0-3)  26
DPTR FM NORMAL     0    PTCLDY (SCALE 4-7)   0
TOTAL FM JUL 1   761    CLOUDY (SCALE 8-10)  0
DPTR FM NORMAL  -267

[CDD (BASE 65) ]
TOTAL THIS MO.   326
DPTR FM NORMAL   -10    [PRESSURE DATA]
TOTAL FM JAN 1   834    HIGHEST SLP M ON M
DPTR FM NORMAL   255    LOWEST  SLP 29.57 ON  5

[REMARKS]
