000
CXUS55 KPSR 251005
CF6IPL
PRELIMINARY LOCAL CLIMATOLOGICAL DATA (WS FORM: F-6)
STATION: IMPERIAL CA
MONTH: APRIL
YEAR: 2024
LATITUDE: 32 50 N
LONGITUDE: 115 35 W
TEMPERATURE IN F: :PCPN: SNOW: WIND :SUNSHINE: SKY :PK WND
================================================================================
1 2 3 4 5 6A 6B 7 8 9 10 11 12 13 14 15 16 17 18
12Z AVG MX 2MIN
DY MAX MIN AVG DEP HDD CDD WTR SNW DPTH SPD SPD DIR MIN PSBL S-S WX SPD DR
================================================================================
1 72 50 61 -7 4 0 0.00 0.0 M 5.5 12 300 M M 4 17 300
2 81 50 66 -2 0 1 0.00 0.0 0 7.6 15 360 M M 0 22 350
3 86 50 68 -1 0 3 0.00 M M 6.5 12 270 M M 0 18 60
4 83 58 71 2 0 6 0.00 M M 16.2 35 270 M M 0 50 260
5 65 48 57 -12 8 0 0.00 M M 18.8 37 280 M M 2 54 280
6 71 46 59 -10 6 0 0.00 M M 4.7 13 290 M M 0 19 260
7 77 44 61 -8 4 0 0.00 M M 6.5 20 270 M M 0 26 260
8 79 48 64 -5 1 0 0.00 M M 12.7 22 350 M M 0 30 270
9 84 55 70 0 0 5 0.00 M M 10.1 24 360 M M 0 31 350
10 91 53 72 2 0 7 0.00 M M 4.6 10 20 M M 0 21 350
11 93 56 75 5 0 10 0.00 M M 4.4 10 210 M M 0 14 260
12 93 59 76 6 0 11 0.00 M M 11.2 25 170 M M 0 41 170
13 81 52 67 -3 0 2 0.00 M M 10.2 29 280 M M 0 42 270
14 75 56 66 -4 0 1 0.00 M M 17.8 32 260 M M 0 43 260
15 80 51 66 -5 0 1 0.00 M M 6.9 18 260 M M 0 25 270
16 87 51 69 -2 0 4 0.00 M M 4.6 9 250 M M 0 14 210
17 94 59 77 6 0 12 0.00 M M 6.0 15 240 M M 0 8 21 230
18 92 58 75 4 0 10 0.00 M M 7.6 14 290 M M 0 20 280
19 93 57 75 3 0 10 0.00 M M 8.5 24 260 M M 0 33 260
20 94 62 78 6 0 13 0.00 M M 5.1 13 140 M M 0 16 150
21 97 60 79 7 0 14 0.00 M M 3.9 9 150 M M 0 11 160
22 98 63 81 9 0 16 0.00 0.0 M M 3 130 M M 0 5 140
23 92 62 77 5 0 12 0.00 0.0 M 8.6 23 270 M M 0 31 280
24 90 62 76 3 0 11 0.00 0.0 M 14.5 32 260 M M 0 44 260
================================================================================
SM 2048 1310 23 149 0.00 0.0 202.5 M 6
================================================================================
AV 85.3 54.6 8.8 FASTST M M 0 MAX(MPH)
MISC ----> 37 280 54 280
================================================================================
NOTES:
# LAST OF SEVERAL OCCURRENCES
COLUMN 17 PEAK WIND IN M.P.H.
PRELIMINARY LOCAL CLIMATOLOGICAL DATA (WS FORM: F-6) , PAGE 2
STATION: IMPERIAL CA
MONTH: APRIL
YEAR: 2024
LATITUDE: 32 50 N
LONGITUDE: 115 35 W
[TEMPERATURE DATA] [PRECIPITATION DATA] SYMBOLS USED IN COLUMN 16
AVERAGE MONTHLY: 70.0 TOTAL FOR MONTH: 0.00 1 = FOG OR MIST
DPTR FM NORMAL: -0.3 DPTR FM NORMAL: -0.07 2 = FOG REDUCING VISIBILITY
HIGHEST: 98 ON 22 GRTST 24HR T ON 12-12 TO 1/4 MILE OR LESS
LOWEST: 44 ON 7 3 = THUNDER
SNOW, ICE PELLETS, HAIL 4 = ICE PELLETS
TOTAL MONTH: 0.0 INCH 5 = HAIL
GRTST 24HR 0.0 6 = FREEZING RAIN OR DRIZZLE
GRTST DEPTH: 0 7 = DUSTSTORM OR SANDSTORM:
VSBY 1/2 MILE OR LESS
8 = SMOKE OR HAZE
[NO. OF DAYS WITH] [WEATHER - DAYS WITH] 9 = BLOWING SNOW
X = TORNADO
MAX 32 OR BELOW: 0 0.01 INCH OR MORE: 0
MAX 90 OR ABOVE: 11 0.10 INCH OR MORE: 0
MIN 32 OR BELOW: 0 0.50 INCH OR MORE: 0
MIN 0 OR BELOW: 0 1.00 INCH OR MORE: 0
[HDD (BASE 65) ]
TOTAL THIS MO. 23 CLEAR (SCALE 0-3) 23
DPTR FM NORMAL 11 PTCLDY (SCALE 4-7) 1
TOTAL FM JUL 1 802 CLOUDY (SCALE 8-10) 0
DPTR FM NORMAL -160
[CDD (BASE 65) ]
TOTAL THIS MO. 149
DPTR FM NORMAL 9 [PRESSURE DATA]
TOTAL FM JAN 1 188 HIGHEST SLP M ON M
DPTR FM NORMAL -51 LOWEST SLP 29.65 ON 22
[REMARKS]