000
CXUS51 KOKX 260701
CF6ISP
PRELIMINARY LOCAL CLIMATOLOGICAL DATA (WS FORM: F-6)

                                          STATION:   ISLIP NY
                                          MONTH:     FEBRUARY
                                          YEAR:      2015
                                          LATITUDE:   40 47 N
                                          LONGITUDE:  73  6 W

  TEMPERATURE IN F:       :PCPN:    SNOW:  WIND      :SUNSHINE: SKY     :PK WND
================================================================================
1   2   3   4   5  6A  6B    7    8   9   10  11  12  13   14  15   16   17  18
                                     12Z  AVG MX 2MIN
DY MAX MIN AVG DEP HDD CDD  WTR  SNW DPTH SPD SPD DIR MIN PSBL S-S WX    SPD DR
================================================================================

 1  37   6  22  -9  43   0 0.02  0.2   17  4.9 14 320   M    M   5        18 310
 2  34  17  26  -5  39   0 1.41  4.9   15 16.7 29 330   M    M  10 124689 36 330
 3  24   9  17 -14  48   0 0.00  0.0   16  7.5 22 300   M    M   3        28 300
 4  40  11  26  -5  39   0 0.00  0.0   16  9.3 23 190   M    M   7 1      31 220
 5  38  13  26  -5  39   0 0.05  0.7   13 17.4 30 320   M    M   5        39 320
 6  25   7  16 -16  49   0 0.00  0.0   14  9.0 23 290   M    M   4        30 260
 7  36  12  24  -8  41   0    T    T   13  4.9 16 240   M    M   9        20 250
 8  39  26  33   1  32   0    T    T   12 11.1 22  40   M    M  10 18     26  40
 9  28  24  26  -6  39   0    T    T   10 15.8 22  20   M    M  10 46     30  40
10  35  23  29  -3  36   0    T    T   10 16.4 24  20   M    M   8 46     32  10
11  30  20  25  -7  40   0 0.00  0.0    9 10.4 24  30   M    M   4        30  30
12  36  19  28  -4  37   0 0.01  0.2    9  8.7 29 320   M    M   7        37 310
13  20   9  15 -17  50   0 0.00  0.0    9 13.9 26 320   M    M   1        36 320
14  34   7  21 -11  44   0 0.06  1.4    9  6.7 22 190   M    M   8 1      31 190
15  27   4  16 -17  49   0    T    T   10 24.9 41 330   M    M   6 189    56 340
16  19   3  11 -22  54   0 0.00  0.0   10 13.0 26 300   M    M   6        35 300
17  24  10  17 -16  48   0 0.15  3.4   13  6.7 17  30   M    M   8 1      22  40
18  31   7  19 -14  46   0 0.00  0.0   13  2.9 12 170   M    M   6 18     13 150
19  24   8  16 -17  49   0 0.00  0.0   12 18.6 29 300   M    M   5        39 280
20  19   2  11 -23  54   0 0.00  0.0   12 14.6 26 300   M    M   0        35 280
21  33   2  18 -16  47   0 0.63  2.5   11  6.7 28 210   M    M   7 126    37 190
22  42  30  36   2  29   0 0.36  0.1   12  3.4 10 320   M    M   8 148    13 340
23  35  10  23 -11  42   0 0.00  0.0    9 14.3 28 340   M    M   6 1      34 320
24  27   3  15 -19  50   0    T    T    9  5.9 14 160   M    M   5 8      19 160
25  36  17  27  -7  38   0 0.00  0.0    9  7.9 22 300   M    M   4        26 290
================================================================================
SM  773  299      1082   0  2.69    13.4 271.6          M      152
================================================================================
AV 30.9 12.0                              10.9 FASTST   M    M   6    MAX(MPH)
                                 MISC ---->  # 41 330               # 56  340
================================================================================
NOTES:
# LAST OF SEVERAL OCCURRENCES

COLUMN 17 PEAK WIND IN M.P.H.

PRELIMINARY LOCAL CLIMATOLOGICAL DATA (WS FORM: F-6) , PAGE 2

                                          STATION:  ISLIP NY
                                          MONTH:    FEBRUARY
                                          YEAR:     2015
                                          LATITUDE:   40 47 N
                                          LONGITUDE:  73  6 W

[TEMPERATURE DATA]      [PRECIPITATION DATA]       SYMBOLS USED IN COLUMN 16

AVERAGE MONTHLY: 21.4   TOTAL FOR MONTH:   2.69    1 = FOG OR MIST
DPTR FM NORMAL: -11.0   DPTR FM NORMAL:   -0.16    2 = FOG REDUCING VISIBILITY
HIGHEST:    42 ON 22    GRTST 24HR  1.43 ON  1- 2      TO 1/4 MILE OR LESS
LOWEST:      2 ON 21,20                            3 = THUNDER
                        SNOW, ICE PELLETS, HAIL    4 = ICE PELLETS
                        TOTAL MONTH:  13.4 INCHES  5 = HAIL
                        GRTST 24HR   4.9 ON   M    6 = FREEZING RAIN OR DRIZZLE
                        GRTST DEPTH:  17 ON  1     7 = DUSTSTORM OR SANDSTORM:
                                                       VSBY 1/2 MILE OR LESS
                                                   8 = SMOKE OR HAZE
[NO. OF DAYS WITH]      [WEATHER - DAYS WITH]      9 = BLOWING SNOW
                                                   X = TORNADO
MAX 32 OR BELOW:  12    0.01 INCH OR MORE:   8
MAX 90 OR ABOVE:   0    0.10 INCH OR MORE:   4
MIN 32 OR BELOW:  25    0.50 INCH OR MORE:   2
MIN  0 OR BELOW:   0    1.00 INCH OR MORE:   1

[HDD (BASE 65) ]
TOTAL THIS MO.  1082    CLEAR  (SCALE 0-3)   3
DPTR FM NORMAL   269    PTCLDY (SCALE 4-7)  17
TOTAL FM JUL 1  3894    CLOUDY (SCALE 8-10)  5
DPTR FM NORMAL    89

[CDD (BASE 65) ]
TOTAL THIS MO.     0
DPTR FM NORMAL     0    [PRESSURE DATA]
TOTAL FM JAN 1     0    HIGHEST SLP M ON M
DPTR FM NORMAL     0    LOWEST  SLP 29.38 ON  2

[REMARKS]
