000
CXUS52 TJSJ 271436
CF6IST
PRELIMINARY LOCAL CLIMATOLOGICAL DATA (WS FORM: F-6)

                                          STATION:   CYRIL E. KING AP/ST THOMAS
                                          MONTH:     MAY
                                          YEAR:      2015
                                          LATITUDE:   18 19 N
                                          LONGITUDE:  64 58 W

  TEMPERATURE IN F:       :PCPN:    SNOW:  WIND      :SUNSHINE: SKY     :PK WND
================================================================================
1   2   3   4   5  6A  6B    7    8   9   10  11  12  13   14  15   16   17  18
                                     12Z  AVG MX 2MIN
DY MAX MIN AVG DEP HDD CDD  WTR  SNW DPTH SPD SPD DIR MIN PSBL S-S WX    SPD DR
================================================================================

 1  87  80  84   3   0  19 0.00  0.0    0 12.7 21 130   M    M   3        24 140
 2  88  79  84   3   0  19 0.00  0.0    0 12.7 20 130   M    M   5        24 140
 3  87  77  82   1   0  17    T  0.0    0 10.4 20 110   M    M   2        24 130
 4  88  79  84   3   0  19 0.00  0.0    0 14.1 22 130   M    M   2        27 130
 5  91  78  85   4   0  20 0.00  0.0    0 12.4 20  80   M    M   2        26  70
 6  88  78  83   2   0  18    T  0.0    0 13.7 22 130   M    M   4        31 100
 7  87  80  84   3   0  19 0.00  0.0    0 14.0 22 110   M    M   9        28 120
 8  87  79  83   1   0  18 0.00  0.0    0 12.5 20 130   M    M   8        25 110
 9  87  80  84   2   0  19    T  0.0    0 14.2 21 120   M    M   4        27  90
10  87  79  83   1   0  18 0.03  0.0    0 14.7 24  90   M    M   2 8      33 100
11  88  79  84   2   0  19 0.00  0.0    0 14.5 25 110   M    M   2        33 120
12  91  79  85   3   0  20    T  0.0    0 14.0 23  90   M    M   3        29  90
13  89  79  84   2   0  19 0.00  0.0    0 13.2 24 120   M    M   2        30 130
14  89  77  83   1   0  18    T  0.0    0 11.0 18 130   M    M   3        24 130
15  87  77  82   0   0  17 0.01  0.0    0  8.1 16 130   M    M   3        20 150
16  84  74  79  -3   0  14 3.84  0.0    0  6.2 17  90   M    M   6 1      23 110
17  82  73  78  -4   0  13 0.77  0.0    0  6.2 17  90   M    M   5 18     23 100
18  87  73  80  -2   0  15 0.00  0.0    0  7.3 15  60   M    M   1        19  40
19  85  75  80  -2   0  15 1.02  0.0    0  3.5 18 160   M    M   4 1      23 170
20  86  75  81  -1   0  16 0.00  0.0    0  5.8 15 120   M    M   2        18 140
21  86  78  82   0   0  17 0.00  0.0    0  9.9 17 130   M    M   5        22 140
22  87  79  83   1   0  18 0.00  0.0    0 11.4 18 130   M    M   8        25 140
23  87  79  83   1   0  18    T  0.0    0 10.6 20 130   M    M   8        28 130
24  88  78  83   1   0  18 0.00  0.0    0 10.5 17  80   M    M  10        22  80
25  89  76  83   1   0  18 0.15  0.0    0  9.5 24  40   M    M   9        28  30
26  89  76  83   1   0  18 0.02  0.0    0  7.1 16  30   M    M   2        25  30
================================================================================
SM 2271 2016         0 459  5.84     0.0 280.2          M      114
================================================================================
AV 87.3 77.5                              10.8 FASTST   M    M   4    MAX(MPH)
                                 MISC ---->  # 25 110               # 33  100
================================================================================
NOTES:
# LAST OF SEVERAL OCCURRENCES

COLUMN 17 PEAK WIND IN M.P.H.

PRELIMINARY LOCAL CLIMATOLOGICAL DATA (WS FORM: F-6) , PAGE 2

                                          STATION:  CYRIL E. KING AP/ST THOMAS
                                          MONTH:    MAY
                                          YEAR:     2015
                                          LATITUDE:   18 19 N
                                          LONGITUDE:  64 58 W

[TEMPERATURE DATA]      [PRECIPITATION DATA]       SYMBOLS USED IN COLUMN 16

AVERAGE MONTHLY: 82.4   TOTAL FOR MONTH:   5.84    1 = FOG OR MIST
DPTR FM NORMAL:   0.7   DPTR FM NORMAL:    3.18    2 = FOG REDUCING VISIBILITY
HIGHEST:    91 ON 12, 5 GRTST 24HR  4.28 ON 16-17      TO 1/4 MILE OR LESS
LOWEST:     73 ON 18,17                            3 = THUNDER
                        SNOW, ICE PELLETS, HAIL    4 = ICE PELLETS
                        TOTAL MONTH:   0.0 INCH    5 = HAIL
                        GRTST 24HR     0.0         6 = FREEZING RAIN OR DRIZZLE
                        GRTST DEPTH:   0           7 = DUSTSTORM OR SANDSTORM:
                                                       VSBY 1/2 MILE OR LESS
                                                   8 = SMOKE OR HAZE
[NO. OF DAYS WITH]      [WEATHER - DAYS WITH]      9 = BLOWING SNOW
                                                   X = TORNADO
MAX 32 OR BELOW:   0    0.01 INCH OR MORE:   7
MAX 90 OR ABOVE:   2    0.10 INCH OR MORE:   4
MIN 32 OR BELOW:   0    0.50 INCH OR MORE:   3
MIN  0 OR BELOW:   0    1.00 INCH OR MORE:   2

[HDD (BASE 65) ]
TOTAL THIS MO.     0    CLEAR  (SCALE 0-3)  12
DPTR FM NORMAL     0    PTCLDY (SCALE 4-7)  10
TOTAL FM JUL 1     0    CLOUDY (SCALE 8-10)  4
DPTR FM NORMAL     0

[CDD (BASE 65) ]
TOTAL THIS MO.   459
DPTR FM NORMAL    25    [PRESSURE DATA]
TOTAL FM JAN 1  2155    HIGHEST SLP M ON M
DPTR FM NORMAL    -7    LOWEST  SLP 29.90 ON  2

[REMARKS]
