000
CXUS53 KIWX 290800
CF6IWX
PRELIMINARY LOCAL CLIMATOLOGICAL DATA (WS FORM: F-6)

                                          STATION:   NORTH WEBSTER WFO
                                          MONTH:     MAY
                                          YEAR:      2016
                                          LATITUDE:   41 21 N
                                          LONGITUDE:  85 42 W

  TEMPERATURE IN F:       :PCPN:    SNOW:  WIND      :SUNSHINE: SKY     :PK WND
================================================================================
1   2   3   4   5  6A  6B    7    8   9   10  11  12  13   14  15   16   17  18
                                     12Z  AVG MX 2MIN
DY MAX MIN AVG DEP HDD CDD  WTR  SNW DPTH SPD SPD DIR MIN PSBL S-S WX    SPD DR
================================================================================

 1  55  47  51  -5  14   0 0.18  0.0    0   M   M   M   M    M   M 18      M  M
 2  50  44  47  -9  18   0 0.02  0.0    0   M   M   M   M    M   M         M  M
 3  66  46  56   0   9   0 0.01  0.0    0   M   M   M   M    M   M         M  M
 4  54  37  46 -10  19   0 0.37  0.0    0   M   M   M   M    M   M         M  M
 5  65  40  53  -4  12   0 0.04  0.0    0   M   M   M   M    M   M         M  M
 6  73  39  56  -1   9   0 0.00  0.0    0   M   M   M   M    M   M         M  M
 7  74  45  60   3   5   0    T  0.0    0   M   M   M   M    M   M         M  M
 8  69  39  54  -4  11   0 0.00  0.0    0   M   M   M   M    M   M         M  M
 9  53  46  50  -8  15   0 0.33  0.0    0   M   M   M   M    M   M         M  M
10  65  49  57  -1   8   0 0.68  0.0    0   M   M   M   M    M   M         M  M
11  70  52  61   2   4   0    T  0.0    0   M   M   M   M    M   M         M  M
12  75  55  65   6   0   0 0.06  0.0    0   M   M   M   M    M   M         M  M
13  68  47  58  -1   7   0 0.12  0.0    0   M   M   M   M    M   M         M  M
14  54  39  47 -13  18   0 0.26  0.0    0   M   M   M   M    M   M         M  M
15  46  39  43 -17  22   0    T  0.0    0   M   M   M   M    M   M         M  M
16  68  38  53  -7  12   0 0.00  0.0    0   M   M   M   M    M   M         M  M
17  63  49  56  -4   9   0 0.01  0.0    0   M   M   M   M    M   M         M  M
18  65  44  55  -6  10   0    T  0.0    0   M   M   M   M    M   M         M  M
19  70  41  56  -5   9   0 0.00  0.0    0   M   M   M   M    M   M         M  M
20  67  46  57  -4   8   0 0.01  0.0    0   M   M   M   M    M   M         M  M
21  73  51  62   0   3   0    T  0.0    0   M   M   M   M    M   M         M  M
22  75  48  62   0   3   0 0.00  0.0    0   M   M   M   M    M   M         M  M
23  76  46  61  -1   4   0 0.00  0.0    0   M   M   M   M    M   M         M  M
24  84  53  69   7   0   4 0.00  0.0    0   M   M   M   M    M   M         M  M
25  84  62  73  10   0   8 0.00  0.0    0   M   M   M   M    M   M         M  M
26  82  68  75  12   0  10    T  0.0    0   M   M   M   M    M   M 8       M  M
27  85  64  75  12   0  10 0.00  0.0    0   M   M   M   M    M   M         M  M
28  86  70  78  14   0  13 0.05  0.0    0   M   M   M   M    M   M         M  M
================================================================================
SM 1915 1344       229  45  2.14     0.0     M          M        M
================================================================================
AV 68.4 48.0                                 M FASTST   M    M   4    MAX(MPH)
                                 MISC ---->     M   M                  M    M
================================================================================
NOTES:
# LAST OF SEVERAL OCCURRENCES

COLUMN 17 PEAK WIND IN M.P.H.

PRELIMINARY LOCAL CLIMATOLOGICAL DATA (WS FORM: F-6) , PAGE 2

                                          STATION:  NORTH WEBSTER WFO
                                          MONTH:    MAY
                                          YEAR:     2016
                                          LATITUDE:   41 21 N
                                          LONGITUDE:  85 42 W

[TEMPERATURE DATA]      [PRECIPITATION DATA]       SYMBOLS USED IN COLUMN 16

AVERAGE MONTHLY: 58.2   TOTAL FOR MONTH:   2.14    1 = FOG OR MIST
DPTR FM NORMAL:  -1.4   DPTR FM NORMAL:   -1.70    2 = FOG REDUCING VISIBILITY
HIGHEST:    86 ON 28    GRTST 24HR  0.68 ON 10-10      TO 1/4 MILE OR LESS
LOWEST:     37 ON  4                               3 = THUNDER
                        SNOW, ICE PELLETS, HAIL    4 = ICE PELLETS
                        TOTAL MONTH:   0.0 INCH    5 = HAIL
                        GRTST 24HR     0.0         6 = FREEZING RAIN OR DRIZZLE
                        GRTST DEPTH:   0           7 = DUSTSTORM OR SANDSTORM:
                                                       VSBY 1/2 MILE OR LESS
                                                   8 = SMOKE OR HAZE
[NO. OF DAYS WITH]      [WEATHER - DAYS WITH]      9 = BLOWING SNOW
                                                   X = TORNADO
MAX 32 OR BELOW:   0    0.01 INCH OR MORE:  13
MAX 90 OR ABOVE:   0    0.10 INCH OR MORE:   6
MIN 32 OR BELOW:   0    0.50 INCH OR MORE:   1
MIN  0 OR BELOW:   0    1.00 INCH OR MORE:   0

[HDD (BASE 65) ]
TOTAL THIS MO.   229    CLEAR  (SCALE 0-3)   0
DPTR FM NORMAL    62    PTCLDY (SCALE 4-7)   0
TOTAL FM JUL 1  5351    CLOUDY (SCALE 8-10)  0
DPTR FM NORMAL  -753

[CDD (BASE 65) ]
TOTAL THIS MO.    45
DPTR FM NORMAL    30    [PRESSURE DATA]
TOTAL FM JAN 1    50    HIGHEST SLP M ON M
DPTR FM NORMAL    32    LOWEST  SLP M ON M

[REMARKS]
