000
CXUS55 KEAX 190736
CF6IXD
PRELIMINARY LOCAL CLIMATOLOGICAL DATA (WS FORM: F-6)

                                          STATION:   New Century Air Center KS
                                          MONTH:     DECEMBER
                                          YEAR:      2014
                                          LATITUDE:   38 49 N
                                          LONGITUDE:  94 54 W

  TEMPERATURE IN F:       :PCPN:    SNOW:  WIND      :SUNSHINE: SKY     :PK WND
================================================================================
1   2   3   4   5  6A  6B    7    8   9   10  11  12  13   14  15   16   17  18
                                     12Z  AVG MX 2MIN
DY MAX MIN AVG DEP HDD CDD  WTR  SNW DPTH SPD SPD DIR MIN PSBL S-S WX    SPD DR
================================================================================

 1  29  16  23 -13  42   0 0.00    M    M 10.9 23  10   M    M   0        27  10
 2  39  20  30  -6  35   0 0.00    M    M  9.2 20 190   M    M   4        26 190
 3  45  22  34  -1  31   0 0.00    M    M  8.2 17  20   M    M   0        22  30
 4  41  33  37   2  28   0 0.00    M    M  6.0 15  70   M    M  10 1      20  80
 5  47  39  43   8  22   0 0.82    M    M  8.6 16 350   M    M  10 12     18 350
 6  41  33  37   3  28   0 0.00    M    M  8.8 15  20   M    M  10 1      18  20
 7  43  33  38   4  27   0    T    M    M  9.1 16 140   M    M  10 12     20 140
 8  52  39  46  12  19   0 0.00    M    M 10.2 22 360   M    M   4 1      28 350
 9  39  26  33   0  32   0 0.00    M    M  8.3 25  10   M    M   4 8      30  10
10  33  24  29  -4  36   0 0.02    M    M  6.8 13 130   M    M   8 16     17 130
11  39  33  36   4  29   0 0.00    M    M  5.4  9 100   M    M  10 1      27  90
12  53  38  46  14  19   0 0.00    M    M  6.5 14 190   M    M   9 128    17 190
13  56  44  50  18  15   0 0.00    M    M 10.7 18 160   M    M  10 1      25 170
14  64  49  57  25   8   0 0.98    M    M 13.8 26 130   M    M   9 1      33 140
15  52  31  42  11  23   0 0.09    M    M 17.4 26 290   M    M   9 1      37 290
16  34  25  30  -1  35   0 0.00    M    M 14.1 28 320   M    M   8 1      37 320
17  30  24  27  -4  38   0 0.14    M    M  5.2 12  10   M    M  10 18     12 120
18  33  28  31   0  34   0 0.11    M    M  4.6  9  70   M    M  10 12     11  70
================================================================================
SM  770  557       501   0  2.16    M    163.8          M      135
================================================================================
AV 42.8 30.9                               9.1 FASTST   M    M   8    MAX(MPH)
                                 MISC ---->  # 28 320               # 37  290
================================================================================
NOTES:
# LAST OF SEVERAL OCCURRENCES

COLUMN 17 PEAK WIND IN M.P.H.

PRELIMINARY LOCAL CLIMATOLOGICAL DATA (WS FORM: F-6) , PAGE 2

                                          STATION:  New Century Air Center KS
                                          MONTH:    DECEMBER
                                          YEAR:     2014
                                          LATITUDE:   38 49 N
                                          LONGITUDE:  94 54 W

[TEMPERATURE DATA]      [PRECIPITATION DATA]       SYMBOLS USED IN COLUMN 16

AVERAGE MONTHLY: 36.9   TOTAL FOR MONTH:   2.16    1 = FOG OR MIST
DPTR FM NORMAL:   3.7   DPTR FM NORMAL:    1.28    2 = FOG REDUCING VISIBILITY
HIGHEST:    64 ON 14    GRTST 24HR  1.06 ON 14-15      TO 1/4 MILE OR LESS
LOWEST:     16 ON  1                               3 = THUNDER
                        SNOW, ICE PELLETS, HAIL    4 = ICE PELLETS
                        TOTAL MONTH:    M          5 = HAIL
                        GRTST 24HR    M  ON   M    6 = FREEZING RAIN OR DRIZZLE
                        GRTST DEPTH:  M  ON   M    7 = DUSTSTORM OR SANDSTORM:
                                                       VSBY 1/2 MILE OR LESS
                                                   8 = SMOKE OR HAZE
[NO. OF DAYS WITH]      [WEATHER - DAYS WITH]      9 = BLOWING SNOW
                                                   X = TORNADO
MAX 32 OR BELOW:   2    0.01 INCH OR MORE:   6
MAX 90 OR ABOVE:   0    0.10 INCH OR MORE:   4
MIN 32 OR BELOW:   9    0.50 INCH OR MORE:   2
MIN  0 OR BELOW:   0    1.00 INCH OR MORE:   0

[HDD (BASE 65) ]
TOTAL THIS MO.   501    CLEAR  (SCALE 0-3)   2
DPTR FM NORMAL   -72    PTCLDY (SCALE 4-7)   4
TOTAL FM JUL 1  1613    CLOUDY (SCALE 8-10) 12
DPTR FM NORMAL    42

[CDD (BASE 65) ]
TOTAL THIS MO.     0
DPTR FM NORMAL     0    [PRESSURE DATA]
TOTAL FM JAN 1  1313    HIGHEST SLP  0.00 ON M
DPTR FM NORMAL   -39    LOWEST  SLP  0.00 ON M

[REMARKS]
