000
CXUS55 KRIW 270901
CF6JAC
PRELIMINARY LOCAL CLIMATOLOGICAL DATA (WS FORM: F-6)

                                          STATION:   JACKSON  WY
                                          MONTH:     JANUARY
                                          YEAR:      2015
                                          LATITUDE:   43 35 N
                                          LONGITUDE: 110 44 W

  TEMPERATURE IN F:       :PCPN:    SNOW:  WIND      :SUNSHINE: SKY     :PK WND
================================================================================
1   2   3   4   5  6A  6B    7    8   9   10  11  12  13   14  15   16   17  18
                                     12Z  AVG MX 2MIN
DY MAX MIN AVG DEP HDD CDD  WTR  SNW DPTH SPD SPD DIR MIN PSBL S-S WX    SPD DR
================================================================================

 1   3 -22  -9 -22  74   0    M    M    M  1.9  9 360   M    M   0         M  M
 2  10 -17  -3 -16  68   0    M    M    M  2.0 10  10   M    M   5         M  M
 3  21  10  16   3  49   0    M    M    M  3.2 13 360   M    M   8         M  M
 4  28  18  23  10  42   0    M    M    M 11.4 23 170   M    M  10 19     30 170
 5  36  28  32  19  33   0    M    M    M 18.2 29 160   M    M  10 19     37 160
 6  41  21  31  18  34   0    M    M    M  9.2 18 180   M    M   6         M  M
 7  30  19  25  12  40   0    M    M    M  2.1 10  10   M    M   9 1       M  M
 8  27  19  23  10  42   0    M    M    M  1.7 13 360   M    M  10 12      M  M
 9  23  18  21   8  44   0    M    M    M  1.1  6 360   M    M  10 1       M  M
10  21  16  19   6  46   0    M    M    M  2.9  8 360   M    M  10 1       M  M
11  28  18  23   9  42   0    M    M    M  0.9  6 360   M    M   9 1       M  M
12  30  10  20   6  45   0    M    M    M  3.0  7 360   M    M   6         M  M
13  18   0   9  -5  56   0    M    M    M  5.3 13 350   M    M   1 12      M  M
14  12  -4   4 -10  61   0    M    M    M  4.5 12 350   M    M   4 1       M  M
15  12  -9   2 -12  63   0    M    M    M  3.7 12 360   M    M   1         M  M
16  32  10  21   7  44   0    M    M    M 10.3 23 190   M    M  10        30 190
17  30   1  16   2  49   0    M    M    M  8.5 18 360   M    M   4        28 150
18  37  27  32  18  33   0    M    M    M 10.6 18 180   M    M  10 1      25 220
19  37  21  29  15  36   0    M    M    M 12.2 21 220   M    M   7        27 250
20  27   0  14   0  51   0    M    M    M  3.0  7  10   M    M   6 1       M  M
21  12  -9   2 -12  63   0    M    M    M  3.9 14 360   M    M   0         M  M
22  10 -11   0 -14  65   0    M    M    M  4.7 10 340   M    M   0         M  M
23  19  -2   9  -5  56   0    M    M    M  3.0 10 360   M    M   4         M  M
24  27   1  14   0  51   0    M    M    M  3.5 12 360   M    M   9 1       M  M
25  34  21  28  14  37   0    M    M    M  3.5 12 350   M    M   6         M  M
26  25  10  18   4  47   0    M    M    M  2.2 10  10   M    M   7 12      M  M
================================================================================
SM  630  194      1271   0    M     M    136.5          M      162
================================================================================
AV 24.2  7.5                               5.2 FASTST   M    M   6    MAX(MPH)
                                 MISC ---->    29   M                 37    M
================================================================================
NOTES:
# LAST OF SEVERAL OCCURRENCES

COLUMN 17 PEAK WIND IN M.P.H.

PRELIMINARY LOCAL CLIMATOLOGICAL DATA (WS FORM: F-6) , PAGE 2

                                          STATION:  JACKSON  WY
                                          MONTH:    JANUARY
                                          YEAR:     2015
                                          LATITUDE:   43 35 N
                                          LONGITUDE: 110 44 W

[TEMPERATURE DATA]      [PRECIPITATION DATA]       SYMBOLS USED IN COLUMN 16

AVERAGE MONTHLY: 15.8   TOTAL FOR MONTH:      M    1 = FOG OR MIST
DPTR FM NORMAL:   2.2   DPTR FM NORMAL:       M    2 = FOG REDUCING VISIBILITY
HIGHEST:    41 ON  6    GRTST 24HR    M  ON   M        TO 1/4 MILE OR LESS
LOWEST:    -22 ON  1                               3 = THUNDER
                        SNOW, ICE PELLETS, HAIL    4 = ICE PELLETS
                        TOTAL MONTH:    M          5 = HAIL
                        GRTST 24HR    M  ON   M    6 = FREEZING RAIN OR DRIZZLE
                        GRTST DEPTH:  M  ON   M    7 = DUSTSTORM OR SANDSTORM:
                                                       VSBY 1/2 MILE OR LESS
                                                   8 = SMOKE OR HAZE
[NO. OF DAYS WITH]      [WEATHER - DAYS WITH]      9 = BLOWING SNOW
                                                   X = TORNADO
MAX 32 OR BELOW:  21    0.01 INCH OR MORE:   0
MAX 90 OR ABOVE:   0    0.10 INCH OR MORE:   0
MIN 32 OR BELOW:  26    0.50 INCH OR MORE:   0
MIN  0 OR BELOW:   9    1.00 INCH OR MORE:   0

[HDD (BASE 65) ]
TOTAL THIS MO.  1271    CLEAR  (SCALE 0-3)   5
DPTR FM NORMAL   -66    PTCLDY (SCALE 4-7)  10
TOTAL FM JUL 1  5059    CLOUDY (SCALE 8-10) 11
DPTR FM NORMAL  -481

[CDD (BASE 65) ]
TOTAL THIS MO.     0
DPTR FM NORMAL     0    [PRESSURE DATA]
TOTAL FM JAN 1     0    HIGHEST SLP M ON M
DPTR FM NORMAL     0    LOWEST  SLP M ON M

[REMARKS]
