000
CXUS55 KRIW 230901
CF6JAC
PRELIMINARY LOCAL CLIMATOLOGICAL DATA (WS FORM: F-6)

                                          STATION:   JACKSON  WY
                                          MONTH:     OCTOBER
                                          YEAR:      2014
                                          LATITUDE:   43 35 N
                                          LONGITUDE: 110 44 W

  TEMPERATURE IN F:       :PCPN:    SNOW:  WIND      :SUNSHINE: SKY     :PK WND
================================================================================
1   2   3   4   5  6A  6B    7    8   9   10  11  12  13   14  15   16   17  18
                                     12Z  AVG MX 2MIN
DY MAX MIN AVG DEP HDD CDD  WTR  SNW DPTH SPD SPD DIR MIN PSBL S-S WX    SPD DR
================================================================================

 1  45  36  41  -5  24   0    M    M    M  4.1 14 180   M    M   8 1      18 280
 2  54  32  43  -2  22   0    M    M    M  8.8 17 160   M    M   4        22 180
 3  57  27  42  -3  23   0    M    M    M  6.2 18 280   M    M   0        24 260
 4  61  25  43  -1  22   0    M    M    M  7.0 16 280   M    M   2         M  M
 5  64  36  50   6  15   0    M    M    M  7.2 21 230   M    M   4        22 220
 6  66  36  51   7  14   0    M    M    M  7.3 16 240   M    M   0        21 230
 7  70  32  51   8  14   0    M    M    M  5.1 12  10   M    M   0        18 260
 8  68  30  49   6  16   0    M    M    M  2.8  8  10   M    M   0         M  M
 9  72  28  50   8  15   0    M    M    M  2.9 14  10   M    M   1         M  M
10  64  32  48   6  17   0    M    M    M  3.8 21 230   M    M   2         M  M
11  61  27  44   2  21   0    M    M    M  8.4 22 210   M    M   3        29 210
12  46  25  36  -5  29   0    M    M    M  6.6 23 280   M    M   7        28 280
13  54  21  38  -3  27   0    M    M    M  4.7 12 190   M    M   3        22 190
14  66   M   M   M   M   M    M    M    M  3.5  8 210   M    M   0         M  M
15  64  32  48   8  17   0    M    M    M  8.5 23 170   M    M   4        33 190
16  54  21  38  -2  27   0    M    M    M  2.4 10 200   M    M   1        18 210
17  63  21  42   2  23   0    M    M    M  3.6 12 190   M    M   0         M  M
18  64  27  46   7  19   0    M    M    M  3.8 12 190   M    M   0         M  M
19  66  27  47   8  18   0    M    M    M  3.6  9  10   M    M   0         M  M
20  68  25  47   9  18   0    M    M    M  4.8  9 360   M    M   1         M  M
21  46  30  38   0  27   0    M    M    M  7.4 22 180   M    M   7 3      27 180
22  52  27  40   2  25   0    M    M    M  3.2 12 230   M    M   1        17 190
================================================================================
SM 1325  597       433   0    M     M    115.7          M       48
================================================================================
AV 60.2 28.4                               5.3 FASTST   M    M   2    MAX(MPH)
                                 MISC ---->  # 23 280                 33    M
================================================================================
NOTES:
# LAST OF SEVERAL OCCURRENCES

COLUMN 17 PEAK WIND IN M.P.H.

PRELIMINARY LOCAL CLIMATOLOGICAL DATA (WS FORM: F-6) , PAGE 2

                                          STATION:  JACKSON  WY
                                          MONTH:    OCTOBER
                                          YEAR:     2014
                                          LATITUDE:   43 35 N
                                          LONGITUDE: 110 44 W

[TEMPERATURE DATA]      [PRECIPITATION DATA]       SYMBOLS USED IN COLUMN 16

AVERAGE MONTHLY: 44.3   TOTAL FOR MONTH:      M    1 = FOG OR MIST
DPTR FM NORMAL:   2.7   DPTR FM NORMAL:       M    2 = FOG REDUCING VISIBILITY
HIGHEST:    72 ON  9    GRTST 24HR    M  ON   M        TO 1/4 MILE OR LESS
LOWEST:     21 ON 17,16                            3 = THUNDER
                        SNOW, ICE PELLETS, HAIL    4 = ICE PELLETS
                        TOTAL MONTH:    M          5 = HAIL
                        GRTST 24HR    M  ON   M    6 = FREEZING RAIN OR DRIZZLE
                        GRTST DEPTH:  M  ON   M    7 = DUSTSTORM OR SANDSTORM:
                                                       VSBY 1/2 MILE OR LESS
                                                   8 = SMOKE OR HAZE
[NO. OF DAYS WITH]      [WEATHER - DAYS WITH]      9 = BLOWING SNOW
                                                   X = TORNADO
MAX 32 OR BELOW:   0    0.01 INCH OR MORE:   0
MAX 90 OR ABOVE:   0    0.10 INCH OR MORE:   0
MIN 32 OR BELOW:  18    0.50 INCH OR MORE:   0
MIN  0 OR BELOW:   0    1.00 INCH OR MORE:   0

[HDD (BASE 65) ]
TOTAL THIS MO.   433    CLEAR  (SCALE 0-3)  16
DPTR FM NORMAL   -84    PTCLDY (SCALE 4-7)   5
TOTAL FM JUL 1  1064    CLOUDY (SCALE 8-10)  1
DPTR FM NORMAL  -144

[CDD (BASE 65) ]
TOTAL THIS MO.     0
DPTR FM NORMAL     0    [PRESSURE DATA]
TOTAL FM JAN 1     9    HIGHEST SLP M ON M
DPTR FM NORMAL   -34    LOWEST  SLP M ON M

[REMARKS]
