000
CXUS54 KJAN 281000
CF6JAN
PRELIMINARY LOCAL CLIMATOLOGICAL DATA (WS FORM: F-6)

                                          STATION:   JACKSON
                                          MONTH:     DECEMBER
                                          YEAR:      2014
                                          LATITUDE:   32 19 N
                                          LONGITUDE:  90  5 W

  TEMPERATURE IN F:       :PCPN:    SNOW:  WIND      :SUNSHINE: SKY     :PK WND
================================================================================
1   2   3   4   5  6A  6B    7    8   9   10  11  12  13   14  15   16   17  18
                                     12Z  AVG MX 2MIN
DY MAX MIN AVG DEP HDD CDD  WTR  SNW DPTH SPD SPD DIR MIN PSBL S-S WX    SPD DR
================================================================================

 1  78  47  63  12   2   0 0.00  0.0    0  6.7 15 350   M    M   7 1      22 220
 2  55  44  50  -1  15   0    T  0.0    0  5.0 10 360   M    M  10 1      13 140
 3  70  46  58   8   7   0 0.00  0.0    0  3.3  9  30   M    M   8 12     12  30
 4  76  46  61  11   4   0 0.00  0.0    0  2.3 10 200   M    M   6 12     15 170
 5  77  57  67  17   0   2 0.01  0.0    0 10.6 23 190   M    M   8 1      33 170
 6  69  50  60  10   5   0 0.04  0.0    0 10.9 18 340   M    M   9 1      23 330
 7  50  41  46  -3  19   0 0.00  0.0    0  7.8 17  20   M    M   7        24 140
 8  64  37  51   2  14   0 0.00  0.0    0  2.4 10 340   M    M   1 1      14 330
 9  66  32  49   0  16   0 0.00  0.0    0  5.8 18 360   M    M   0 1      22  10
10  54  33  44  -5  21   0 0.00  0.0    0  5.3 12  20   M    M   3        16  20
11  58  30  44  -4  21   0 0.00  0.0    0  2.9  9  30   M    M   5 1      13  30
12  57  44  51   3  14   0    T  0.0    0  1.4  6  50   M    M  10        11  90
13  68  41  55   7  10   0 0.00  0.0    0  2.1 10  30   M    M   5        13  40
14  69  38  54   6  11   0 0.00  0.0    0  3.1 10 150   M    M   0 1      12 140
15  70  46  58  10   7   0 0.42  0.0    0  9.7 18 180   M    M   6 1      25 170
16  59  35  47   0  18   0 0.00  0.0    0  6.5 15 280   M    M   1        20 330
17  58  31  45  -2  20   0 0.00  0.0    0  2.4  9  70   M    M   5 1      12  60
18  51  41  46  -1  19   0 0.03  0.0    0  3.8 10 130   M    M   8        13 130
19  49  45  47   0  18   0 0.30  0.0    0  5.0 12  10   M    M  10 1      16 110
20  57  38  48   1  17   0    T  0.0    0  6.6 13 360   M    M   5        17  70
21  61  36  49   2  16   0 0.00  0.0    0  5.3 16 140   M    M   3 1      20 140
22  64  51  58  12   7   0    T  0.0    0  7.5 14 150   M    M   9 1      19 150
23  66  48  57  11   8   0 1.54  0.0    0  7.7 20 330   M    M   7 123    27 330
24  50  39  45  -1  20   0    T  0.0    0  8.2 20 270   M    M   8        24 270
25  56  30  43  -3  22   0 0.00  0.0    0  4.6 13 140   M    M   0        16 140
26  62  35  49   3  16   0    T  0.0    0  6.9 15 110   M    M   6        21 140
27  64  53  59  13   6   0 0.79  0.0    0  8.7 16 150   M    M  10 13     20 140
================================================================================
SM 1678 1114       353   2  3.13     0.0 152.5          M      157
================================================================================
AV 62.1 41.3                               5.6 FASTST   M    M   6    MAX(MPH)
                                 MISC ---->  # 23 190               # 33  170
================================================================================
NOTES:
# LAST OF SEVERAL OCCURRENCES

COLUMN 17 PEAK WIND IN M.P.H.

PRELIMINARY LOCAL CLIMATOLOGICAL DATA (WS FORM: F-6) , PAGE 2

                                          STATION:  JACKSON
                                          MONTH:    DECEMBER
                                          YEAR:     2014
                                          LATITUDE:   32 19 N
                                          LONGITUDE:  90  5 W

[TEMPERATURE DATA]      [PRECIPITATION DATA]       SYMBOLS USED IN COLUMN 16

AVERAGE MONTHLY: 51.7   TOTAL FOR MONTH:   3.13    1 = FOG OR MIST
DPTR FM NORMAL:   3.7   DPTR FM NORMAL:   -1.44    2 = FOG REDUCING VISIBILITY
HIGHEST:    78 ON  1    GRTST 24HR  1.54 ON 23-23      TO 1/4 MILE OR LESS
LOWEST:     30 ON 25,11                            3 = THUNDER
                        SNOW, ICE PELLETS, HAIL    4 = ICE PELLETS
                        TOTAL MONTH:   0.0 INCH    5 = HAIL
                        GRTST 24HR     0.0         6 = FREEZING RAIN OR DRIZZLE
                        GRTST DEPTH:   0           7 = DUSTSTORM OR SANDSTORM:
                                                       VSBY 1/2 MILE OR LESS
                                                   8 = SMOKE OR HAZE
[NO. OF DAYS WITH]      [WEATHER - DAYS WITH]      9 = BLOWING SNOW
                                                   X = TORNADO
MAX 32 OR BELOW:   0    0.01 INCH OR MORE:   7
MAX 90 OR ABOVE:   0    0.10 INCH OR MORE:   4
MIN 32 OR BELOW:   4    0.50 INCH OR MORE:   2
MIN  0 OR BELOW:   0    1.00 INCH OR MORE:   1

[HDD (BASE 65) ]
TOTAL THIS MO.   353    CLEAR  (SCALE 0-3)   6
DPTR FM NORMAL  -111    PTCLDY (SCALE 4-7)  13
TOTAL FM JUL 1   853    CLOUDY (SCALE 8-10)  8
DPTR FM NORMAL   -19

[CDD (BASE 65) ]
TOTAL THIS MO.     2
DPTR FM NORMAL     2    [PRESSURE DATA]
TOTAL FM JAN 1  2285    HIGHEST SLP M ON M
DPTR FM NORMAL    32    LOWEST  SLP 29.51 ON 23

[REMARKS]
