000
CXUS54 KJAN 301200
CF6JAN
PRELIMINARY LOCAL CLIMATOLOGICAL DATA (WS FORM: F-6)

                                          STATION:   JACKSON
                                          MONTH:     MARCH
                                          YEAR:      2017
                                          LATITUDE:   32 19 N
                                          LONGITUDE:  90  5 W

  TEMPERATURE IN F:       :PCPN:    SNOW:  WIND      :SUNSHINE: SKY     :PK WND
================================================================================
1   2   3   4   5  6A  6B    7    8   9   10  11  12  13   14  15   16   17  18
                                     12Z  AVG MX 2MIN
DY MAX MIN AVG DEP HDD CDD  WTR  SNW DPTH SPD SPD DIR MIN PSBL S-S WX    SPD DR
================================================================================

 1  82  53  68  15   0   3 0.01  0.0    0 12.8 22 220   M    M   7 3      28 290
 2  65  43  54   1  11   0 0.00  0.0    0  8.7 20  10   M    M   0        27  30
 3  68  35  52  -2  13   0 0.00  0.0    0  5.3 16  10   M    M   0        27 350
 4  71  37  54   0  11   0 0.00  0.0    0  6.1 16 130   M    M   4        21 140
 5  68  53  61   7   4   0 0.03  0.0    0  6.2 20 140   M    M   9 1      25 140
 6  79  61  70  16   0   5    T  0.0    0 16.6 28 160   M    M   9        34 190
 7  76  50  63   8   2   0 1.16  0.0    0 11.2 23 190   M    M   9 13     33 170
 8  74  39  57   2   8   0 0.00  0.0    0  4.9 16  80   M    M   0        21  90
 9  79  50  65  10   0   0 0.16  0.0    0  5.6 14 190   M    M   7 1      21 200
10  74  54  64   8   1   0 0.28  0.0    0  6.6 16  10   M    M   5 13     21  30
11  58  42  50  -6  15   0 0.21  0.0    0  8.3 20  10   M    M   8 1      24  20
12  60  39  50  -6  15   0 0.20  0.0    0  8.3 17  20   M    M   6 1      23  20
13  51  43  47  -9  18   0 0.17  0.0    0  5.1 14 310   M    M   7 1      18 300
14  48  38  43 -13  22   0    T  0.0    0  9.6 21 360   M    M   9 1      25 340
15  52  34  43 -14  22   0 0.00  0.0    0  6.9 16  10   M    M   1        22  30
16  61  34  48  -9  17   0 0.00  0.0    0  6.4 16 160   M    M   6        20 160
17  76  46  61   4   4   0    T  0.0    0  9.1 18 180   M    M   8        22 180
18  78  53  66   8   0   1    T  0.0    0  6.0 16 240   M    M   4 1      21 210
19  85  47  66   8   0   1 0.00  0.0    0  2.3 10  10   M    M   1 1      12 130
20  83  56  70  12   0   5 0.00  0.0    0  6.7 14 220   M    M   0 8      21 220
21  87  58  73  15   0   8 0.00  0.0    0  5.8 14 220   M    M   1        21 220
22  82  58  70  12   0   5 0.00  0.0    0  5.5 14  10   M    M   2        17  30
23  85  54  70  11   0   5 0.00  0.0    0  7.2 22 150   M    M   1        26 150
24  83  66  75  16   0  10    T  0.0    0 18.1 30 150   M    M   6        37 160
25  78  60  69  10   0   4 0.68  0.0    0 12.1 24 150   M    M   7 138    30 270
26  84  62  73  14   0   8 0.00  0.0    0  9.8 17 210   M    M   5 1      28 220
27  84  65  75  15   0  10 0.68  0.0    0  9.9 22 270   M    M   5 13     42 280
28  85  65  75  15   0  10 0.00  0.0    0  5.9 16 180   M    M   5 1      21 180
29  84  63  74  14   0   9    T  0.0    0  9.8 21 160   M    M   5 13     25 150
================================================================================
SM 2140 1458       163  84  3.58     0.0 236.8          M      137
================================================================================
AV 73.8 50.3                               8.2 FASTST   M    M   5    MAX(MPH)
                                 MISC ---->  # 30 150               # 42  280
================================================================================
NOTES:
# LAST OF SEVERAL OCCURRENCES

COLUMN 17 PEAK WIND IN M.P.H.

PRELIMINARY LOCAL CLIMATOLOGICAL DATA (WS FORM: F-6) , PAGE 2

                                          STATION:  JACKSON
                                          MONTH:    MARCH
                                          YEAR:     2017
                                          LATITUDE:   32 19 N
                                          LONGITUDE:  90  5 W

[TEMPERATURE DATA]      [PRECIPITATION DATA]       SYMBOLS USED IN COLUMN 16

AVERAGE MONTHLY: 62.0   TOTAL FOR MONTH:   3.58    1 = FOG OR MIST
DPTR FM NORMAL:   5.3   DPTR FM NORMAL:   -1.11    2 = FOG REDUCING VISIBILITY
HIGHEST:    87 ON 21    GRTST 24HR  1.16 ON  7- 7      TO 1/4 MILE OR LESS
LOWEST:     34 ON 16,15                            3 = THUNDER
                        SNOW, ICE PELLETS, HAIL    4 = ICE PELLETS
                        TOTAL MONTH:   0.0 INCH    5 = HAIL
                        GRTST 24HR     0.0         6 = FREEZING RAIN OR DRIZZLE
                        GRTST DEPTH:   0           7 = DUSTSTORM OR SANDSTORM:
                                                       VSBY 1/2 MILE OR LESS
                                                   8 = SMOKE OR HAZE
[NO. OF DAYS WITH]      [WEATHER - DAYS WITH]      9 = BLOWING SNOW
                                                   X = TORNADO
MAX 32 OR BELOW:   0    0.01 INCH OR MORE:  10
MAX 90 OR ABOVE:   0    0.10 INCH OR MORE:   8
MIN 32 OR BELOW:   0    0.50 INCH OR MORE:   3
MIN  0 OR BELOW:   0    1.00 INCH OR MORE:   1

[HDD (BASE 65) ]
TOTAL THIS MO.   163    CLEAR  (SCALE 0-3)   9
DPTR FM NORMAL  -103    PTCLDY (SCALE 4-7)  16
TOTAL FM JUL 1  1281    CLOUDY (SCALE 8-10)  4
DPTR FM NORMAL  -977

[CDD (BASE 65) ]
TOTAL THIS MO.    84
DPTR FM NORMAL    58    [PRESSURE DATA]
TOTAL FM JAN 1   142    HIGHEST SLP M ON M
DPTR FM NORMAL   106    LOWEST  SLP 29.82 ON M

[REMARKS]
