000
CXUS53 KLSX 291600
CF6JEF
PRELIMINARY LOCAL CLIMATOLOGICAL DATA (WS FORM: F-6)

                                          STATION:   JEFFERSON CITY
                                          MONTH:     AUGUST
                                          YEAR:      2014
                                          LATITUDE:   38 35 N
                                          LONGITUDE:  92 10 W

  TEMPERATURE IN F:       :PCPN:    SNOW:  WIND      :SUNSHINE: SKY     :PK WND
================================================================================
1   2   3   4   5  6A  6B    7    8   9   10  11  12  13   14  15   16   17  18
                                     12Z  AVG MX 2MIN
DY MAX MIN AVG DEP HDD CDD  WTR  SNW DPTH SPD SPD DIR MIN PSBL S-S WX    SPD DR
================================================================================

 1  83  62  73  -5   0   8    T  0.0    0  3.5 10  40   M    M   3        14  20
 2  88  58  73  -5   0   8 0.00  0.0    0  3.0 13  50   M    M   0 18     16  50
 3  88  61  75  -3   0  10 0.00  0.0    0  2.0 12 180   M    M   2 1      14 150
 4  87  65  76  -2   0  11 0.00  0.0    0  3.0 10 260   M    M   2        14 260
 5  90  69  80   2   0  15 0.00  0.0    0  4.2 12 270   M    M   1        18 320
 6  93  67  80   2   0  15 0.00  0.0    0  4.5 16 110   M    M   2 1      24 100
 7  82  70  76  -2   0  11 1.07  0.0    0  5.2 17 260   M    M   7 13     25 260
 8  77  71  74  -4   0   9    T  0.0    0  4.6 12 280   M    M   9 18     19 330
 9  83  70  77  -1   0  12    T  0.0    0  3.5 10  50   M    M   7 1      14 360
10  81  67  74  -4   0   9 0.04  0.0    0  2.5 13  60   M    M   6 128    18 160
11  84  65  75  -3   0  10 0.00  0.0    0  6.7 17 320   M    M   3 18     25 320
12  80  61  71  -6   0   6 0.00  0.0    0  5.4 14 350   M    M   2        20 320
13  84  59  72  -5   0   7 0.00  0.0    0  3.0 12 290   M    M   2 12     16 270
14  86  57  72  -5   0   7 0.00  0.0    0  1.1  7 100   M    M   0         9 190
15  85  61  73  -4   0   8    T  0.0    0  3.7 13  60   M    M   2        18  70
16  86  69  78   1   0  13    M  0.0    0  6.8 18 170   M    M   8 13     26 180
17  81  71  76  -1   0  11    M  0.0    0  4.0 10 340   M    M   9 1      14 280
18  87  68  78   2   0  13 0.00  0.0    0  2.0  9 120   M    M   4 128    13 110
19  90  66  78   2   0  13    M  0.0    0  3.1 12 240   M    M   1 123    15 250
20  92  70  81   5   0  16    M  0.0    0  4.6 37 180   M    M   0 13     51 180
21  95  69  82   6   0  17 0.00  0.0    0  6.2 15 190   M    M   0        20 220
22  97  74  86  10   0  21 0.00  0.0    0  3.3  9 240   M    M   0        14 270
23  95  75  85   9   0  20 0.00  0.0    0  2.8  9 240   M    M   0        14 240
24  97  71  84   9   0  19 0.00  0.0    0  3.2  9 170   M    M   0        10 170
25  97  72  85  10   0  20 0.00  0.0    0  2.9  8 120   M    M   0        10 200
26  96  73  85  10   0  20 0.00  0.0    0  3.4 14 140   M    M   1 3      18 140
27  92  70  81   6   0  16 0.00  0.0    0  3.6 16  70   M    M   1 13     20  10
28  93  69  81   7   0  16 0.00  0.0    0  5.6 13 210   M    M   0 1      21 150
================================================================================
SM 2469 1880         0 361  1.11     0.0 107.4          M       72
================================================================================
AV 88.2 67.1                               3.8 FASTST   M    M   3    MAX(MPH)
                                 MISC ---->  # 37 180               # 51  180
================================================================================
NOTES:
# LAST OF SEVERAL OCCURRENCES

COLUMN 17 PEAK WIND IN M.P.H.

PRELIMINARY LOCAL CLIMATOLOGICAL DATA (WS FORM: F-6) , PAGE 2

                                          STATION:  JEFFERSON CITY
                                          MONTH:    AUGUST
                                          YEAR:     2014
                                          LATITUDE:   38 35 N
                                          LONGITUDE:  92 10 W

[TEMPERATURE DATA]      [PRECIPITATION DATA]       SYMBOLS USED IN COLUMN 16

AVERAGE MONTHLY: 77.7   TOTAL FOR MONTH:   1.11    1 = FOG OR MIST
DPTR FM NORMAL:   0.9   DPTR FM NORMAL:   -2.68    2 = FOG REDUCING VISIBILITY
HIGHEST:    97 ON 25,24 GRTST 24HR  1.07 ON  7- 7      TO 1/4 MILE OR LESS
LOWEST:     57 ON 14                               3 = THUNDER
                        SNOW, ICE PELLETS, HAIL    4 = ICE PELLETS
                        TOTAL MONTH:   0.0 INCH    5 = HAIL
                        GRTST 24HR     0.0         6 = FREEZING RAIN OR DRIZZLE
                        GRTST DEPTH:   0           7 = DUSTSTORM OR SANDSTORM:
                                                       VSBY 1/2 MILE OR LESS
                                                   8 = SMOKE OR HAZE
[NO. OF DAYS WITH]      [WEATHER - DAYS WITH]      9 = BLOWING SNOW
                                                   X = TORNADO
MAX 32 OR BELOW:   0    0.01 INCH OR MORE:   2
MAX 90 OR ABOVE:  12    0.10 INCH OR MORE:   1
MIN 32 OR BELOW:   0    0.50 INCH OR MORE:   1
MIN  0 OR BELOW:   0    1.00 INCH OR MORE:   1

[HDD (BASE 65) ]
TOTAL THIS MO.     0    CLEAR  (SCALE 0-3)  21
DPTR FM NORMAL     0    PTCLDY (SCALE 4-7)   5
TOTAL FM JUL 1     0    CLOUDY (SCALE 8-10)  2
DPTR FM NORMAL     0

[CDD (BASE 65) ]
TOTAL THIS MO.   361
DPTR FM NORMAL    30    [PRESSURE DATA]
TOTAL FM JAN 1  1131    HIGHEST SLP M ON M
DPTR FM NORMAL   -27    LOWEST  SLP 29.75 ON 19

[REMARKS]
