000
CXUS51 KOKX 280703
CF6JFK
PRELIMINARY LOCAL CLIMATOLOGICAL DATA (WS FORM: F-6)

                                          STATION:   KENNEDY NY
                                          MONTH:     APRIL
                                          YEAR:      2016
                                          LATITUDE:   40 39 N
                                          LONGITUDE:  73 47 W

  TEMPERATURE IN F:       :PCPN:    SNOW:  WIND      :SUNSHINE: SKY     :PK WND
================================================================================
1   2   3   4   5  6A  6B    7    8   9   10  11  12  13   14  15   16   17  18
                                     12Z  AVG MX 2MIN
DY MAX MIN AVG DEP HDD CDD  WTR  SNW DPTH SPD SPD DIR MIN PSBL S-S WX    SPD DR
================================================================================

 1  66  52  59  13   6   0 0.02  0.0    0 14.7 26 190   M    M   9 12     33 190
 2  60  47  54   7  11   0 0.27    M    0 11.2 25 190   M    M   9 13     30 180
 3  49  36  43  -4  22   0 0.10    T    0 23.2 49 290   M    M   6 13     64 290
 4  49  31  40  -8  25   0 0.32    T    0 11.0 22  30   M    M  10 1      28  20
 5  43  26  35 -13  30   0 0.00  0.0    0 16.1 28 360   M    M   4        35  10
 6  48  27  38 -10  27   0 0.00  0.0    0 12.3 31 170   M    M   5        36 170
 7  59  48  54   6  11   0 0.06  0.0    0 19.6 39 160   M    M   9 18     46 160
 8  50  39  45  -4  20   0    T  0.0    0 16.4 30 260   M    M   5        37 280
 9  45  33  39 -10  26   0 0.09    T    0 11.0 26 330   M    M   8 1      31 330
10  49  31  40 -10  25   0 0.00  0.0    0 15.6 25 320   M    M   3        32 320
11  55  44  50   0  15   0    T  0.0    0 21.6 30 180   M    M   8        37 180
12  60  43  52   2  13   0 0.17  0.0    0 17.2 28 190   M    M   7 1      35 330
13  55  37  46  -4  19   0 0.00  0.0    0  8.4 21 360   M    M   2        26 340
14  57  38  48  -3  17   0 0.00  0.0    0  7.3 14 140   M    M   2        17 170
15  58  38  48  -3  17   0 0.00  0.0    0  7.0 15 210   M    M   1        18 220
16  67  39  53   1  12   0 0.00  0.0    0  8.4 21  30   M    M   5        29 320
17  69  43  56   4   9   0 0.00  0.0    0  7.2 13 180   M    M   2        16  30
18  78  45  62  10   3   0 0.00  0.0    0  8.3 18  20   M    M   5        23  20
19  72  52  62  10   3   0 0.00  0.0    0 14.5 29 360   M    M   7        37  10
20  67  48  58   5   7   0 0.00  0.0    0 12.3 21 350   M    M   1        30 350
21  64  47  56   3   9   0 0.00  0.0    0 13.2 26 190   M    M   6        31 190
22  71  53  62   9   3   0 0.02  0.0    0  6.6 15 220   M    M   9 1      21 240
23  71  54  63   9   2   0 0.12  0.0    0 12.4 22 350   M    M   7 1      26 340
24  64  47  56   2   9   0 0.00  0.0    0 12.1 24 350   M    M   2        26 330
25  62  47  55   1  10   0 0.00  0.0    0  5.3 14 180   M    M   7        17 150
26  65  47  56   1   9   0 0.04  0.0    0 10.3 32 340   M    M   9 13     38 340
27  54  46  50  -5  15   0 0.00  0.0    0  9.7 18 190   M    M   7        22 210
================================================================================
SM 1607 1138       375   0  1.21    T    332.9          M      155
================================================================================
AV 59.5 42.1                              12.3 FASTST   M    M   6    MAX(MPH)
                                 MISC ---->  # 49 290               # 64  290
================================================================================
NOTES:
# LAST OF SEVERAL OCCURRENCES

COLUMN 17 PEAK WIND IN M.P.H.

PRELIMINARY LOCAL CLIMATOLOGICAL DATA (WS FORM: F-6) , PAGE 2

                                          STATION:  KENNEDY NY
                                          MONTH:    APRIL
                                          YEAR:     2016
                                          LATITUDE:   40 39 N
                                          LONGITUDE:  73 47 W

[TEMPERATURE DATA]      [PRECIPITATION DATA]       SYMBOLS USED IN COLUMN 16

AVERAGE MONTHLY: 50.8   TOTAL FOR MONTH:   1.21    1 = FOG OR MIST
DPTR FM NORMAL:   0.1   DPTR FM NORMAL:   -2.30    2 = FOG REDUCING VISIBILITY
HIGHEST:    78 ON 18    GRTST 24HR  0.37 ON  2- 3      TO 1/4 MILE OR LESS
LOWEST:     26 ON  5                               3 = THUNDER
                        SNOW, ICE PELLETS, HAIL    4 = ICE PELLETS
                        TOTAL MONTH:    T          5 = HAIL
                        GRTST 24HR    T  ON  9- 9  6 = FREEZING RAIN OR DRIZZLE
                        GRTST DEPTH:   0           7 = DUSTSTORM OR SANDSTORM:
                                                       VSBY 1/2 MILE OR LESS
                                                   8 = SMOKE OR HAZE
[NO. OF DAYS WITH]      [WEATHER - DAYS WITH]      9 = BLOWING SNOW
                                                   X = TORNADO
MAX 32 OR BELOW:   0    0.01 INCH OR MORE:  10
MAX 90 OR ABOVE:   0    0.10 INCH OR MORE:   5
MIN 32 OR BELOW:   4    0.50 INCH OR MORE:   0
MIN  0 OR BELOW:   0    1.00 INCH OR MORE:   0

[HDD (BASE 65) ]
TOTAL THIS MO.   375    CLEAR  (SCALE 0-3)   6
DPTR FM NORMAL   -12    PTCLDY (SCALE 4-7)  14
TOTAL FM JUL 1  3662    CLOUDY (SCALE 8-10)  7
DPTR FM NORMAL  -961

[CDD (BASE 65) ]
TOTAL THIS MO.     0
DPTR FM NORMAL     0    [PRESSURE DATA]
TOTAL FM JAN 1     0    HIGHEST SLP  0.00 ON  9
DPTR FM NORMAL     0    LOWEST  SLP 29.24 ON  2

[REMARKS]
