984
CXUS53 KSGF 230800
CF6JLN
PRELIMINARY LOCAL CLIMATOLOGICAL DATA (WS FORM: F-6)

                                          STATION:   JOPLIN MO
                                          MONTH:     FEBRUARY
                                          YEAR:      2018
                                          LATITUDE:   37 10 N
                                          LONGITUDE:  94 30 W

  TEMPERATURE IN F:       :PCPN:    SNOW:  WIND      :SUNSHINE: SKY     :PK WND
================================================================================
1   2   3   4   5  6A  6B    7    8   9   10  11  12  13   14  15   16   17  18
                                     12Z  AVG MX 2MIN
DY MAX MIN AVG DEP HDD CDD  WTR  SNW DPTH SPD SPD DIR MIN PSBL S-S WX    SPD DR
================================================================================

 1  43  18  31  -5  34   0 0.00    M    M 11.5 22  20   M    M   4        30  30
 2  43  13  28  -9  37   0 0.00    M    M  6.4 17 180   M    M   0        22 170
 3  53  34  44   7  21   0 0.00    M    M 14.4 23 180   M    M   2        31 180
 4  40   6  23 -14  42   0 0.01    M    M 11.9 25 340   M    M   4 18     33 360
 5  33   4  19 -18  46   0 0.00    M    M  5.6 17 280   M    M   4 18     22 280
 6  28  16  22 -15  43   0    T    M    M  8.4 17  40   M    M   7 18     22  60
 7  37  16  27 -11  38   0 0.00    M    M  6.3 17 360   M    M   3 18     22 360
 8  57  19  38   0  27   0 0.00    M    M 11.2 22 190   M    M   0        29 190
 9  60  31  46   8  19   0 0.00    M    M 13.1 23 200   M    M   3 8      30 200
10  31  19  25 -13  40   0    T    M    M 11.5 18  20   M    M  10 16     27  20
11  26  17  22 -17  43   0    T    M    M  7.2 16 330   M    M   9 16     21 360
12  40  12  26 -13  39   0 0.00    M    M  5.2 14 100   M    M   0 1      19  40
13  53  32  43   4  22   0 0.00    M    M  7.8 18 190   M    M   7        25 190
14  65  45  55  15  10   0 0.00    M    M 14.2 25 200   M    M   6 1      35 190
15  77  51  64  24   1   0    T    M    M 22.0 35 210   M    M   3        47 210
16  51  33  42   2  23   0    T    M    M 12.8 26 360   M    M   4        36 360
17  53  36  45   5  20   0 0.33    M    M  6.9 17 270   M    M   6 1      24 270
18  59  33  46   5  19   0 0.00    M    M 16.2 31 190   M    M   3        47 200
19  66  52  59  18   6   0 0.93    M    M 20.0 31 180   M    M  10 13     44 190
20  69  26  48   7  17   0 1.19    M    M 16.6 32 320   M    M   8 136    41 330
21  29  24  27 -15  38   0    T    M    M 11.8 18 360   M    M  10 16     28  70
22  43  29  36  -6  29   0 0.15    M    M  4.7 15 100   M    M  10 16     21 100
================================================================================
SM 1056  566       614   0  2.61    M    245.7          M      113
================================================================================
AV 48.0 25.7                              11.2 FASTST   M    M   5    MAX(MPH)
                                 MISC ---->  # 35 210               # 47  210
================================================================================
NOTES:
# LAST OF SEVERAL OCCURRENCES

COLUMN 17 PEAK WIND IN M.P.H.

PRELIMINARY LOCAL CLIMATOLOGICAL DATA (WS FORM: F-6) , PAGE 2

                                          STATION:  JOPLIN MO
                                          MONTH:    FEBRUARY
                                          YEAR:     2018
                                          LATITUDE:   37 10 N
                                          LONGITUDE:  94 30 W

[TEMPERATURE DATA]      [PRECIPITATION DATA]       SYMBOLS USED IN COLUMN 16

AVERAGE MONTHLY: 36.9   TOTAL FOR MONTH:   2.61    1 = FOG OR MIST
DPTR FM NORMAL:  -2.1   DPTR FM NORMAL:    0.85    2 = FOG REDUCING VISIBILITY
HIGHEST:    77 ON 15    GRTST 24HR  1.19 ON 20-20      TO 1/4 MILE OR LESS
LOWEST:      4 ON  5                               3 = THUNDER
                        SNOW, ICE PELLETS, HAIL    4 = ICE PELLETS
                        TOTAL MONTH:    M          5 = HAIL
                        GRTST 24HR    M  ON   M    6 = FREEZING RAIN OR DRIZZLE
                        GRTST DEPTH:  M  ON   M    7 = DUSTSTORM OR SANDSTORM:
                                                       VSBY 1/2 MILE OR LESS
                                                   8 = SMOKE OR HAZE
[NO. OF DAYS WITH]      [WEATHER - DAYS WITH]      9 = BLOWING SNOW
                                                   X = TORNADO
MAX 32 OR BELOW:   4    0.01 INCH OR MORE:   5
MAX 90 OR ABOVE:   0    0.10 INCH OR MORE:   4
MIN 32 OR BELOW:  15    0.50 INCH OR MORE:   2
MIN  0 OR BELOW:   0    1.00 INCH OR MORE:   1

[HDD (BASE 65) ]
TOTAL THIS MO.   614    CLEAR  (SCALE 0-3)   7
DPTR FM NORMAL    41    PTCLDY (SCALE 4-7)  10
TOTAL FM JUL 1  3083    CLOUDY (SCALE 8-10)  5
DPTR FM NORMAL   -39

[CDD (BASE 65) ]
TOTAL THIS MO.     0
DPTR FM NORMAL     0    [PRESSURE DATA]
TOTAL FM JAN 1     0    HIGHEST SLP M ON M
DPTR FM NORMAL     0    LOWEST  SLP 29.72 ON 15

[REMARKS]
