000
CXUS53 KBIS 280734
CF6JMS
PRELIMINARY LOCAL CLIMATOLOGICAL DATA (WS FORM: F-6)

                                          STATION:   JAMESTOWN ND
                                          MONTH:     AUGUST
                                          YEAR:      2016
                                          LATITUDE:   46 55 N
                                          LONGITUDE:  98 40 W

  TEMPERATURE IN F:       :PCPN:    SNOW:  WIND      :SUNSHINE: SKY     :PK WND
================================================================================
1   2   3   4   5  6A  6B    7    8   9   10  11  12  13   14  15   16   17  18
                                     12Z  AVG MX 2MIN
DY MAX MIN AVG DEP HDD CDD  WTR  SNW DPTH SPD SPD DIR MIN PSBL S-S WX    SPD DR
================================================================================

 1  86  67  77   7   0  12 0.74    M    M  8.8 28 270   M    M   4 13     40 260
 2  85  59  72   2   0   7 0.00    M    M  4.6 10 260   M    M   0 1      14 240
 3  88  62  75   5   0  10 0.00    M    M 14.2 26 170   M    M   1 3      35 150
 4  75  56  66  -4   0   1 0.04    M    M 13.1 29 300   M    M   5 3      38 290
 5  78  52  65  -5   0   0 0.00    M    M  5.2 15 320   M    M   0        19 320
 6  83  53  68  -2   0   3 0.00    M    M  2.7  8 140   M    M   M        11 150
 7  81  55  68  -2   0   3 0.00    M    M  6.5 15 140   M    M   1        20 170
 8  82  60  71   1   0   6 0.00    M    M 13.5 26 170   M    M   1        32 170
 9  81  60  71   1   0   6 0.04    M    M  6.9 16  80   M    M   1 13     24  50
10  75  58  67  -3   0   2 2.75    M    M 11.7 23 140   M    M   6 13     30 110
11  80  62  71   1   0   6    T    M    M  5.9 21  80   M    M   4 1      30  70
12  77  60  69   0   0   4 0.00    M    M  8.4 20 300   M    M   1        24 330
13  76  58  67  -2   0   2 0.01    M    M  7.2 20 310   M    M   2        23 300
14  81  55  68  -1   0   3 0.00    M    M  4.3 13 140   M    M   0        16 140
15  81  59  70   1   0   5 0.00    M    M  8.9 15 150   M    M   0        20 150
16  82  62  72   3   0   7 0.00    M    M  5.3 16 340   M    M   3 12     21 330
17  86  56  71   3   0   6 0.00    M    M  5.5 14 180   M    M   0        18 190
18  76  58  67  -1   0   2 0.98    M    M 11.3 62 320   M    M   2 13     77 320
19  70  52  61  -7   4   0 0.01    M    M  9.1 18 290   M    M   4        23 300
20  69  51  60  -8   5   0 0.01    M    M  9.2 20 340   M    M   4 1      27 340
21  79  45  62  -6   3   0 0.00    M    M  6.4 15 200   M    M   1        20 200
22  82  52  67   0   0   2 0.00    M    M 10.2 16 150   M    M   0        20 150
23  84  57  71   4   0   6 0.00    M    M 12.0 23 180   M    M   2 3      28 180
24  71  53  62  -5   3   0 0.00    M    M 13.8 25 270   M    M   2        33 270
25  67  55  61  -5   4   0    T    M    M 11.1 22 300   M    M   7        27 290
26  68  47  58  -8   7   0 0.00    M    M  8.3 16 200   M    M   2        21 200
27  78  55  67   1   0   2 0.01    M    M  6.4 14 190   M    M   4 13     18 200
================================================================================
SM 2121 1519        26  95  4.59    M    230.5          M       57
================================================================================
AV 78.6 56.3                               8.5 FASTST   M    M   2    MAX(MPH)
                                 MISC ---->  # 62 320               # 77  320
================================================================================
NOTES:
# LAST OF SEVERAL OCCURRENCES

COLUMN 17 PEAK WIND IN M.P.H.

PRELIMINARY LOCAL CLIMATOLOGICAL DATA (WS FORM: F-6) , PAGE 2

                                          STATION:  JAMESTOWN ND
                                          MONTH:    AUGUST
                                          YEAR:     2016
                                          LATITUDE:   46 55 N
                                          LONGITUDE:  98 40 W

[TEMPERATURE DATA]      [PRECIPITATION DATA]       SYMBOLS USED IN COLUMN 16

AVERAGE MONTHLY: 67.4   TOTAL FOR MONTH:   4.59    1 = FOG OR MIST
DPTR FM NORMAL:  -1.3   DPTR FM NORMAL:    2.79    2 = FOG REDUCING VISIBILITY
HIGHEST:    88 ON  3    GRTST 24HR  2.79 ON  9-10      TO 1/4 MILE OR LESS
LOWEST:     45 ON 21                               3 = THUNDER
                        SNOW, ICE PELLETS, HAIL    4 = ICE PELLETS
                        TOTAL MONTH:    M          5 = HAIL
                        GRTST 24HR    M  ON   M    6 = FREEZING RAIN OR DRIZZLE
                        GRTST DEPTH:  M  ON   M    7 = DUSTSTORM OR SANDSTORM:
                                                       VSBY 1/2 MILE OR LESS
                                                   8 = SMOKE OR HAZE
[NO. OF DAYS WITH]      [WEATHER - DAYS WITH]      9 = BLOWING SNOW
                                                   X = TORNADO
MAX 32 OR BELOW:   0    0.01 INCH OR MORE:   9
MAX 90 OR ABOVE:   0    0.10 INCH OR MORE:   3
MIN 32 OR BELOW:   0    0.50 INCH OR MORE:   3
MIN  0 OR BELOW:   0    1.00 INCH OR MORE:   1

[HDD (BASE 65) ]
TOTAL THIS MO.    26    CLEAR  (SCALE 0-3)  17
DPTR FM NORMAL    -8    PTCLDY (SCALE 4-7)   9
TOTAL FM JUL 1    33    CLOUDY (SCALE 8-10)  0
DPTR FM NORMAL   -23

[CDD (BASE 65) ]
TOTAL THIS MO.    95
DPTR FM NORMAL   -38    [PRESSURE DATA]
TOTAL FM JAN 1   379    HIGHEST SLP  0.00 ON  4
DPTR FM NORMAL   -26    LOWEST  SLP 29.54 ON M

[REMARKS]
