000
CXHW50 PHFO 291250
CF6JRF
PRELIMINARY LOCAL CLIMATOLOGICAL DATA (WS FORM: F-6)

                                          STATION:   KALAELOA ARPT/OAHU HI
                                          MONTH:     SEPTEMBER
                                          YEAR:      2014
                                          LATITUDE:   21 19 N
                                          LONGITUDE: 158  4 W

  TEMPERATURE IN F:       :PCPN:    SNOW:  WIND      :SUNSHINE: SKY     :PK WND
================================================================================
1   2   3   4   5  6A  6B    7    8   9   10  11  12  13   14  15   16   17  18
                                     12Z  AVG MX 2MIN
DY MAX MIN AVG DEP HDD CDD  WTR  SNW DPTH SPD SPD DIR MIN PSBL S-S WX    SPD DR
================================================================================

 1  87  70  79  -1   0  14 0.00  0.0    0  3.4 10 170   M    M   1        20 270
 2  89  71  80   0   0  15 0.00  0.0    0  4.1 17 150   M    M   4        22 150
 3  93  72  83   3   0  18 0.00  0.0    0  3.8 13 130   M    M   2        22 150
 4  91  73  82   2   0  17 0.00  0.0    0  3.4 14 150   M    M   3        20 150
 5  92  74  83   3   0  18 0.00  0.0    0  4.2 13  80   M    M   4        21  80
 6  90  74  82   2   0  17    T  0.0    0  3.9 14 140   M    M   3        21 130
 7  90  72  81   1   0  16 0.00  0.0    0  4.4  6  60   M    M   1         9  50
 8  91  71  81   1   0  16 0.00  0.0    0  3.0  9  50   M    M   1        18  60
 9  88  71  80   0   0  15 0.00  0.0    0  4.0 15 120   M    M   1        22 140
10  88  71  80   0   0  15 0.00  0.0    0  3.8 18 320   M    M   2        23 320
11  89  69  79  -1   0  14 0.00  0.0    0  5.0 15 140   M    M   2        22 120
12  87  72  80   0   0  15 0.00  0.0    0  5.4 17 150   M    M   1        21 150
13  88  70  79  -1   0  14 0.00  0.0    0  3.7 13 150   M    M   3        16 250
14  87  68  78  -2   0  13    T  0.0    0  4.4 13 220   M    M   4        16 270
15  90  74  82   2   0  17    T  0.0    0  4.0 16 150   M    M   3        21 150
16  89  70  80   0   0  15 0.00  0.0    0  4.3 14 150   M    M   5        17 150
17  88  74  81   1   0  16 0.01  0.0    0  3.6 14 270   M    M   6        16 280
18  87  70  79  -1   0  14 0.25  0.0    0  3.1 15 150   M    M   4 1      17 150
19  87  68  78  -2   0  13 0.01  0.0    0  3.3 10 200   M    M   3        15 210
20  88  71  80   0   0  15 0.05  0.0    0  3.5 12 160   M    M   3 1      14 150
21  89  73  81   1   0  16 0.01  0.0    0  3.5 15 130   M    M   3        22 120
22  92  75  84   4   0  19 0.00  0.0    0  3.5 13  70   M    M   2        20  70
23  92  75  84   4   0  19    T  0.0    0  4.6 14  60   M    M   1        23  10
24  93  73  83   3   0  18    T  0.0    0  4.9 13  70   M    M   2 1      23  60
25  92  75  84   4   0  19 0.03  0.0    0  4.2 14  70   M    M   2 1      23  80
26  91  76  84   4   0  19 0.00  0.0    0  3.3 12  80   M    M   4        20  80
27  92  75  84   4   0  19 0.06  0.0    0  3.9 13  80   M    M   5        23  70
28  90  72  81   1   0  16 0.01  0.0    0  4.1 16  80   M    M   4        28 110
================================================================================
SM 2510 2019         0 452  0.43     0.0 110.3          M       79
================================================================================
AV 89.6 72.1                               3.9 FASTST   M    M   3    MAX(MPH)
                                 MISC ---->  # 18 320               # 28  110
================================================================================
NOTES:
# LAST OF SEVERAL OCCURRENCES

COLUMN 17 PEAK WIND IN M.P.H.

PRELIMINARY LOCAL CLIMATOLOGICAL DATA (WS FORM: F-6) , PAGE 2

                                          STATION:  KALAELOA ARPT/OAHU HI
                                          MONTH:    SEPTEMBER
                                          YEAR:     2014
                                          LATITUDE:   21 19 N
                                          LONGITUDE: 158  4 W

[TEMPERATURE DATA]      [PRECIPITATION DATA]       SYMBOLS USED IN COLUMN 16

AVERAGE MONTHLY: 80.9   TOTAL FOR MONTH:   0.43    1 = FOG OR MIST
DPTR FM NORMAL:   0.9   DPTR FM NORMAL:   -0.33    2 = FOG REDUCING VISIBILITY
HIGHEST:    93 ON 24, 3 GRTST 24HR  0.26 ON 18-19      TO 1/4 MILE OR LESS
LOWEST:     68 ON 19,14                            3 = THUNDER
                        SNOW, ICE PELLETS, HAIL    4 = ICE PELLETS
                        TOTAL MONTH:   0.0 INCH    5 = HAIL
                        GRTST 24HR     0.0         6 = FREEZING RAIN OR DRIZZLE
                        GRTST DEPTH:   0           7 = DUSTSTORM OR SANDSTORM:
                                                       VSBY 1/2 MILE OR LESS
                                                   8 = SMOKE OR HAZE
[NO. OF DAYS WITH]      [WEATHER - DAYS WITH]      9 = BLOWING SNOW
                                                   X = TORNADO
MAX 32 OR BELOW:   0    0.01 INCH OR MORE:   8
MAX 90 OR ABOVE:  14    0.10 INCH OR MORE:   1
MIN 32 OR BELOW:   0    0.50 INCH OR MORE:   0
MIN  0 OR BELOW:   0    1.00 INCH OR MORE:   0

[HDD (BASE 65) ]
TOTAL THIS MO.     0    CLEAR  (SCALE 0-3)  17
DPTR FM NORMAL     0    PTCLDY (SCALE 4-7)  11
TOTAL FM JUL 1     0    CLOUDY (SCALE 8-10)  0
DPTR FM NORMAL     0

[CDD (BASE 65) ]
TOTAL THIS MO.   452
DPTR FM NORMAL    31    [PRESSURE DATA]
TOTAL FM JAN 1  3180    HIGHEST SLP M ON M
DPTR FM NORMAL     7    LOWEST  SLP 29.89 ON 14

[REMARKS]
