000
CXUS53 KIND 260730
CF6LAF
PRELIMINARY LOCAL CLIMATOLOGICAL DATA (WS FORM: F-6)

                                          STATION:   LAFAYETTE IN
                                          MONTH:     APRIL
                                          YEAR:      2017
                                          LATITUDE:   40 25 N
                                          LONGITUDE:  86 56 W

  TEMPERATURE IN F:       :PCPN:    SNOW:  WIND      :SUNSHINE: SKY     :PK WND
================================================================================
1   2   3   4   5  6A  6B    7    8   9   10  11  12  13   14  15   16   17  18
                                     12Z  AVG MX 2MIN
DY MAX MIN AVG DEP HDD CDD  WTR  SNW DPTH SPD SPD DIR MIN PSBL S-S WX    SPD DR
================================================================================

 1  57  37  47   0  18   0 0.00    M    M  6.5 14  30   M    M   4        23 360
 2  62  40  51   4  14   0 0.00    M    M  6.9 16 110   M    M   0        22 130
 3  66  50  58  10   7   0 0.04    M    M  8.5 18 200   M    M   7 13     28 180
 4  57  43  50   2  15   0    T    M    M 11.5 26 280   M    M   8 1      34 290
 5  53  43  48   0  17   0 1.50    M    M 12.4 25  80   M    M  10 13     30  90
 6  50  36  43  -6  22   0 0.23    M    M 18.2 37 340   M    M   8 1      49 340
 7  53  33  43  -6  22   0 0.00    M    M 11.0 24 350   M    M   0        35 310
 8  64  30  47  -2  18   0 0.00    M    M  6.2 16 180   M    M   0        23 220
 9  75  52  64  14   1   0 0.00    M    M 12.7 26 190   M    M   0        39 200
10  70  59  65  15   0   0 0.26    M    M  9.7 22 230   M    M   2 13     30 230
11  61  44  53   3  12   0 0.00    M    M  9.2 18 270   M    M   3        24 270
12  64  34  49  -2  16   0 0.00    M    M  4.0 10 100   M    M   0        15  20
13  73  45  59   8   6   0 0.02    M    M  7.9 16  60   M    M   4        20  60
14  79  49  64  12   1   0 0.01    M    M  7.1 21 310   M    M   4 3      37 190
15  80  55  68  16   0   3 0.00    M    M 10.5 26 200   M    M   2        40 220
16  70  52  61   9   4   0 0.14    M    M  9.9 18 260   M    M   5 3      28 210
17  71  46  59   7   6   0 0.00    M    M  2.8 10 100   M    M   1        13 320
18  76  42  59   6   6   0 0.00    M    M  6.8 21 140   M    M   1        28 150
19  80  57  69  16   0   4 0.00    M    M  6.8 15 220   M    M   4 13     21 220
20  77  51  64  10   1   0 0.10    M    M 10.0 28 230   M    M   5 13     38 230
21  56  42  49  -5  16   0 0.00    M    M  9.6 20 360   M    M   3        26 360
22  60  41  51  -3  14   0 0.00    M    M 12.8 24  50   M    M   0        32  70
23  68  37  53  -1  12   0 0.00    M    M  7.5 17  20   M    M   0        21  30
24  72  38  55   0  10   0 0.00    M    M  7.7 20 110   M    M   0 18     25 100
25  76  51  64   9   1   0 0.00    M    M  7.2 16 160   M    M   0        22 170
================================================================================
SM 1670 1107       239   7  2.30    M    223.4          M       71
================================================================================
AV 66.8 44.3                               8.9 FASTST   M    M   3    MAX(MPH)
                                 MISC ---->  # 37 340               # 49  340
================================================================================
NOTES:
# LAST OF SEVERAL OCCURRENCES

COLUMN 17 PEAK WIND IN M.P.H.

PRELIMINARY LOCAL CLIMATOLOGICAL DATA (WS FORM: F-6) , PAGE 2

                                          STATION:  LAFAYETTE IN
                                          MONTH:    APRIL
                                          YEAR:     2017
                                          LATITUDE:   40 25 N
                                          LONGITUDE:  86 56 W

[TEMPERATURE DATA]      [PRECIPITATION DATA]       SYMBOLS USED IN COLUMN 16

AVERAGE MONTHLY: 55.5   TOTAL FOR MONTH:   2.30    1 = FOG OR MIST
DPTR FM NORMAL:   4.5   DPTR FM NORMAL:   -0.60    2 = FOG REDUCING VISIBILITY
HIGHEST:    80 ON 19,15 GRTST 24HR  1.54 ON  5- 6      TO 1/4 MILE OR LESS
LOWEST:     30 ON  8                               3 = THUNDER
                        SNOW, ICE PELLETS, HAIL    4 = ICE PELLETS
                        TOTAL MONTH:    M          5 = HAIL
                        GRTST 24HR    M  ON   M    6 = FREEZING RAIN OR DRIZZLE
                        GRTST DEPTH:  M  ON   M    7 = DUSTSTORM OR SANDSTORM:
                                                       VSBY 1/2 MILE OR LESS
                                                   8 = SMOKE OR HAZE
[NO. OF DAYS WITH]      [WEATHER - DAYS WITH]      9 = BLOWING SNOW
                                                   X = TORNADO
MAX 32 OR BELOW:   0    0.01 INCH OR MORE:   8
MAX 90 OR ABOVE:   0    0.10 INCH OR MORE:   5
MIN 32 OR BELOW:   1    0.50 INCH OR MORE:   1
MIN  0 OR BELOW:   0    1.00 INCH OR MORE:   1

[HDD (BASE 65) ]
TOTAL THIS MO.   239    CLEAR  (SCALE 0-3)  15
DPTR FM NORMAL  -119    PTCLDY (SCALE 4-7)   8
TOTAL FM JUL 1  4651    CLOUDY (SCALE 8-10)  2
DPTR FM NORMAL  -792

[CDD (BASE 65) ]
TOTAL THIS MO.     7
DPTR FM NORMAL     0    [PRESSURE DATA]
TOTAL FM JAN 1     8    HIGHEST SLP M ON M
DPTR FM NORMAL     0    LOWEST  SLP 29.38 ON  3

[REMARKS]
