000
CXUS53 KGRR 241017
CF6LAN
PRELIMINARY LOCAL CLIMATOLOGICAL DATA (WS FORM: F-6)

                                          STATION:   LANSING
                                          MONTH:     AUGUST
                                          YEAR:      2016
                                          LATITUDE:   42 46 N
                                          LONGITUDE:  84 36 W

  TEMPERATURE IN F:       :PCPN:    SNOW:  WIND      :SUNSHINE: SKY     :PK WND
================================================================================
1   2   3   4   5  6A  6B    7    8   9   10  11  12  13   14  15   16   17  18
                                     12Z  AVG MX 2MIN
DY MAX MIN AVG DEP HDD CDD  WTR  SNW DPTH SPD SPD DIR MIN PSBL S-S WX    SPD DR
================================================================================

 1  84  59  72   1   0   7 0.00  0.0    0  2.7  9  30   M    M   0 1      15  10
 2  87  62  75   4   0  10 0.00  0.0    0  2.9 10  70   M    M   2 1      12  50
 3  92  64  78   7   0  13 0.00  0.0    0  2.7 12 170   M    M   3        14 170
 4  93  67  80   9   0  15 0.00  0.0    0  5.7 14 180   M    M   0        20 230
 5  90  66  78   7   0  13 0.00  0.0    0 10.1 18 310   M    M   2        25 300
 6  85  60  73   2   0   8 0.00  0.0    0  5.3 13 290   M    M   2        19 270
 7  83  59  71   0   0   6 0.00  0.0    0  5.0 14  10   M    M   1        17 310
 8  85  54  70  -1   0   5 0.00  0.0    0  4.5 13  50   M    M   0        23  70
 9  90  57  74   3   0   9 0.00  0.0    0  3.7 15 220   M    M   1        21 250
10  93  63  78   8   0  13 0.00  0.0    0  2.7 14 280   M    M   1        17 280
11  94  69  82  12   0  17    T  0.0    0  8.5 21 250   M    M   5        24 250
12  91  74  83  13   0  18 1.08  0.0    0  6.1 21 280   M    M   7 13     30 280
13  86  70  78   8   0  13 0.88  0.0    0 10.4 22 260   M    M   6 13     27 250
14  83  66  75   5   0  10 0.00  0.0    0  3.6 10 260   M    M   3 12     14 250
15  82  63  73   3   0   8 1.34  0.0    0  3.8 15 150   M    M   3 1      18 140
16  83  69  76   6   0  11 1.76  0.0    0  9.2 18 210   M    M   7 1      23 190
17  84  66  75   5   0  10 0.20  0.0    0  7.1 25 320   M    M   3 138    31 330
18  84  62  73   3   0   8 0.00  0.0    0  4.6 12 200   M    M   0 1      15 220
19  82  68  75   5   0  10 0.00  0.0    0  8.0 17 240   M    M   1 1      21 250
20  82  67  75   5   0  10 0.58  0.0    0 10.1 22 270   M    M   4 1      28 200
21  73  59  66  -3   0   1 0.09  0.0    0 10.2 23 290   M    M   5        30 310
22  78  53  66  -3   0   1 0.00  0.0    0  4.4 13 240   M    M   2        18 250
23  80  57  69   0   0   4 0.00  0.0    0  7.0 17 220   M    M   1        21 200
================================================================================
SM 1964 1454         0 220  5.93     0.0 138.3          M       59
================================================================================
AV 85.4 63.2                               6.0 FASTST   M    M   3    MAX(MPH)
                                 MISC ---->  # 25 320               # 31  330
================================================================================
NOTES:
# LAST OF SEVERAL OCCURRENCES

COLUMN 17 PEAK WIND IN M.P.H.

PRELIMINARY LOCAL CLIMATOLOGICAL DATA (WS FORM: F-6) , PAGE 2

                                          STATION:  LANSING
                                          MONTH:    AUGUST
                                          YEAR:     2016
                                          LATITUDE:   42 46 N
                                          LONGITUDE:  84 36 W

[TEMPERATURE DATA]      [PRECIPITATION DATA]       SYMBOLS USED IN COLUMN 16

AVERAGE MONTHLY: 74.3   TOTAL FOR MONTH:   5.93    1 = FOG OR MIST
DPTR FM NORMAL:   4.0   DPTR FM NORMAL:    3.52    2 = FOG REDUCING VISIBILITY
HIGHEST:    94 ON 11    GRTST 24HR  3.10 ON 15-16      TO 1/4 MILE OR LESS
LOWEST:     53 ON 22                               3 = THUNDER
                        SNOW, ICE PELLETS, HAIL    4 = ICE PELLETS
                        TOTAL MONTH:   0.0 INCH    5 = HAIL
                        GRTST 24HR     0.0         6 = FREEZING RAIN OR DRIZZLE
                        GRTST DEPTH:   0           7 = DUSTSTORM OR SANDSTORM:
                                                       VSBY 1/2 MILE OR LESS
                                                   8 = SMOKE OR HAZE
[NO. OF DAYS WITH]      [WEATHER - DAYS WITH]      9 = BLOWING SNOW
                                                   X = TORNADO
MAX 32 OR BELOW:   0    0.01 INCH OR MORE:   7
MAX 90 OR ABOVE:   7    0.10 INCH OR MORE:   6
MIN 32 OR BELOW:   0    0.50 INCH OR MORE:   5
MIN  0 OR BELOW:   0    1.00 INCH OR MORE:   3

[HDD (BASE 65) ]
TOTAL THIS MO.     0    CLEAR  (SCALE 0-3)  17
DPTR FM NORMAL   -19    PTCLDY (SCALE 4-7)   6
TOTAL FM JUL 1     3    CLOUDY (SCALE 8-10)  0
DPTR FM NORMAL   -27

[CDD (BASE 65) ]
TOTAL THIS MO.   220
DPTR FM NORMAL    88    [PRESSURE DATA]
TOTAL FM JAN 1   704    HIGHEST SLP M ON M
DPTR FM NORMAL   186    LOWEST  SLP 29.56 ON 20

[REMARKS]
