000
CXUS54 KOUN 270800
CF6LAW
PRELIMINARY LOCAL CLIMATOLOGICAL DATA (WS FORM: F-6)

                                          STATION:   LAWTON MUNICIPAL
                                          MONTH:     FEBRUARY
                                          YEAR:      2015
                                          LATITUDE:   34 34 N
                                          LONGITUDE:  98 25 W

  TEMPERATURE IN F:       :PCPN:    SNOW:  WIND      :SUNSHINE: SKY     :PK WND
================================================================================
1   2   3   4   5  6A  6B    7    8   9   10  11  12  13   14  15   16   17  18
                                     12Z  AVG MX 2MIN
DY MAX MIN AVG DEP HDD CDD  WTR  SNW DPTH SPD SPD DIR MIN PSBL S-S WX    SPD DR
================================================================================

 1  47  26  37  -5  28   0 0.00  0.0    0 17.0 30 350   M    M   5 12     39 360
 2  37  18  28 -15  37   0 0.00  0.0    0  6.4 25 350   M    M   2        31 360
 3  59  24  42  -1  23   0 0.00  0.0    0  8.7 21 180   M    M   0        27 180
 4  46  29  38  -5  27   0 0.00  0.0    0 14.0 36  20   M    M   6 18     43  30
 5  42  24  33 -10  32   0 0.00  0.0    0  8.9 24  20   M    M   5        29  20
 6  63  23  43   0  22   0 0.00  0.0    0  8.8 21 180   M    M   0        26 180
 7  76  29  53   9  12   0 0.00  0.0    0  8.8 18 170   M    M   0 1      23 180
 8  81  36  59  15   6   0 0.00  0.0    0  8.7 24  20   M    M   0 1      30  20
 9  74  37  56  12   9   0 0.00  0.0    0  5.7 16  30   M    M   0        19  40
10  78  36  57  13   8   0 0.00  0.0    0 10.0 23 160   M    M   0        28 160
11  57  37  47   3  18   0    T  0.0    0 18.0 36  10   M    M   2        41  10
12  53  30  42  -2  23   0 0.00  0.0    0  7.1 21  40   M    M   1        25  40
13  72  28  50   5  15   0 0.00  0.0    0  4.8 16  20   M    M   0        19 330
14  79  30  55  10  10   0 0.00  0.0    0  7.0 18 220   M    M   0        24 230
15  61  27  44  -1  21   0    T    M    0 18.5 33  10   M    M   4 16     39  10
16  40  23  32 -13  33   0 0.04    M    0 13.2 30 360   M    M   5 168    38  10
17  53  24  39  -7  26   0 0.00  0.0    0  5.1 17 340   M    M   3        26 310
18  55  19  37  -9  28   0 0.00  0.0    0  5.3 17  40   M    M   1        21  40
19  59  24  42  -4  23   0 0.00  0.0    0 12.5 22 130   M    M   0        28 130
20  62  40  51   5  14   0 0.00  0.0    0 13.3 28  10   M    M   4 1      34  10
21  60  39  50   4  15   0 0.00  0.0    0 14.9 30  10   M    M   5 18     37  10
22  43  24  34 -13  31   0 0.00  0.0    0 23.1 39  20   M    M   8 8      45  20
23  26  20  23 -24  42   0 0.02    M    0 15.8 28  30   M    M  10 8      36  20
24  40  22  31 -16  34   0 0.00  0.0    0  4.6 13 190   M    M   3        16 200
25  62  26  44  -4  21   0 0.00  0.0    0  6.7 37  10   M    M   3 18     48  20
26  42  24  33 -15  32   0 0.00  0.0    0 22.2 37  10   M    M   6        46  10
================================================================================
SM 1467  719       590   0  0.06     0.0 289.1          M       73
================================================================================
AV 56.4 27.7                              11.1 FASTST   M    M   3    MAX(MPH)
                                 MISC ---->  # 39  20               # 48   20
================================================================================
NOTES:
# LAST OF SEVERAL OCCURRENCES

COLUMN 17 PEAK WIND IN M.P.H.

PRELIMINARY LOCAL CLIMATOLOGICAL DATA (WS FORM: F-6) , PAGE 2

                                          STATION:  LAWTON MUNICIPAL
                                          MONTH:    FEBRUARY
                                          YEAR:     2015
                                          LATITUDE:   34 34 N
                                          LONGITUDE:  98 25 W

[TEMPERATURE DATA]      [PRECIPITATION DATA]       SYMBOLS USED IN COLUMN 16

AVERAGE MONTHLY: 42.0   TOTAL FOR MONTH:   0.06    1 = FOG OR MIST
DPTR FM NORMAL:  -2.9   DPTR FM NORMAL:   -1.19    2 = FOG REDUCING VISIBILITY
HIGHEST:    81 ON  8    GRTST 24HR  0.74 ON 31- 1      TO 1/4 MILE OR LESS
LOWEST:     18 ON  2                               3 = THUNDER
                        SNOW, ICE PELLETS, HAIL    4 = ICE PELLETS
                        TOTAL MONTH:   0.0 INCH    5 = HAIL
                        GRTST 24HR     0.0         6 = FREEZING RAIN OR DRIZZLE
                        GRTST DEPTH:   0           7 = DUSTSTORM OR SANDSTORM:
                                                       VSBY 1/2 MILE OR LESS
                                                   8 = SMOKE OR HAZE
[NO. OF DAYS WITH]      [WEATHER - DAYS WITH]      9 = BLOWING SNOW
                                                   X = TORNADO
MAX 32 OR BELOW:   1    0.01 INCH OR MORE:   2
MAX 90 OR ABOVE:   0    0.10 INCH OR MORE:   0
MIN 32 OR BELOW:  20    0.50 INCH OR MORE:   0
MIN  0 OR BELOW:   0    1.00 INCH OR MORE:   0

[HDD (BASE 65) ]
TOTAL THIS MO.   590    CLEAR  (SCALE 0-3)  15
DPTR FM NORMAL    67    PTCLDY (SCALE 4-7)  10
TOTAL FM JUL 1  2595    CLOUDY (SCALE 8-10)  1
DPTR FM NORMAL    11

[CDD (BASE 65) ]
TOTAL THIS MO.     0
DPTR FM NORMAL     0    [PRESSURE DATA]
TOTAL FM JAN 1     0    HIGHEST SLP M ON M
DPTR FM NORMAL     0    LOWEST  SLP 29.66 ON 20

[REMARKS]
