000
CXUS55 KLBF 290945
CF6LBF
PRELIMINARY LOCAL CLIMATOLOGICAL DATA (WS FORM: F-6)

                                          STATION:   NORTH PLATTE NE
                                          MONTH:     AUGUST
                                          YEAR:      2015
                                          LATITUDE:   41  7 N
                                          LONGITUDE: 100 41 W

  TEMPERATURE IN F:       :PCPN:    SNOW:  WIND      :SUNSHINE: SKY     :PK WND
================================================================================
1   2   3   4   5  6A  6B    7    8   9   10  11  12  13   14  15   16   17  18
                                     12Z  AVG MX 2MIN
DY MAX MIN AVG DEP HDD CDD  WTR  SNW DPTH SPD SPD DIR MIN PSBL S-S WX    SPD DR
================================================================================

 1  85  62  74   0   0   9 0.00  0.0    0 11.3 23 120   M    M   0        30 130
 2  96  57  77   3   0  12    T  0.0    0  3.6 26 140   M    M   0 3      37 130
 3  86  58  72  -2   0   7 0.00  0.0    0 10.1 18 120   M    M   1        23 100
 4  71  61  66  -8   0   1 0.50  0.0    0  8.4 23  80   M    M   6 13     29 110
 5  86  58  72  -2   0   7 0.00  0.0    0  4.6 13 120   M    M   4 12     16 110
 6  78  61  70  -4   0   5 0.33  0.0    0  8.6 23 120   M    M   3 123    30 120
 7  89  59  74   0   0   9 1.42  0.0    0  7.3 24 100   M    M   4 123    33 100
 8  80  62  71  -3   0   6 0.02  0.0    0  4.2 21  90   M    M   4 3      27 100
 9  89  62  76   2   0  11 0.00  0.0    0  4.8 17  30   M    M   2 12     21  20
10  83  63  73   0   0   8 0.00  0.0    0  5.9 14  60   M    M   1        17  70
11  83  60  72  -1   0   7 0.00  0.0    0  7.4 15 180   M    M   3        19 120
12  85  61  73   0   0   8 0.00  0.0    0  8.5 18 170   M    M   2        24 160
13  90  63  77   4   0  12 0.76  0.0    0  8.4 30  10   M    M   0 13     40 350
14  88  62  75   2   0  10 0.00  0.0    0  4.9 12 130   M    M   1 12     15 160
15  92  69  81   8   0  16 0.00  0.0    0 10.9 21 170   M    M   0        28 190
16  83  65  74   2   0   9 0.12  0.0    0  7.0 18  30   M    M   4 3      24  30
17  66  59  63  -9   2   0    T  0.0    0  8.5 15 110   M    M   9        19  80
18  70  47  59 -13   6   0 0.04  0.0    0 11.5 23  10   M    M   8 1      27 360
19  74  48  61 -11   4   0 0.00  0.0    0  7.9 18 310   M    M   2        23 310
20  85  46  66  -6   0   1 0.00  0.0    0  5.3 16 180   M    M   0        21 170
21  84  54  69  -3   0   4 0.00  0.0    0  9.4 24 170   M    M   0 1      33 160
22  79  51  65  -6   0   0 0.00  0.0    0 10.8 24 350   M    M   3        33 350
23  72  40  56 -15   9   0 0.00  0.0    0  4.9 15 350   M    M   0        22 340
24  83  43  63  -8   2   0 0.00  0.0    0  4.6 14 170   M    M   0 8      17 170
25  87  50  69  -1   0   4 0.00  0.0    0  5.8 13 140   M    M   0        17 130
26  92  55  74   4   0   9 0.00  0.0    0  8.6 16 160   M    M   0        20 160
27  89  59  74   4   0   9 0.00  0.0    0  7.6 17 350   M    M   0 1      23 360
28  82  57  70   0   0   5 0.00  0.0    0  7.8 20  20   M    M   2        25  30
================================================================================
SM 2327 1592        23 169  3.19     0.0 208.6          M       59
================================================================================
AV 83.1 56.9                               7.5 FASTST   M    M   2    MAX(MPH)
                                 MISC ---->  # 30  10               # 40  350
================================================================================
NOTES:
# LAST OF SEVERAL OCCURRENCES

COLUMN 17 PEAK WIND IN M.P.H.

PRELIMINARY LOCAL CLIMATOLOGICAL DATA (WS FORM: F-6) , PAGE 2

                                          STATION:  NORTH PLATTE NE
                                          MONTH:    AUGUST
                                          YEAR:     2015
                                          LATITUDE:   41  7 N
                                          LONGITUDE: 100 41 W

[TEMPERATURE DATA]      [PRECIPITATION DATA]       SYMBOLS USED IN COLUMN 16

AVERAGE MONTHLY: 70.0   TOTAL FOR MONTH:   3.19    1 = FOG OR MIST
DPTR FM NORMAL:  -2.5   DPTR FM NORMAL:    1.05    2 = FOG REDUCING VISIBILITY
HIGHEST:    96 ON  2    GRTST 24HR  1.44 ON  7- 8      TO 1/4 MILE OR LESS
LOWEST:     40 ON 23                               3 = THUNDER
                        SNOW, ICE PELLETS, HAIL    4 = ICE PELLETS
                        TOTAL MONTH:   0.0 INCH    5 = HAIL
                        GRTST 24HR     0.0         6 = FREEZING RAIN OR DRIZZLE
                        GRTST DEPTH:   0           7 = DUSTSTORM OR SANDSTORM:
                                                       VSBY 1/2 MILE OR LESS
                                                   8 = SMOKE OR HAZE
[NO. OF DAYS WITH]      [WEATHER - DAYS WITH]      9 = BLOWING SNOW
                                                   X = TORNADO
MAX 32 OR BELOW:   0    0.01 INCH OR MORE:   7
MAX 90 OR ABOVE:   4    0.10 INCH OR MORE:   5
MIN 32 OR BELOW:   0    0.50 INCH OR MORE:   3
MIN  0 OR BELOW:   0    1.00 INCH OR MORE:   1

[HDD (BASE 65) ]
TOTAL THIS MO.    23    CLEAR  (SCALE 0-3)  19
DPTR FM NORMAL    16    PTCLDY (SCALE 4-7)   8
TOTAL FM JUL 1    29    CLOUDY (SCALE 8-10)  1
DPTR FM NORMAL    17

[CDD (BASE 65) ]
TOTAL THIS MO.   169
DPTR FM NORMAL   -50    [PRESSURE DATA]
TOTAL FM JAN 1   647    HIGHEST SLP M ON M
DPTR FM NORMAL   -31    LOWEST  SLP 29.61 ON 22

[REMARKS]
