000
CXUS54 KHGX 241415
CF6LBX
PRELIMINARY LOCAL CLIMATOLOGICAL DATA (WS FORM: F-6)

                                          STATION:   ANGLETON/LAKE_JACKS
                                          MONTH:     JULY
                                          YEAR:      2014
                                          LATITUDE:   29  6 N
                                          LONGITUDE:  95 28 W

  TEMPERATURE IN F:       :PCPN:    SNOW:  WIND      :SUNSHINE: SKY     :PK WND
================================================================================
1   2   3   4   5  6A  6B    7    8   9   10  11  12  13   14  15   16   17  18
                                     12Z  AVG MX 2MIN
DY MAX MIN AVG DEP HDD CDD  WTR  SNW DPTH SPD SPD DIR MIN PSBL S-S WX    SPD DR
================================================================================

 1  90  73  82   0   0  17 0.00  0.0    0  7.6 17 170   M    M   1 18     20 170
 2  92  70  81  -1   0  16 0.00  0.0    0  3.7 14 130   M    M   1 13     18 170
 3  93  70  82   0   0  17 0.00  0.0    0  2.9 14 360   M    M   1 13     17 360
 4  91  71  81  -1   0  16 0.00  0.0    0  5.9 14 100   M    M   2 3      18  90
 5  88  73  81  -1   0  16 0.02  0.0    0  4.5 14 130   M    M   2 138    18 140
 6  87  72  80  -2   0  15 0.28  0.0    0  3.3 16 110   M    M   1 13     21 120
 7  91  70  81  -1   0  16 0.00  0.0    0  5.7 17 180   M    M   1 13     20 170
 8  91  73  82   0   0  17 0.00  0.0    0  6.8 17 170   M    M   2        22 190
 9  91  69  80  -2   0  15 0.00  0.0    0  6.3 16 180   M    M   0 1      20 190
10  91  72  82   0   0  17 0.02  0.0    0  5.8 23 190   M    M   0 138    31 190
11  91  69  80  -2   0  15 0.00  0.0    0  5.1 15 170   M    M   1        19 180
12  92  69  81  -1   0  16 0.00  0.0    0  3.3 13 180   M    M   1 1      16 140
13  93  71  82   0   0  17 0.00  0.0    0  4.3 15 190   M    M   2 13     19 160
14  92  73  83   1   0  18 0.21  0.0    0  5.5 18 250   M    M   2 3      29 260
15  92  74  83   1   0  18 0.00  0.0    0  4.6 21  10   M    M   1        25 360
16  88  73  81  -1   0  16 0.04  0.0    0  2.8 21 150   M    M   3 13     24 170
17  89  74  82   0   0  17 0.02  0.0    0  9.4 28 190   M    M   2 1      39 180
18  87  75  81  -1   0  16 0.06  0.0    0  3.5 13 190   M    M   4 13     17 190
19  88  73  81  -1   0  16 0.52  0.0    0  7.0 18 140   M    M   7 18     23 130
20  91  76  84   2   0  19 2.12  0.0    0  4.8 13 160   M    M   5 13     15 140
21  93  75  84   2   0  19 0.00  0.0    0  5.0 16 180   M    M   3 1      20 170
22  94  74  84   2   0  19 0.00  0.0    0  3.2 15 180   M    M   2 1      17 180
23  91  75  83   1   0  18 0.29  0.0    0  3.8 23 150   M    M   2 13     28 150
================================================================================
SM 2086 1664         0 386  3.58     0.0 114.8          M       46
================================================================================
AV 90.7 72.3                               5.0 FASTST   M    M   2    MAX(MPH)
                                 MISC ---->  # 28 190               # 39  180
================================================================================
NOTES:
# LAST OF SEVERAL OCCURRENCES

COLUMN 17 PEAK WIND IN M.P.H.

PRELIMINARY LOCAL CLIMATOLOGICAL DATA (WS FORM: F-6) , PAGE 2

                                          STATION:  ANGLETON/LAKE_JACKS
                                          MONTH:    JULY
                                          YEAR:     2014
                                          LATITUDE:   29  6 N
                                          LONGITUDE:  95 28 W

[TEMPERATURE DATA]      [PRECIPITATION DATA]       SYMBOLS USED IN COLUMN 16

AVERAGE MONTHLY: 81.5   TOTAL FOR MONTH:   3.58    1 = FOG OR MIST
DPTR FM NORMAL:  -0.5   DPTR FM NORMAL:   -0.13    2 = FOG REDUCING VISIBILITY
HIGHEST:    94 ON 22    GRTST 24HR  2.32 ON 19-20      TO 1/4 MILE OR LESS
LOWEST:     69 ON 12,11                            3 = THUNDER
                        SNOW, ICE PELLETS, HAIL    4 = ICE PELLETS
                        TOTAL MONTH:   0.0 INCH    5 = HAIL
                        GRTST 24HR     0.0         6 = FREEZING RAIN OR DRIZZLE
                        GRTST DEPTH:   0           7 = DUSTSTORM OR SANDSTORM:
                                                       VSBY 1/2 MILE OR LESS
                                                   8 = SMOKE OR HAZE
[NO. OF DAYS WITH]      [WEATHER - DAYS WITH]      9 = BLOWING SNOW
                                                   X = TORNADO
MAX 32 OR BELOW:   0    0.01 INCH OR MORE:  10
MAX 90 OR ABOVE:  17    0.10 INCH OR MORE:   5
MIN 32 OR BELOW:   0    0.50 INCH OR MORE:   2
MIN  0 OR BELOW:   0    1.00 INCH OR MORE:   1

[HDD (BASE 65) ]
TOTAL THIS MO.     0    CLEAR  (SCALE 0-3)  20
DPTR FM NORMAL     0    PTCLDY (SCALE 4-7)   3
TOTAL FM JUL 1     0    CLOUDY (SCALE 8-10)  0
DPTR FM NORMAL     0

[CDD (BASE 65) ]
TOTAL THIS MO.   386
DPTR FM NORMAL    -5    [PRESSURE DATA]
TOTAL FM JAN 1  1362    HIGHEST SLP M ON M
DPTR FM NORMAL   -81    LOWEST  SLP 29.83 ON 17

[REMARKS]
