000
CXUS53 KLMK 240800
CF6LEX
PRELIMINARY LOCAL CLIMATOLOGICAL DATA (WS FORM: F-6)

                                          STATION:   LEXINGTON KY
                                          MONTH:     MAY
                                          YEAR:      2015
                                          LATITUDE:   38  1 N
                                          LONGITUDE:  84 36 W

  TEMPERATURE IN F:       :PCPN:    SNOW:  WIND      :SUNSHINE: SKY     :PK WND
================================================================================
1   2   3   4   5  6A  6B    7    8   9   10  11  12  13   14  15   16   17  18
                                     12Z  AVG MX 2MIN
DY MAX MIN AVG DEP HDD CDD  WTR  SNW DPTH SPD SPD DIR MIN PSBL S-S WX    SPD DR
================================================================================

 1  71  41  56  -4   9   0 0.00  0.0    0  5.5 13 350   M    M   2        17 340
 2  74  44  59  -1   6   0 0.00  0.0    0  2.9  8 180   M    M   0        11 250
 3  77  47  62   2   3   0 0.00  0.0    0  6.0 14 180   M    M   0        18 180
 4  81  55  68   7   0   3 0.00  0.0    0  8.2 18 230   M    M   1        22 220
 5  83  58  71  10   0   6 0.00  0.0    0  5.2 13 250   M    M   1        20 270
 6  86  57  72  11   0   7 0.00  0.0    0  3.5  9  30   M    M   2        11  30
 7  86  59  73  11   0   8 0.00  0.0    0  3.7  9 150   M    M   1        12 180
 8  87  59  73  11   0   8 0.00  0.0    0  4.8 13 210   M    M   0        19 210
 9  87  60  74  12   0   9 0.00  0.0    0  5.2 16 200   M    M   2        20 170
10  85  66  76  14   0  11    T  0.0    0  6.0 17 200   M    M   3        22 200
11  89  63  76  13   0  11 0.22  0.0    0 11.2 30 260   M    M   2 13     40 270
12  71  54  63   0   2   0 0.00  0.0    0 10.0 23 230   M    M   2 1      28 250
13  70  46  58  -5   7   0 0.00  0.0    0  5.7 13  40   M    M   0        21 360
14  74  49  62  -2   3   0 0.00  0.0    0  8.0 17  80   M    M   1 8      22  80
15  84  64  74  10   0   9    T  0.0    0  9.8 22 210   M    M   4        28 210
16  73  67  70   6   0   5 0.68  0.0    0  7.8 18 220   M    M   6 1      24 200
17  82  67  75  11   0  10    T  0.0    0 10.8 22 170   M    M   4        27 170
18  78  66  72   7   0   7 0.01  0.0    0  6.7 13 230   M    M   3 1      16 220
19  76  54  65   0   0   0 0.00  0.0    0  7.4 14 310   M    M   1 1      18 320
20  70  46  58  -7   7   0    T  0.0    0  8.1 14  40   M    M   3        18  40
21  57  44  51 -15  14   0    T  0.0    0  7.3 14 330   M    M   9 18     19 330
22  73  42  58  -8   7   0 0.00  0.0    0  6.5 14 270   M    M   0 1      19 250
23  79  49  64  -2   1   0 0.00  0.0    0  5.7 14 160   M    M   0        19 170
================================================================================
SM 1793 1257        59  94  0.91     0.0 156.0          M       47
================================================================================
AV 78.0 54.7                               6.8 FASTST   M    M   2    MAX(MPH)
                                 MISC ---->  # 30 260               # 40  270
================================================================================
NOTES:
# LAST OF SEVERAL OCCURRENCES

COLUMN 17 PEAK WIND IN M.P.H.

PRELIMINARY LOCAL CLIMATOLOGICAL DATA (WS FORM: F-6) , PAGE 2

                                          STATION:  LEXINGTON KY
                                          MONTH:    MAY
                                          YEAR:     2015
                                          LATITUDE:   38  1 N
                                          LONGITUDE:  84 36 W

[TEMPERATURE DATA]      [PRECIPITATION DATA]       SYMBOLS USED IN COLUMN 16

AVERAGE MONTHLY: 66.3   TOTAL FOR MONTH:   0.91    1 = FOG OR MIST
DPTR FM NORMAL:   3.3   DPTR FM NORMAL:   -2.96    2 = FOG REDUCING VISIBILITY
HIGHEST:    89 ON 11    GRTST 24HR  0.68 ON 16-16      TO 1/4 MILE OR LESS
LOWEST:     41 ON  1                               3 = THUNDER
                        SNOW, ICE PELLETS, HAIL    4 = ICE PELLETS
                        TOTAL MONTH:   0.0 INCH    5 = HAIL
                        GRTST 24HR     0.0         6 = FREEZING RAIN OR DRIZZLE
                        GRTST DEPTH:   0           7 = DUSTSTORM OR SANDSTORM:
                                                       VSBY 1/2 MILE OR LESS
                                                   8 = SMOKE OR HAZE
[NO. OF DAYS WITH]      [WEATHER - DAYS WITH]      9 = BLOWING SNOW
                                                   X = TORNADO
MAX 32 OR BELOW:   0    0.01 INCH OR MORE:   3
MAX 90 OR ABOVE:   0    0.10 INCH OR MORE:   2
MIN 32 OR BELOW:   0    0.50 INCH OR MORE:   1
MIN  0 OR BELOW:   0    1.00 INCH OR MORE:   0

[HDD (BASE 65) ]
TOTAL THIS MO.    59    CLEAR  (SCALE 0-3)  18
DPTR FM NORMAL   -38    PTCLDY (SCALE 4-7)   4
TOTAL FM JUL 1  4946    CLOUDY (SCALE 8-10)  1
DPTR FM NORMAL   360

[CDD (BASE 65) ]
TOTAL THIS MO.    94
DPTR FM NORMAL    45    [PRESSURE DATA]
TOTAL FM JAN 1   106    HIGHEST SLP M ON M
DPTR FM NORMAL    35    LOWEST  SLP 29.91 ON 11

[REMARKS]
