000
CXUS53 KLMK 180800
CF6LEX
PRELIMINARY LOCAL CLIMATOLOGICAL DATA (WS FORM: F-6)

                                          STATION:   LEXINGTON KY
                                          MONTH:     OCTOBER
                                          YEAR:      2017
                                          LATITUDE:   38  1 N
                                          LONGITUDE:  84 36 W

  TEMPERATURE IN F:       :PCPN:    SNOW:  WIND      :SUNSHINE: SKY     :PK WND
================================================================================
1   2   3   4   5  6A  6B    7    8   9   10  11  12  13   14  15   16   17  18
                                     12Z  AVG MX 2MIN
DY MAX MIN AVG DEP HDD CDD  WTR  SNW DPTH SPD SPD DIR MIN PSBL S-S WX    SPD DR
================================================================================

 1  77  51  64   2   1   0 0.00  0.0    0  7.9 16  90   M    M   0        21  80
 2  80  52  66   4   0   1 0.00  0.0    0  6.2 10 140   M    M   0        13 130
 3  83  58  71  10   0   6 0.00  0.0    0  6.0 12 200   M    M   3 8      14 200
 4  82  53  68   7   0   3 0.00  0.0    0  5.7 13 250   M    M   0        16 250
 5  81  58  70   9   0   5 0.00  0.0    0  3.8 13 240   M    M   1        16 220
 6  83  59  71  11   0   6 0.00  0.0    0  6.2 12 220   M    M   1        17 150
 7  84  64  74  14   0   9    T  0.0    0 11.8 24 160   M    M   4 1      32 180
 8  77  63  70  10   0   5 3.73  0.0    0  8.0 16 250   M    M   9 1      23 250
 9  81  67  74  15   0   9 0.02  0.0    0  5.8 14 250   M    M   7 18     19 250
10  81  64  73  14   0   8 0.32  0.0    0  8.7 18  80   M    M   5 1      26 100
11  76  58  67   9   0   2    T  0.0    0  9.5 21 250   M    M   7 1      28 260
12  65  54  60   2   5   0 0.00  0.0    0  1.5  7 160   M    M   9 1       9 130
13  75  47  61   3   4   0 0.00  0.0    0  2.2  7 210   M    M   1 128    10 220
14  81  52  67   9   0   2 0.00  0.0    0  8.3 18 190   M    M   0 1      24 200
15  79  52  66   9   0   1    T  0.0    0 12.9 25 320   M    M   7        39 290
16  63  43  53  -4  12   0 0.00  0.0    0  4.9 14  20   M    M   4 8      19 320
17  65  37  51  -6  14   0 0.00  0.0    0  1.9  9 220   M    M   0        14 180
================================================================================
SM 1313  932        36  57  4.07     0.0 111.3          M       58
================================================================================
AV 77.2 54.8                               6.5 FASTST   M    M   3    MAX(MPH)
                                 MISC ---->  # 25 320               # 39  290
================================================================================
NOTES:
# LAST OF SEVERAL OCCURRENCES

COLUMN 17 PEAK WIND IN M.P.H.

PRELIMINARY LOCAL CLIMATOLOGICAL DATA (WS FORM: F-6) , PAGE 2

                                          STATION:  LEXINGTON KY
                                          MONTH:    OCTOBER
                                          YEAR:     2017
                                          LATITUDE:   38  1 N
                                          LONGITUDE:  84 36 W

[TEMPERATURE DATA]      [PRECIPITATION DATA]       SYMBOLS USED IN COLUMN 16

AVERAGE MONTHLY: 66.0   TOTAL FOR MONTH:   4.07    1 = FOG OR MIST
DPTR FM NORMAL:   6.7   DPTR FM NORMAL:    2.41    2 = FOG REDUCING VISIBILITY
HIGHEST:    84 ON  7    GRTST 24HR  3.73 ON  8- 8      TO 1/4 MILE OR LESS
LOWEST:     37 ON 17                               3 = THUNDER
                        SNOW, ICE PELLETS, HAIL    4 = ICE PELLETS
                        TOTAL MONTH:   0.0 INCH    5 = HAIL
                        GRTST 24HR     0.0         6 = FREEZING RAIN OR DRIZZLE
                        GRTST DEPTH:   0           7 = DUSTSTORM OR SANDSTORM:
                                                       VSBY 1/2 MILE OR LESS
                                                   8 = SMOKE OR HAZE
[NO. OF DAYS WITH]      [WEATHER - DAYS WITH]      9 = BLOWING SNOW
                                                   X = TORNADO
MAX 32 OR BELOW:   0    0.01 INCH OR MORE:   3
MAX 90 OR ABOVE:   0    0.10 INCH OR MORE:   2
MIN 32 OR BELOW:   0    0.50 INCH OR MORE:   1
MIN  0 OR BELOW:   0    1.00 INCH OR MORE:   1

[HDD (BASE 65) ]
TOTAL THIS MO.    36    CLEAR  (SCALE 0-3)   9
DPTR FM NORMAL   -81    PTCLDY (SCALE 4-7)   6
TOTAL FM JUL 1    71    CLOUDY (SCALE 8-10)  2
DPTR FM NORMAL  -100

[CDD (BASE 65) ]
TOTAL THIS MO.    57
DPTR FM NORMAL    36    [PRESSURE DATA]
TOTAL FM JAN 1  1282    HIGHEST SLP M ON M
DPTR FM NORMAL    98    LOWEST  SLP 29.65 ON  8

[REMARKS]
