000
CXUS54 KLCH 300811
CF6LFT
PRELIMINARY LOCAL CLIMATOLOGICAL DATA (WS FORM: F-6)

                                          STATION:   LAFAYETTE
                                          MONTH:     JUNE
                                          YEAR:      2015
                                          LATITUDE:   30 12 N
                                          LONGITUDE:  92  0 W

  TEMPERATURE IN F:       :PCPN:    SNOW:  WIND      :SUNSHINE: SKY     :PK WND
================================================================================
1   2   3   4   5  6A  6B    7    8   9   10  11  12  13   14  15   16   17  18
                                     12Z  AVG MX 2MIN
DY MAX MIN AVG DEP HDD CDD  WTR  SNW DPTH SPD SPD DIR MIN PSBL S-S WX    SPD DR
================================================================================

 1  88  67  78  -2   0  13 0.00  0.0    0  3.2 13 280   M    M   2 1      16 270
 2  88  68  78  -2   0  13 0.00  0.0    0  2.9 10 360   M    M   1        12 360
 3  88  68  78  -2   0  13 0.00  0.0    0  4.4 12 350   M    M   1        14 360
 4  89  67  78  -2   0  13 0.00  0.0    0  3.9 13  40   M    M   0        22  10
 5  91  69  80   0   0  15 0.00  0.0    0  3.5  9  50   M    M   1        12  20
 6  91  73  82   1   0  17 0.00  0.0    0  1.9  9 360   M    M   0 1      12  40
 7  93  75  84   3   0  19 0.00  0.0    0  3.9 14 260   M    M   2 18     18 210
 8  91  74  83   2   0  18 0.79  0.0    0  2.3 13 230   M    M   2 138    17 250
 9  90  70  80  -1   0  15 0.32  0.0    0  4.1 15  90   M    M   2 13     28  90
10  89  71  80  -1   0  15 0.96  0.0    0  3.2 24 270   M    M   4 13     28 220
11  88  73  81   0   0  16 0.29  0.0    0  3.0 17 260   M    M   2 13     23 270
12  86  73  80  -1   0  15 0.79  0.0    0  4.8 30 200   M    M   2 13     40 180
13  86  72  79  -3   0  14 1.23  0.0    0  4.6 21 210   M    M   2 13     31 210
14  88  75  82   0   0  17 0.35  0.0    0  3.1 21 180   M    M   3 138    30 200
15  88  74  81  -1   0  16 0.47  0.0    0  5.4 18 170   M    M   2 13     30 170
16  89  75  82   0   0  17 0.00  0.0    0  8.0 16 170   M    M   5 3      30 160
17  90  78  84   2   0  19 0.00  0.0    0  8.6 20 190   M    M   2 18     28 190
18  91  77  84   2   0  19 0.00  0.0    0  7.0 17 200   M    M   2 1      23 220
19  92  78  85   3   0  20    T  0.0    0  8.0 16 260   M    M   2 3      22 210
20  93  78  86   4   0  21    T  0.0    0  7.4 15 210   M    M   2 3      19 220
21  93  77  85   3   0  20 0.00  0.0    0  4.9 12 200   M    M   1 1      16 200
22  91  76  84   2   0  19 0.00  0.0    0  3.1 14 230   M    M   1        16 220
23  95  74  85   3   0  20 0.01  0.0    0  2.1 26 100   M    M   1 3      47 110
24  93  74  84   2   0  19 0.00  0.0    0  3.6 21  20   M    M   1 3      25  30
25  88  73  81  -2   0  16 0.15  0.0    0  3.4 16 170   M    M   2 13     21 160
26  90  74  82  -1   0  17 0.01  0.0    0  6.3 20 190   M    M   2 3      27 200
27  92  72  82  -1   0  17 0.95  0.0    0  7.8 22 260   M    M   3 13     28 260
28  87  72  80  -3   0  15 0.98  0.0    0  5.6 29 250   M    M   6 13     37 260
29   M   M   M   M   M   M    M    M    M   M   M   M   M    M   M 13      M  M
================================================================================
SM 2518 2047         0 468  7.30     0.0 130.0          M       56
================================================================================
AV 89.9 73.1                               4.6 FASTST   M    M   2    MAX(MPH)
                                 MISC ---->  # 30 200               # 47  110
================================================================================
NOTES:
# LAST OF SEVERAL OCCURRENCES

COLUMN 17 PEAK WIND IN M.P.H.

PRELIMINARY LOCAL CLIMATOLOGICAL DATA (WS FORM: F-6) , PAGE 2

                                          STATION:  LAFAYETTE
                                          MONTH:    JUNE
                                          YEAR:     2015
                                          LATITUDE:   30 12 N
                                          LONGITUDE:  92  0 W

[TEMPERATURE DATA]      [PRECIPITATION DATA]       SYMBOLS USED IN COLUMN 16

AVERAGE MONTHLY: 81.5   TOTAL FOR MONTH:   7.30    1 = FOG OR MIST
DPTR FM NORMAL:  -0.1   DPTR FM NORMAL:    0.48    2 = FOG REDUCING VISIBILITY
HIGHEST:    95 ON 23    GRTST 24HR  1.97 ON 12-13      TO 1/4 MILE OR LESS
LOWEST:     67 ON  4, 1                            3 = THUNDER
                        SNOW, ICE PELLETS, HAIL    4 = ICE PELLETS
                        TOTAL MONTH:   0.0 INCH    5 = HAIL
                        GRTST 24HR     0.0         6 = FREEZING RAIN OR DRIZZLE
                        GRTST DEPTH:   0           7 = DUSTSTORM OR SANDSTORM:
                                                       VSBY 1/2 MILE OR LESS
                                                   8 = SMOKE OR HAZE
[NO. OF DAYS WITH]      [WEATHER - DAYS WITH]      9 = BLOWING SNOW
                                                   X = TORNADO
MAX 32 OR BELOW:   0    0.01 INCH OR MORE:  13
MAX 90 OR ABOVE:  15    0.10 INCH OR MORE:  11
MIN 32 OR BELOW:   0    0.50 INCH OR MORE:   6
MIN  0 OR BELOW:   0    1.00 INCH OR MORE:   1

[HDD (BASE 65) ]
TOTAL THIS MO.     0    CLEAR  (SCALE 0-3)  24
DPTR FM NORMAL     0    PTCLDY (SCALE 4-7)   4
TOTAL FM JUL 1  1529    CLOUDY (SCALE 8-10)  0
DPTR FM NORMAL   109

[CDD (BASE 65) ]
TOTAL THIS MO.   468
DPTR FM NORMAL   -13    [PRESSURE DATA]
TOTAL FM JAN 1  1160    HIGHEST SLP M ON M
DPTR FM NORMAL    65    LOWEST  SLP 29.80 ON 10

[REMARKS]
