000
CXUS55 KLOX 311655
CF6LGB
PRELIMINARY LOCAL CLIMATOLOGICAL DATA (WS FORM: F-6)

                                          STATION:   LONG BEACH AIRPORT CA
                                          MONTH:     AUGUST
                                          YEAR:      2016
                                          LATITUDE:   33 49 N
                                          LONGITUDE: 118  9 W

  TEMPERATURE IN F:       :PCPN:    SNOW:  WIND      :SUNSHINE: SKY     :PK WND
================================================================================
1   2   3   4   5  6A  6B    7    8   9   10  11  12  13   14  15   16   17  18
                                     12Z  AVG MX 2MIN
DY MAX MIN AVG DEP HDD CDD  WTR  SNW DPTH SPD SPD DIR MIN PSBL S-S WX    SPD DR
================================================================================

 1  87  70  79   5   0  14 0.00  0.0    0  5.8 16 290   M    M   1        20 290
 2  85  68  77   3   0  12 0.00  0.0    0  6.4 16 300   M    M   2 8      19 310
 3  81  69  75   1   0  10 0.00  0.0    0  5.4 13 180   M    M   4        17 180
 4  84  68  76   2   0  11 0.00  0.0    0  6.3 16 310   M    M   3        20 280
 5  79  67  73  -1   0   8 0.00  0.0    0  6.4 15 300   M    M   4 1      18 290
 6  79  67  73  -1   0   8 0.00  0.0    0  5.5 14 300   M    M   5        20 200
 7  83  66  75   1   0  10 0.00  0.0    0  5.2 13 320   M    M   5 8      16 190
 8  75  66  71  -3   0   6 0.00  0.0    0  6.2 12 210   M    M   7        17 160
 9  79  67  73  -1   0   8 0.00  0.0    0  6.6 13 290   M    M   5        15 210
10  82  67  75   1   0  10 0.00  0.0    0  5.3 13 300   M    M   3        17 220
11  82  64  73  -1   0   8 0.00  0.0    0  6.2 15 310   M    M   3        19 320
12  82  66  74   0   0   9 0.00  0.0    0  7.2 15 280   M    M   1 8      20 280
13  87  67  77   3   0  12 0.00  0.0    0  5.5 16 310   M    M   0        20 310
14  89  69  79   5   0  14 0.00  0.0    0  5.1 16 290   M    M   0 8      20 290
15  95  66  81   7   0  16 0.00  0.0    0  6.9 16 280   M    M   0 18     22 280
16  90  64  77   3   0  12 0.00  0.0    0  6.9 15 320   M    M   0 1      17 320
17  90  60  75   1   0  10 0.00  0.0    0  6.5 13 310   M    M   3 18     17 270
18  85  61  73  -1   0   8 0.00  0.0    0  6.3 15 290   M    M   2 18     18 300
19  83  63  73  -1   0   8 0.00  0.0    0  6.5 17 300   M    M   0        19 310
20  81  64  73  -1   0   8 0.00  0.0    0  7.4 15 300   M    M   0        19 290
21  85  64  75   1   0  10 0.00  0.0    0  5.9 15 280   M    M   0        20 300
22  83  65  74   0   0   9 0.00  0.0    0  5.4 13 300   M    M   0        16 180
23  83  66  75   1   0  10 0.00  0.0    0  5.9 14 300   M    M   0        15 210
24  84  65  75   1   0  10 0.00  0.0    0  5.2 13 300   M    M   0        15 200
25  75  65  70  -4   0   5 0.00  0.0    0  5.2 12 180   M    M   3        16 200
26  74  65  70  -4   0   5 0.00  0.0    0  6.0 12 300   M    M   5 8      16 190
27  77  65  71  -3   0   6 0.00  0.0    0  6.2 15 290   M    M   5        21 270
28  85  64  75   1   0  10 0.00  0.0    0  5.7 16 300   M    M   0        19 290
29  88  65  77   3   0  12 0.00  0.0    0  5.3 14 310   M    M   0 1      16 280
30  85  68  77   3   0  12 0.00  0.0    0  5.3 10 170   M    M   4 18     14 170
================================================================================
SM 2497 1971         0 291  0.00     0.0 179.8          M       65
================================================================================
AV 83.2 65.7                               6.0 FASTST   M    M   2    MAX(MPH)
                                 MISC ---->  # 17 300               # 22  280
================================================================================
NOTES:
# LAST OF SEVERAL OCCURRENCES

COLUMN 17 PEAK WIND IN M.P.H.

PRELIMINARY LOCAL CLIMATOLOGICAL DATA (WS FORM: F-6) , PAGE 2

                                          STATION:  LONG BEACH AIRPORT CA
                                          MONTH:    AUGUST
                                          YEAR:     2016
                                          LATITUDE:   33 49 N
                                          LONGITUDE: 118  9 W

[TEMPERATURE DATA]      [PRECIPITATION DATA]       SYMBOLS USED IN COLUMN 16

AVERAGE MONTHLY: 74.5   TOTAL FOR MONTH:   0.00    1 = FOG OR MIST
DPTR FM NORMAL:   0.5   DPTR FM NORMAL:   -0.03    2 = FOG REDUCING VISIBILITY
HIGHEST:    95 ON 15    GRTST 24HR  0.00 ON 30-30      TO 1/4 MILE OR LESS
LOWEST:     60 ON 17                               3 = THUNDER
                        SNOW, ICE PELLETS, HAIL    4 = ICE PELLETS
                        TOTAL MONTH:   0.0 INCH    5 = HAIL
                        GRTST 24HR     0.0         6 = FREEZING RAIN OR DRIZZLE
                        GRTST DEPTH:   0           7 = DUSTSTORM OR SANDSTORM:
                                                       VSBY 1/2 MILE OR LESS
                                                   8 = SMOKE OR HAZE
[NO. OF DAYS WITH]      [WEATHER - DAYS WITH]      9 = BLOWING SNOW
                                                   X = TORNADO
MAX 32 OR BELOW:   0    0.01 INCH OR MORE:   0
MAX 90 OR ABOVE:   3    0.10 INCH OR MORE:   0
MIN 32 OR BELOW:   0    0.50 INCH OR MORE:   0
MIN  0 OR BELOW:   0    1.00 INCH OR MORE:   0

[HDD (BASE 65) ]
TOTAL THIS MO.     0    CLEAR  (SCALE 0-3)  18
DPTR FM NORMAL     0    PTCLDY (SCALE 4-7)  12
TOTAL FM JUL 1     0    CLOUDY (SCALE 8-10)  0
DPTR FM NORMAL     0

[CDD (BASE 65) ]
TOTAL THIS MO.   291
DPTR FM NORMAL    21    [PRESSURE DATA]
TOTAL FM JAN 1   931    HIGHEST SLP M ON M
DPTR FM NORMAL   183    LOWEST  SLP 29.72 ON  7

[REMARKS]
