000
CXUS54 KFWD 010730
CF6LHB
PRELIMINARY LOCAL CLIMATOLOGICAL DATA (WS FORM: F-6)

                                          STATION:   HEARNE
                                          MONTH:     APRIL
                                          YEAR:      2016
                                          LATITUDE:   30 52 N
                                          LONGITUDE:  96 36 W

  TEMPERATURE IN F:       :PCPN:    SNOW:  WIND      :SUNSHINE: SKY     :PK WND
================================================================================
1   2   3   4   5  6A  6B    7    8   9   10  11  12  13   14  15   16   17  18
                                     12Z  AVG MX 2MIN
DY MAX MIN AVG DEP HDD CDD  WTR  SNW DPTH SPD SPD DIR MIN PSBL S-S WX    SPD DR
================================================================================

 1  64  43  54   M  11   0 0.16  0.0    0  9.6 20 340   M    M   6        25 340
 2  69  39  54   M  11   0 0.00  0.0    0  4.6 15 330   M    M   0        21 310
 3  75  38  57   M   8   0 0.00  0.0    0  1.4  9 180   M    M   0         M  M
 4  81  48  65   M   0   0 0.00  0.0    0  3.8 10 190   M    M   0        17 190
 5  81  46  64   M   1   0 0.00  0.0    0  5.7 15 150   M    M   0        20 150
 6  78  47  63   M   2   0 0.00  0.0    0  6.5 17 330   M    M   2 1      25 330
 7  85  42  64   M   1   0 0.00  0.0    0  1.7  9 150   M    M   0         M  M
 8  79  50  65   M   0   0 0.00  0.0    0  2.3 12  70   M    M   0        17  70
 9  76  52  64   M   1   0 0.00  0.0    0  3.3 10 140   M    M   3        18 160
10  82  61  72   M   0   7 0.00  0.0    0 12.2 23 160   M    M  10        31 160
11  83  66  75   M   0  10 0.01  0.0    0  7.3 21 130   M    M   7 1      28 130
12  70  62  66   M   0   1 0.28  0.0    0  6.7 14  40   M    M  10 13     21  40
13  67  61  64   M   1   0 0.41  0.0    0  3.0 10 360   M    M  10 1      22 360
14  67  56  62   M   3   0 0.00  0.0    0  4.0 10 350   M    M   9 1       M  M
15  77  52  65   M   0   0 0.00  0.0    0  0.7  6  80   M    M   4 12      M  M
16  81  60  71   M   0   6 0.01  0.0    0  6.9 14 110   M    M   9 1      24 120
17  74  64  69   M   0   4 0.74  0.0    0  7.1 14 120   M    M  10 13     22 120
18  76  63  70   M   0   5 0.65  0.0    0  2.5 13  80   M    M   7 3      20  80
19  81  61  71   M   0   6 0.00  0.0    0  0.2  6 350   M    M   8 12      M  M
20  74  60  67   M   0   2 0.40  0.0    0  2.3 15 330   M    M   6 3      27 330
21  77  60  69   M   0   4 0.53  0.0    0  2.5 16 350   M    M   3 13     27 350
22  80  54  67   M   0   2 0.00  0.0    0  3.2 13 320   M    M   1 1      20 320
23  80  53  67   M   0   2 0.00  0.0    0  0.7  9 180   M    M   0         M  M
24  76  58  67   M   0   2 0.00  0.0    0  5.8 13 140   M    M   4        18 140
25  86  67  77   M   0  12 0.00  0.0    0  7.6 15 150   M    M   7        23 140
26  85  72  79   M   0  14 0.00  0.0    0 11.0 18 150   M    M   9        25 150
27  85  59  72   M   0   7 0.67  0.0    0  3.0 23 270   M    M   2 3      40 270
28  87  60  74   M   0   9 0.00  0.0    0  4.1 13 120   M    M   4 12     20 120
29  83  68  76   M   0  11 0.18  0.0    0  9.8 16 160   M    M  10 13     23 150
30  81  67  74   M   0   9 0.56  0.0    0  3.3 16 330   M    M   3 3      17 180
================================================================================
SM 2340 1689        39 113  4.60     0.0 142.8          M      144
================================================================================
AV 78.0 56.3                               4.8 FASTST   M    M   5    MAX(MPH)
                                 MISC ---->  # 23 160               # 40  270
================================================================================
NOTES:
# LAST OF SEVERAL OCCURRENCES

COLUMN 17 PEAK WIND IN M.P.H.

PRELIMINARY LOCAL CLIMATOLOGICAL DATA (WS FORM: F-6) , PAGE 2

                                          STATION:  HEARNE
                                          MONTH:    APRIL
                                          YEAR:     2016
                                          LATITUDE:   30 52 N
                                          LONGITUDE:  96 36 W

[TEMPERATURE DATA]      [PRECIPITATION DATA]       SYMBOLS USED IN COLUMN 16

AVERAGE MONTHLY: 67.2   TOTAL FOR MONTH:   4.60    1 = FOG OR MIST
DPTR FM NORMAL:     M   DPTR FM NORMAL:       M    2 = FOG REDUCING VISIBILITY
HIGHEST:    87 ON 28    GRTST 24HR  0.74 ON 17-17      TO 1/4 MILE OR LESS
LOWEST:     38 ON  3                               3 = THUNDER
                        SNOW, ICE PELLETS, HAIL    4 = ICE PELLETS
                        TOTAL MONTH:   0.0 INCH    5 = HAIL
                        GRTST 24HR     0.0         6 = FREEZING RAIN OR DRIZZLE
                        GRTST DEPTH:   0           7 = DUSTSTORM OR SANDSTORM:
                                                       VSBY 1/2 MILE OR LESS
                                                   8 = SMOKE OR HAZE
[NO. OF DAYS WITH]      [WEATHER - DAYS WITH]      9 = BLOWING SNOW
                                                   X = TORNADO
MAX 32 OR BELOW:   0    0.01 INCH OR MORE:  12
MAX 90 OR ABOVE:   0    0.10 INCH OR MORE:  10
MIN 32 OR BELOW:   0    0.50 INCH OR MORE:   5
MIN  0 OR BELOW:   0    1.00 INCH OR MORE:   0

[HDD (BASE 65) ]
TOTAL THIS MO.    39    CLEAR  (SCALE 0-3)  11
DPTR FM NORMAL     M    PTCLDY (SCALE 4-7)  11
TOTAL FM JUL 1  1468    CLOUDY (SCALE 8-10)  8
DPTR FM NORMAL     M

[CDD (BASE 65) ]
TOTAL THIS MO.   113
DPTR FM NORMAL     M    [PRESSURE DATA]
TOTAL FM JAN 1   195    HIGHEST SLP M ON M
DPTR FM NORMAL     M    LOWEST  SLP M ON M

[REMARKS]
#FINAL-04-16#
