000
CXHW51 PHFO 291250
CF6LIH
PRELIMINARY LOCAL CLIMATOLOGICAL DATA (WS FORM: F-6)

                                          STATION:   LIHUE HI
                                          MONTH:     JULY
                                          YEAR:      2015
                                          LATITUDE:   21 58 N
                                          LONGITUDE: 159 21 W

  TEMPERATURE IN F:       :PCPN:    SNOW:  WIND      :SUNSHINE: SKY     :PK WND
================================================================================
1   2   3   4   5  6A  6B    7    8   9   10  11  12  13   14  15   16   17  18
                                     12Z  AVG MX 2MIN
DY MAX MIN AVG DEP HDD CDD  WTR  SNW DPTH SPD SPD DIR MIN PSBL S-S WX    SPD DR
================================================================================

 1  89  70  80   1   0  15 0.00  0.0    0  8.4 18 170   M    M   1        25 190
 2  86  70  78  -1   0  13 0.00  0.0    0  8.9 18 180   M    M   1        22 160
 3  86  72  79   0   0  14 0.00  0.0    0  8.1 13  70   M    M   3        15  70
 4  86  78  82   3   0  17 0.00  0.0    0 10.1 15  90   M    M   5        18  80
 5  86  77  82   3   0  17 0.00  0.0    0 10.3 14  40   M    M   3        17  40
 6  86  77  82   3   0  17 0.02  0.0    0 14.0 20  40   M    M   5        25  30
 7  86  76  81   2   0  16 0.06  0.0    0 16.7 22  60   M    M   4        26  60
 8  87  74  81   2   0  16    T  0.0    0 15.0 24  90   M    M   6        28  90
 9  86  77  82   3   0  17 0.03  0.0    0 16.3 21  50   M    M   5 8      26  50
10  84  76  80   1   0  15 0.11  0.0    0 15.2 22  60   M    M   9 1      28  50
11  86  75  81   2   0  16 0.03  0.0    0 13.7 21  20   M    M   6 1      24  40
12  83  70  77  -2   0  12 0.31  0.0    0 10.7 20 110   M    M   9 18     24 110
13  85  76  81   2   0  16    T  0.0    0 14.8 22  80   M    M   9 18     26  70
14  85  76  81   2   0  16 0.00  0.0    0 13.6 18  70   M    M   6        22  70
15  85  76  81   2   0  16 0.01  0.0    0 12.4 17  70   M    M   5        21  70
16  85  77  81   2   0  16 0.04  0.0    0 12.5 20 100   M    M   7        23 100
17  86  78  82   3   0  17    T  0.0    0 11.0 17  70   M    M   7        21  80
18  85  76  81   2   0  16 0.00  0.0    0 14.8 20  40   M    M   4        23  40
19  85  73  79   0   0  14 0.10  0.0    0 15.0 28  10   M    M   4        33  10
20  84  72  78  -1   0  13 0.04  0.0    0 11.3 16  30   M    M   3        20  70
21  86  76  81   2   0  16 0.00  0.0    0 11.5 18 110   M    M   6        23  90
22  86  78  82   3   0  17    T  0.0    0 12.0 16  60   M    M   6        20  80
23  86  77  82   3   0  17 0.00  0.0    0 12.7 18  60   M    M   4        24  50
24  87  75  81   2   0  16 0.01  0.0    0 14.1 21  60   M    M   6        26  80
25  84  77  81   2   0  16 0.00  0.0    0 12.7 16  60   M    M   3        22  60
26  86  72  79   0   0  14 0.00  0.0    0  7.8 13  80   M    M   3        16  80
27  87  78  83   4   0  18 0.00  0.0    0 10.0 16  90   M    M   3        18  90
28  88  79  84   5   0  19    T  0.0    0 11.9 17  80   M    M   7        21  80
================================================================================
SM 2401 2108         0 442  0.76     0.0 345.5          M      140
================================================================================
AV 85.8 75.3                              12.3 FASTST   M    M   5    MAX(MPH)
                                 MISC ---->  # 28  10               # 33   10
================================================================================
NOTES:
# LAST OF SEVERAL OCCURRENCES

COLUMN 17 PEAK WIND IN M.P.H.

PRELIMINARY LOCAL CLIMATOLOGICAL DATA (WS FORM: F-6) , PAGE 2

                                          STATION:  LIHUE HI
                                          MONTH:    JULY
                                          YEAR:     2015
                                          LATITUDE:   21 58 N
                                          LONGITUDE: 159 21 W

[TEMPERATURE DATA]      [PRECIPITATION DATA]       SYMBOLS USED IN COLUMN 16

AVERAGE MONTHLY: 80.5   TOTAL FOR MONTH:   0.76    1 = FOG OR MIST
DPTR FM NORMAL:   1.5   DPTR FM NORMAL:   -0.90    2 = FOG REDUCING VISIBILITY
HIGHEST:    89 ON  1    GRTST 24HR  0.31 ON 12-12      TO 1/4 MILE OR LESS
LOWEST:     70 ON 12, 2                            3 = THUNDER
                        SNOW, ICE PELLETS, HAIL    4 = ICE PELLETS
                        TOTAL MONTH:   0.0 INCH    5 = HAIL
                        GRTST 24HR     0.0         6 = FREEZING RAIN OR DRIZZLE
                        GRTST DEPTH:   0           7 = DUSTSTORM OR SANDSTORM:
                                                       VSBY 1/2 MILE OR LESS
                                                   8 = SMOKE OR HAZE
[NO. OF DAYS WITH]      [WEATHER - DAYS WITH]      9 = BLOWING SNOW
                                                   X = TORNADO
MAX 32 OR BELOW:   0    0.01 INCH OR MORE:  11
MAX 90 OR ABOVE:   0    0.10 INCH OR MORE:   3
MIN 32 OR BELOW:   0    0.50 INCH OR MORE:   0
MIN  0 OR BELOW:   0    1.00 INCH OR MORE:   0

[HDD (BASE 65) ]
TOTAL THIS MO.     0    CLEAR  (SCALE 0-3)   7
DPTR FM NORMAL     0    PTCLDY (SCALE 4-7)  18
TOTAL FM JUL 1     0    CLOUDY (SCALE 8-10)  3
DPTR FM NORMAL     0

[CDD (BASE 65) ]
TOTAL THIS MO.   442
DPTR FM NORMAL    50    [PRESSURE DATA]
TOTAL FM JAN 1  2274    HIGHEST SLP M ON M
DPTR FM NORMAL   249    LOWEST  SLP 29.88 ON  1

[REMARKS]
