000
CXUS55 KPIH 301200
CF6LLJ

PRELIMINARY LOCAL CLIMATOLOGICAL DATA (WS FORM: F-6)

                                          STATION:   CHALLIS ID
                                          MONTH:     AUGUST
                                          YEAR:      2015
                                          LATITUDE:   44 31 N
                                          LONGITUDE: 114 13 W

  TEMPERATURE IN F:       :PCPN:    SNOW:  WIND      :SUNSHINE: SKY     :PK WND
================================================================================
1   2   3   4   5  6A  6B    7    8   9   10  11  12  13   14  15   16   17  18
                                     12Z  AVG MX 2MIN
DY MAX MIN AVG DEP HDD CDD  WTR  SNW DPTH SPD SPD DIR MIN PSBL S-S WX    SPD DR
================================================================================

 1  94  49  72   2   0   7 0.00    M    M  3.5 12 320   M    M   0        15 300
 2  96  54  75   5   0  10 0.00    M    M  2.9 13 250   M    M   0        17 250
 3  87  55  71   2   0   6 0.00    M    M  5.2 28 190   M    M   2        34 190
 4  88  54  71   2   0   6 0.00    M    M  6.8 23 220   M    M   1        31 230
 5  71  51  61  -8   4   0 0.23    M    M  4.9 28 190   M    M   3 138    37 190
 6  80  45  63  -6   2   0 0.00    M    M  6.5 23 270   M    M   1 1      31 260
 7  83  44  64  -5   1   0 0.00    M    M  3.5 10 290   M    M   2        16 290
 8  72  52  62  -6   3   0 0.18    M    M  6.2 20 240   M    M   7 3      28 140
 9  80  46  63  -5   2   0 0.00    M    M  2.5 25 200   M    M   0 3      30 200
10  83  48  66  -2   0   1    T    M    M  5.1 25 150   M    M   1 3      32 150
11  90  50  70   2   0   5 0.00    M    M  3.3 17 180   M    M   0        22 190
12  90  60  75   7   0  10    T    M    M  5.4 26 140   M    M   0        34 150
13  90  54  72   5   0   7    T    M    M  3.9 25 180   M    M   0 3      31 180
14  94  62  78  11   0  13 0.05    M    M 10.5 41 200   M    M   2 3      54 200
15  87  51  69   2   0   4 0.00    M    M  5.9 20 270   M    M   0        26 270
16  83  47  65  -1   0   0 0.00    M    M  3.8 14  20   M    M   1        17  20
17  78  47  63  -3   2   0 0.00    M    M  6.2 20  10   M    M   2 8      27  10
18  80  43  62  -4   3   0 0.00    M    M  4.4 16  10   M    M   4 8      19  10
19  81  45  63  -3   2   0 0.00    M    M  3.2 12 310   M    M  10 8      17 320
20  88  47  68   3   0   3 0.00    M    M  3.6 16 270   M    M   3 8      21 280
21  86  49  68   3   0   3 0.00    M    M  9.7 26 260   M    M   1        36 260
22  74  43  59  -5   6   0 0.00    M    M  4.5 16  30   M    M   9 8      25  40
23  85  41  63  -1   2   0 0.00    M    M  2.5  7 260   M    M   6 8       9 330
24  93  45  69   5   0   4 0.00    M    M  4.1 21 240   M    M   1        27 230
25  92  49  71   7   0   6 0.00    M    M  3.1 12 330   M    M   1        14 340
26  90  48  69   6   0   4    T    M    M  7.5 29 210   M    M   2        42 200
27  86  51  69   6   0   4 0.00    M    M  4.7 15 280   M    M   3 8      20 280
28  88  47  68   5   0   3 0.00    M    M  3.7 22 270   M    M   2 8      27 280
29  91  57  74  12   0   9    T    M    M  7.8 26 190   M    M   2 8      37 210
================================================================================
SM 2480 1434        27 105  0.46    M    144.9          M       66
================================================================================
AV 85.5 49.4                               5.0 FASTST   M    M   2    MAX(MPH)
                                 MISC ---->  # 41 200               # 54  200
================================================================================
NOTES:
# LAST OF SEVERAL OCCURRENCES

COLUMN 17 PEAK WIND IN M.P.H.

PRELIMINARY LOCAL CLIMATOLOGICAL DATA (WS FORM: F-6) , PAGE 2

                                          STATION:  CHALLIS ID
                                          MONTH:    AUGUST
                                          YEAR:     2015
                                          LATITUDE:   44 31 N
                                          LONGITUDE: 114 13 W

[TEMPERATURE DATA]      [PRECIPITATION DATA]       SYMBOLS USED IN COLUMN 16

AVERAGE MONTHLY: 67.5   TOTAL FOR MONTH:   0.46    1 = FOG OR MIST
DPTR FM NORMAL:   1.0   DPTR FM NORMAL:   -0.28    2 = FOG REDUCING VISIBILITY
HIGHEST:    96 ON  2    GRTST 24HR  0.23 ON  5- 5      TO 1/4 MILE OR LESS
LOWEST:     41 ON 23                               3 = THUNDER
                        SNOW, ICE PELLETS, HAIL    4 = ICE PELLETS
                        TOTAL MONTH:    M          5 = HAIL
                        GRTST 24HR    M  ON   M    6 = FREEZING RAIN OR DRIZZLE
                        GRTST DEPTH:  M  ON   M    7 = DUSTSTORM OR SANDSTORM:
                                                       VSBY 1/2 MILE OR LESS
                                                   8 = SMOKE OR HAZE
[NO. OF DAYS WITH]      [WEATHER - DAYS WITH]      9 = BLOWING SNOW
                                                   X = TORNADO
MAX 32 OR BELOW:   0    0.01 INCH OR MORE:   3
MAX 90 OR ABOVE:  10    0.10 INCH OR MORE:   2
MIN 32 OR BELOW:   0    0.50 INCH OR MORE:   0
MIN  0 OR BELOW:   0    1.00 INCH OR MORE:   0

[HDD (BASE 65) ]
TOTAL THIS MO.    27    CLEAR  (SCALE 0-3)  22
DPTR FM NORMAL   -17    PTCLDY (SCALE 4-7)   5
TOTAL FM JUL 1    60    CLOUDY (SCALE 8-10)  2
DPTR FM NORMAL    -5

[CDD (BASE 65) ]
TOTAL THIS MO.   105
DPTR FM NORMAL    22    [PRESSURE DATA]
TOTAL FM JAN 1   307    HIGHEST SLP M ON M
DPTR FM NORMAL    68    LOWEST  SLP 29.67 ON 21

[REMARKS]
