000
CXUS55 KPIH 301737
CF6LLJ

PRELIMINARY LOCAL CLIMATOLOGICAL DATA (WS FORM: F-6)

                                          STATION:   CHALLIS ID
                                          MONTH:     SEPTEMBER
                                          YEAR:      2014
                                          LATITUDE:   44 31 N
                                          LONGITUDE: 114 13 W

  TEMPERATURE IN F:       :PCPN:    SNOW:  WIND      :SUNSHINE: SKY     :PK WND
================================================================================
1   2   3   4   5  6A  6B    7    8   9   10  11  12  13   14  15   16   17  18
                                     12Z  AVG MX 2MIN
DY MAX MIN AVG DEP HDD CDD  WTR  SNW DPTH SPD SPD DIR MIN PSBL S-S WX    SPD DR
================================================================================

 1  76  43  60  -1   5   0 0.00    M    M  3.9 16 260   M    M   0        20 260
 2  84  41  63   2   2   0 0.00    M    M  4.7 22 210   M    M   0        27 270
 3  71  45  58  -2   7   0 0.00    M    M  8.5 20 310   M    M   0        27 310
 4  69  36  53  -7  12   0 0.00    M    M  4.0 10 320   M    M   0        13 360
 5  75  35  55  -5  10   0 0.00    M    M  1.9  9 310   M    M   0        12 330
 6   M  37   M   M   M   M 0.00    M    M  0.8  M   M   M    M   0         M  M
 7   M   M   M   M   M   M    T    M    M  5.9 18 250   M    M   0        28 250
 8  85   M   M   M   M   M 0.00    M    M  4.1 18 270   M    M   0        31 230
 9  78   M   M   M   M   M 0.00    M    M 11.8 14 320   M    M   0        23 320
10  72   M   M   M   M   M 0.00    M    M  8.6 18  30   M    M   0 8      25  30
11  58  38  48 -10  17   0 0.00    M    M  8.5 20  40   M    M   1        27  40
12  71  28  50  -7  15   0 0.00    M    M  2.5 10 310   M    M   0        14  10
13  80  34  57   0   8   0 0.00    M    M  2.1 14 250   M    M   0        17 230
14  83  37  60   3   5   0 0.00    M    M  3.0 15 290   M    M   0        19 290
15  82  39  61   5   4   0 0.00    M    M  2.0 12 250   M    M   0        14 250
16  82  48  65   9   0   0    T    M    M  3.4 10  80   M    M   2        13 300
17  81  47  64   8   1   0    T    M    M  2.9  9 310   M    M   1        12 210
18  77  50  64   9   1   0 0.02    M    M  5.7 22 270   M    M   6 38     27 270
19  80  43  62   7   3   0 0.00    M    M  3.5 12 360   M    M   0        14 350
20  83  43  63   9   2   0 0.00    M    M  3.2 10 320   M    M   0        12 320
21  79  44  62   8   3   0    T    M    M  3.6 15 150   M    M   1        22 150
22  70  54  62   8   3   0 0.14    M    M  2.9 12 190   M    M   8        14 120
23  74  59  67  14   0   2 0.00    M    M  2.5  9 300   M    M   1        13 300
24  87  47  67  14   0   2 0.00    M    M  6.1 23 190   M    M   0        31 200
25  86  45  66  14   0   1    T    M    M  6.6 25 190   M    M   1        35 220
26  70  52  61   9   4   0 0.42    M    M  5.3 23 250   M    M   8 1      30 240
27  62  51  57   5   8   0 0.20    M    M  6.9 15 360   M    M  10 1      19 350
28  58  50  54   3  11   0 0.15    M    M  6.6 14  40   M    M  10 1      17  30
29  58  42  50  -1  15   0 0.12    M    M  2.8 15 290   M    M   7 1      20 310
================================================================================
SM 2031 1088       136   5  1.05    M    134.3          M       56
================================================================================
AV 75.2 43.5                               4.6 FASTST   M    M   2    MAX(MPH)
                                 MISC ---->  # 25 190               # 35  220
================================================================================
NOTES:
# LAST OF SEVERAL OCCURRENCES

COLUMN 17 PEAK WIND IN M.P.H.

PRELIMINARY LOCAL CLIMATOLOGICAL DATA (WS FORM: F-6) , PAGE 2

                                          STATION:  CHALLIS ID
                                          MONTH:    SEPTEMBER
                                          YEAR:     2014
                                          LATITUDE:   44 31 N
                                          LONGITUDE: 114 13 W

[TEMPERATURE DATA]      [PRECIPITATION DATA]       SYMBOLS USED IN COLUMN 16

AVERAGE MONTHLY: 59.4   TOTAL FOR MONTH:   1.05    1 = FOG OR MIST
DPTR FM NORMAL:   3.2   DPTR FM NORMAL:    0.33    2 = FOG REDUCING VISIBILITY
HIGHEST:    87 ON 24    GRTST 24HR  0.44 ON 26-27      TO 1/4 MILE OR LESS
LOWEST:     28 ON 12                               3 = THUNDER
                        SNOW, ICE PELLETS, HAIL    4 = ICE PELLETS
                        TOTAL MONTH:    M          5 = HAIL
                        GRTST 24HR    M  ON   M    6 = FREEZING RAIN OR DRIZZLE
                        GRTST DEPTH:  M  ON   M    7 = DUSTSTORM OR SANDSTORM:
                                                       VSBY 1/2 MILE OR LESS
                                                   8 = SMOKE OR HAZE
[NO. OF DAYS WITH]      [WEATHER - DAYS WITH]      9 = BLOWING SNOW
                                                   X = TORNADO
MAX 32 OR BELOW:   0    0.01 INCH OR MORE:   6
MAX 90 OR ABOVE:   0    0.10 INCH OR MORE:   5
MIN 32 OR BELOW:   1    0.50 INCH OR MORE:   0
MIN  0 OR BELOW:   0    1.00 INCH OR MORE:   0

[HDD (BASE 65) ]
TOTAL THIS MO.   136    CLEAR  (SCALE 0-3)  23
DPTR FM NORMAL  -127    PTCLDY (SCALE 4-7)   4
TOTAL FM JUL 1   204    CLOUDY (SCALE 8-10)  2
DPTR FM NORMAL  -132

[CDD (BASE 65) ]
TOTAL THIS MO.     5
DPTR FM NORMAL     1    [PRESSURE DATA]
TOTAL FM JAN 1   310    HIGHEST SLP M ON M
DPTR FM NORMAL    64    LOWEST  SLP 29.57 ON  3

[REMARKS]
