000
CXUS55 KPIH 301200
CF6LLJ

PRELIMINARY LOCAL CLIMATOLOGICAL DATA (WS FORM: F-6)

                                          STATION:   CHALLIS ID
                                          MONTH:     OCTOBER
                                          YEAR:      2014
                                          LATITUDE:   44 31 N
                                          LONGITUDE: 114 13 W

  TEMPERATURE IN F:       :PCPN:    SNOW:  WIND      :SUNSHINE: SKY     :PK WND
================================================================================
1   2   3   4   5  6A  6B    7    8   9   10  11  12  13   14  15   16   17  18
                                     12Z  AVG MX 2MIN
DY MAX MIN AVG DEP HDD CDD  WTR  SNW DPTH SPD SPD DIR MIN PSBL S-S WX    SPD DR
================================================================================

 1  56  36  46  -4  19   0    T    M    M  2.5 14 340   M    M   6        18 300
 2  64  32  48  -2  17   0    T    M    M  5.4 18 330   M    M   2        23 310
 3  65  29  47  -2  18   0 0.00    M    M  1.2  6 120   M    M   0         8 350
 4  70  30  50   1  15   0 0.00    M    M  2.1  9  30   M    M   3 8      13  30
 5  75  42  59  11   6   0 0.00    M    M  2.8 10 310   M    M   2        13 320
 6  74  40  57   9   8   0 0.00    M    M  2.3  8 160   M    M   0        10 160
 7  77  40  59  11   6   0 0.00    M    M  1.4  7 140   M    M   0        10 130
 8  77  36  57  10   8   0 0.00    M    M  1.7 13 260   M    M   0        16 260
 9  74  37  56   9   9   0    T    M    M  2.6 10  20   M    M   1        13  10
10  70  36  53   6  12   0 0.00    M    M  1.1  7 270   M    M   1         8 270
11  70  36  53   7  12   0 0.08    M    M  6.0 35 290   M    M   1 18     44 310
12  56  34  45  -1  20   0    T    M    M  5.1 22 340   M    M   5        27 360
13  64  29  47   2  18   0 0.00    M    M  1.7  8 330   M    M   1         9 320
14  71  33  52   7  13   0 0.00    M    M  4.6 17 190   M    M   0        23 130
15  66  38  52   7  13   0    T    M    M  7.6 36 270   M    M   3 8      43 260
16  52  29  41  -3  24   0 0.00    M    M  1.8  8 350   M    M   3 8      10 210
17  61  26  44   0  21   0    T    M    M  1.3 12 280   M    M   0 8      14 270
18  70  35  53   9  12   0 0.00    M    M  2.0  7 220   M    M   0         8 150
19  68  29  49   6  16   0 0.00    M    M  1.0  6 190   M    M   0         7 150
20  75  32  54  11  11   0    T    M    M  3.5 24 220   M    M   3        35 230
21  54  34  44   2  21   0 0.19    M    M  5.5 26 260   M    M   7 3      33 260
22  56  29  43   1  22   0 0.00    M    M  2.4 16 150   M    M   2        20 150
23  62  44  53  11  12   0    T    M    M  4.5 18 250   M    M   9        23 250
24  59  37  48   7  17   0    T    M    M  1.3  7 310   M    M   6         8 310
25  67  27  47   6  18   0    T    M    M  5.7 31 240   M    M   2 1      47 210
26  49  32  41   1  24   0 0.01    M    M  7.9 21 280   M    M   6 1      28 290
27  47  28  38  -2  27   0    T    M    M  2.8 10  10   M    M   5        14  10
28  55  24  40   1  25   0 0.00    M    M  1.8  8 310   M    M   3         8 300
29  59  33  46   7  19   0 0.01    M    M  4.0 14 280   M    M   5        18 320
================================================================================
SM 1863  967       463   0  0.29    M     93.6          M       76
================================================================================
AV 64.2 33.3                               3.2 FASTST   M    M   3    MAX(MPH)
                                 MISC ---->  # 36 270               # 47  210
================================================================================
NOTES:
# LAST OF SEVERAL OCCURRENCES

COLUMN 17 PEAK WIND IN M.P.H.

PRELIMINARY LOCAL CLIMATOLOGICAL DATA (WS FORM: F-6) , PAGE 2

                                          STATION:  CHALLIS ID
                                          MONTH:    OCTOBER
                                          YEAR:     2014
                                          LATITUDE:   44 31 N
                                          LONGITUDE: 114 13 W

[TEMPERATURE DATA]      [PRECIPITATION DATA]       SYMBOLS USED IN COLUMN 16

AVERAGE MONTHLY: 48.8   TOTAL FOR MONTH:   0.29    1 = FOG OR MIST
DPTR FM NORMAL:   4.2   DPTR FM NORMAL:   -0.33    2 = FOG REDUCING VISIBILITY
HIGHEST:    77 ON  8, 7 GRTST 24HR  0.19 ON 21-21      TO 1/4 MILE OR LESS
LOWEST:     24 ON 28                               3 = THUNDER
                        SNOW, ICE PELLETS, HAIL    4 = ICE PELLETS
                        TOTAL MONTH:    M          5 = HAIL
                        GRTST 24HR    M  ON   M    6 = FREEZING RAIN OR DRIZZLE
                        GRTST DEPTH:  M  ON   M    7 = DUSTSTORM OR SANDSTORM:
                                                       VSBY 1/2 MILE OR LESS
                                                   8 = SMOKE OR HAZE
[NO. OF DAYS WITH]      [WEATHER - DAYS WITH]      9 = BLOWING SNOW
                                                   X = TORNADO
MAX 32 OR BELOW:   0    0.01 INCH OR MORE:   4
MAX 90 OR ABOVE:   0    0.10 INCH OR MORE:   1
MIN 32 OR BELOW:  13    0.50 INCH OR MORE:   0
MIN  0 OR BELOW:   0    1.00 INCH OR MORE:   0

[HDD (BASE 65) ]
TOTAL THIS MO.   463    CLEAR  (SCALE 0-3)  20
DPTR FM NORMAL  -129    PTCLDY (SCALE 4-7)   8
TOTAL FM JUL 1   683    CLOUDY (SCALE 8-10)  1
DPTR FM NORMAL  -258

[CDD (BASE 65) ]
TOTAL THIS MO.     0
DPTR FM NORMAL     0    [PRESSURE DATA]
TOTAL FM JAN 1   310    HIGHEST SLP M ON M
DPTR FM NORMAL    62    LOWEST  SLP 29.62 ON 21

[REMARKS]
