791
CXUS54 KLZK 211130
CF6LLQ
PRELIMINARY LOCAL CLIMATOLOGICAL DATA (WS FORM: F-6)

                                          STATION:   Monticello
                                          MONTH:     NOVEMBER
                                          YEAR:      2017
                                          LATITUDE:   33 37 N
                                          LONGITUDE:  91 45 W

  TEMPERATURE IN F:       :PCPN:    SNOW:  WIND      :SUNSHINE: SKY     :PK WND
================================================================================
1   2   3   4   5  6A  6B    7    8   9   10  11  12  13   14  15   16   17  18
                                     12Z  AVG MX 2MIN
DY MAX MIN AVG DEP HDD CDD  WTR  SNW DPTH SPD SPD DIR MIN PSBL S-S WX    SPD DR
================================================================================

 1  69  49  59  -1   6   0 0.08    M    0  6.4 12 170   M    M   8 1       M  M
 2  84  69  77  18   0  12 0.00  0.0    0  8.8 20 200   M    M   6        29 200
 3  86  67  77  18   0  12 0.01  0.0    0  6.4 14 200   M    M   6 13     19 190
 4  80  66  73  14   0   8 0.07  0.0    0  6.4 14 250   M    M   6 1      19 220
 5  81  70  76  18   0  11 0.00  0.0    0  8.9 17 200   M    M   6 1      27 220
 6  78  65  72  14   0   7 0.00  0.0    0  5.7 14 210   M    M   9 18     21 220
 7  65  53  59   1   6   0 0.00  0.0    0  4.3 10  50   M    M  10 128    16  10
 8  53  47  50  -8  15   0 0.68    M    0  4.2  9  40   M    M  10 1      17  40
 9  63  40  52  -5  13   0 0.00  0.0    0  3.8 14  50   M    M   2        17  50
10  62  37  50  -7  15   0 0.00  0.0    0  4.9 16  50   M    M   0        20  50
11  66  36  51  -5  14   0 0.00  0.0    0  2.9  9 120   M    M   2        12 120
12  61  53  57   1   8   0 0.06  0.0    0  0.7  7 110   M    M  10 12     10 110
13  63  45  54  -2  11   0 0.00  0.0    0  4.6 13  60   M    M   1 1      17  60
14  68  40  54  -1  11   0 0.00  0.0    0  2.3  8 100   M    M   1 1      11 140
15  69  49  59   4   6   0    T  0.0    0  3.3 15 200   M    M   9 1      19 200
16  63  53  58   3   7   0 0.00  0.0    0  4.4 12  50   M    M   8 1      14  50
17  78  56  67  13   0   2 0.00  0.0    0  8.8 20 210   M    M   6        28 210
18  80  47  64  10   1   0    T    M    0 13.4 28 300   M    M   5        44 300
19  59  33  46  -8  19   0 0.00  0.0    0  4.0 13 310   M    M   0        21 360
20  57  31  44  -9  21   0 0.00  0.0    0  2.8 10 150   M    M   0 8      14 140
================================================================================
SM 1385 1006       153  52  0.90     0.0 107.0          M      105
================================================================================
AV 69.3 50.3                               5.4 FASTST   M    M   5    MAX(MPH)
                                 MISC ---->  # 28 300               # 44  300
================================================================================
NOTES:
# LAST OF SEVERAL OCCURRENCES

COLUMN 17 PEAK WIND IN M.P.H.

PRELIMINARY LOCAL CLIMATOLOGICAL DATA (WS FORM: F-6) , PAGE 2

                                          STATION:  Monticello
                                          MONTH:    NOVEMBER
                                          YEAR:     2017
                                          LATITUDE:   33 37 N
                                          LONGITUDE:  91 45 W

[TEMPERATURE DATA]      [PRECIPITATION DATA]       SYMBOLS USED IN COLUMN 16

AVERAGE MONTHLY: 59.8   TOTAL FOR MONTH:   0.90    1 = FOG OR MIST
DPTR FM NORMAL:   3.2   DPTR FM NORMAL:   -2.31    2 = FOG REDUCING VISIBILITY
HIGHEST:    86 ON  3    GRTST 24HR  0.68 ON  8- 8      TO 1/4 MILE OR LESS
LOWEST:     31 ON 20                               3 = THUNDER
                        SNOW, ICE PELLETS, HAIL    4 = ICE PELLETS
                        TOTAL MONTH:   0.0 INCH    5 = HAIL
                        GRTST 24HR     0.0         6 = FREEZING RAIN OR DRIZZLE
                        GRTST DEPTH:   0           7 = DUSTSTORM OR SANDSTORM:
                                                       VSBY 1/2 MILE OR LESS
                                                   8 = SMOKE OR HAZE
[NO. OF DAYS WITH]      [WEATHER - DAYS WITH]      9 = BLOWING SNOW
                                                   X = TORNADO
MAX 32 OR BELOW:   0    0.01 INCH OR MORE:   5
MAX 90 OR ABOVE:   0    0.10 INCH OR MORE:   1
MIN 32 OR BELOW:   1    0.50 INCH OR MORE:   1
MIN  0 OR BELOW:   0    1.00 INCH OR MORE:   0

[HDD (BASE 65) ]
TOTAL THIS MO.   153    CLEAR  (SCALE 0-3)   7
DPTR FM NORMAL   -33    PTCLDY (SCALE 4-7)   7
TOTAL FM JUL 1   267    CLOUDY (SCALE 8-10)  6
DPTR FM NORMAL   -48

[CDD (BASE 65) ]
TOTAL THIS MO.    52
DPTR FM NORMAL    37    [PRESSURE DATA]
TOTAL FM JAN 1  2347    HIGHEST SLP 30.26 ON 16
DPTR FM NORMAL   136    LOWEST  SLP 30.03 ON 15

[REMARKS]
ALL SNOWFALL DATA IS FROM THE UNIVERSITY OF ARKANSAS AT MONTICELLO COOPERATIVE OBSERVER SITE
