000
CXUS54 KLZK 231130
CF6LLQ
PRELIMINARY LOCAL CLIMATOLOGICAL DATA (WS FORM: F-6)

                                          STATION:   Monticello
                                          MONTH:     JANUARY
                                          YEAR:      2017
                                          LATITUDE:   33 37 N
                                          LONGITUDE:  91 45 W

  TEMPERATURE IN F:       :PCPN:    SNOW:  WIND      :SUNSHINE: SKY     :PK WND
================================================================================
1   2   3   4   5  6A  6B    7    8   9   10  11  12  13   14  15   16   17  18
                                     12Z  AVG MX 2MIN
DY MAX MIN AVG DEP HDD CDD  WTR  SNW DPTH SPD SPD DIR MIN PSBL S-S WX    SPD DR
================================================================================

 1  52  48  50   7  15   0 0.00  0.0    0  5.2 12  40   M    M  10 12     14  40
 2  66  52  59  16   6   0 1.12  0.0    0  4.8 24  70   M    M   9 123    32  60
 3  65  49  57  14   8   0 0.00  0.0    0  4.8 13 340   M    M   4 12     20 360
 4  49  29  39  -4  26   0 0.00  0.0    0  5.9 13  50   M    M   3        19  10
 5  39  31  35  -8  30   0 0.00  0.0    0  4.4 13  40   M    M   8        18  50
 6  32  21  27 -16  38   0    T    T    0  7.7 18  40   M    M   9 8      23  50
 7  32  17  25 -18  40   0 0.00  0.0    0  4.5 15  40   M    M   0        19  50
 8  36  15  26 -17  39   0 0.00  0.0    0  4.3 13 150   M    M   0        17 160
 9  55  20  38  -5  27   0 0.00  0.0    0  7.0 18 170   M    M   5        28 190
10  71  55  63  20   2   0    T  0.0    0 12.4 24 210   M    M   8        32 210
11  77  64  71  28   0   6 0.00  0.0    0 13.0 26 210   M    M   7        36 220
12  79  65  72  29   0   7 0.00  0.0    0  8.3 21 200   M    M   9        28 200
13  67  47  57  14   8   0 0.00  0.0    0  6.6 13  40   M    M  10 1      16  50
14  69  47  58  15   7   0 0.00  0.0    0  3.5 10  40   M    M   9 12     13  50
15  59  48  54  11  11   0 0.00  0.0    0  5.5 10  50   M    M   8 12     11  50
16  71  49  60  17   5   0 0.32  0.0    0  6.6 18 270   M    M   8 1      24 300
17  62  52  57  14   8   0 0.11  0.0    0  3.2 15 290   M    M   7 1      21 280
18  55  50  53  10  12   0 0.65    M    0  4.9 14  60   M    M   9 1      17  50
19  58  51  55  12  10   0 0.17  0.0    0  4.1 16 260   M    M   9 123    21 260
20  74  58  66  23   0   1 0.00  0.0    0  9.0 21 220   M    M   5        29 230
21  72  53  63  20   2   0 0.70  0.0    0  6.1 28 230   M    M   3 13     44 230
22  60  49  55  11  10   0 0.34    M    0  8.1 20 300   M    M   8 13     30 320
================================================================================
SM 1300  970       304  14  3.41    T    139.9          M      148
================================================================================
AV 59.1 44.1                               6.4 FASTST   M    M   7    MAX(MPH)
                                 MISC ---->  # 28 230               # 44  230
================================================================================
NOTES:
# LAST OF SEVERAL OCCURRENCES

COLUMN 17 PEAK WIND IN M.P.H.

PRELIMINARY LOCAL CLIMATOLOGICAL DATA (WS FORM: F-6) , PAGE 2

                                          STATION:  Monticello
                                          MONTH:    JANUARY
                                          YEAR:     2017
                                          LATITUDE:   33 37 N
                                          LONGITUDE:  91 45 W

[TEMPERATURE DATA]      [PRECIPITATION DATA]       SYMBOLS USED IN COLUMN 16

AVERAGE MONTHLY: 51.6   TOTAL FOR MONTH:   3.41    1 = FOG OR MIST
DPTR FM NORMAL:   8.5   DPTR FM NORMAL:    0.19    2 = FOG REDUCING VISIBILITY
HIGHEST:    79 ON 12    GRTST 24HR  1.12 ON  2- 2      TO 1/4 MILE OR LESS
LOWEST:     15 ON  8                               3 = THUNDER
                        SNOW, ICE PELLETS, HAIL    4 = ICE PELLETS
                        TOTAL MONTH:    T          5 = HAIL
                        GRTST 24HR    T  ON  6- 6  6 = FREEZING RAIN OR DRIZZLE
                        GRTST DEPTH:   0           7 = DUSTSTORM OR SANDSTORM:
                                                       VSBY 1/2 MILE OR LESS
                                                   8 = SMOKE OR HAZE
[NO. OF DAYS WITH]      [WEATHER - DAYS WITH]      9 = BLOWING SNOW
                                                   X = TORNADO
MAX 32 OR BELOW:   2    0.01 INCH OR MORE:   7
MAX 90 OR ABOVE:   0    0.10 INCH OR MORE:   7
MIN 32 OR BELOW:   6    0.50 INCH OR MORE:   3
MIN  0 OR BELOW:   0    1.00 INCH OR MORE:   1

[HDD (BASE 65) ]
TOTAL THIS MO.   304    CLEAR  (SCALE 0-3)   3
DPTR FM NORMAL  -179    PTCLDY (SCALE 4-7)  10
TOTAL FM JUL 1  1103    CLOUDY (SCALE 8-10)  9
DPTR FM NORMAL  -448

[CDD (BASE 65) ]
TOTAL THIS MO.    14
DPTR FM NORMAL    14    [PRESSURE DATA]
TOTAL FM JAN 1    14    HIGHEST SLP M ON M
DPTR FM NORMAL    14    LOWEST  SLP 29.35 ON 22

[REMARKS]
ALL SNOWFALL DATA IS FROM THE UNIVERSITY OF ARKANSAS AT MONTICELLO COOPERATIVE OBSERVER SITE
