000
CXUS56 KMFR 301000
CF6LMT
PRELIMINARY LOCAL CLIMATOLOGICAL DATA (WS FORM: F-6)

                                          STATION:   KLAMATH FALLS OR
                                          MONTH:     MAY
                                          YEAR:      2016
                                          LATITUDE:   42  9 N
                                          LONGITUDE: 121 44 W

  TEMPERATURE IN F:       :PCPN:    SNOW:  WIND      :SUNSHINE: SKY     :PK WND
================================================================================
1   2   3   4   5  6A  6B    7    8   9   10  11  12  13   14  15   16   17  18
                                     12Z  AVG MX 2MIN
DY MAX MIN AVG DEP HDD CDD  WTR  SNW DPTH SPD SPD DIR MIN PSBL S-S WX    SPD DR
================================================================================

 1  69  38  54   7  11   0 0.00    M    M  9.3 24 160   M    M   2        31 150
 2  68  39  54   6  11   0    T    M    M  4.4 20 130   M    M   5        23 150
 3  67  45  56   8   9   0 0.02    M    M  4.6 25 170   M    M   7        38 170
 4  63  46  55   7  10   0 0.08    M    M  3.2 31 170   M    M   3 3      42 170
 5  60  39  50   2  15   0 0.02    M    M  6.6 20 300   M    M   4 12     23 290
 6  64  49  57   8   8   0 0.00    M    M 10.9 21 330   M    M   7        27  40
 7  74  54  64  15   1   0    T    M    M 12.5 24 320   M    M   8        31 340
 8  72  38  55   6  10   0 0.00    M    M  9.2 22 330   M    M   0        28 320
 9  67  31  49  -1  16   0 0.00    M    M  7.9 18 330   M    M   0        23 330
10  68  34  51   1  14   0 0.00    M    M  5.8 16  80   M    M   0        20  80
11  75  33  54   4  11   0 0.00    M    M  4.7 17 150   M    M   0        22 140
12  79  35  57   7   8   0 0.00    M    M  5.2 16 190   M    M   0 8      22 180
13  79  40  60  10   5   0 0.00    M    M  8.8 29 200   M    M   0        35 200
14  64  43  54   3  11   0 0.07    M    M 10.6 32 280   M    M   4 3      41 260
15  60  39  50  -1  15   0    T    M    M  8.9 22 310   M    M   7        26 310
16  66  36  51   0  14   0 0.00    M    M  7.1 18 320   M    M   6        29  20
17  76  40  58   7   7   0 0.00    M    M  4.5 14  30   M    M   0        19  20
18  80  40  60   8   5   0 0.00    M    M  7.8 23 300   M    M   0 8      27 300
19  57  36  47  -5  18   0 0.00    M    M 11.7 25 300   M    M   3        31 290
20  42  36  39 -13  26   0 0.55    M    M  8.1 18 320   M    M  10 1      22 320
21  58  36  47  -5  18   0 0.07    M    M  9.7 26 250   M    M   7 1      32 260
22  57  34  46  -6  19   0    T    M    M  6.6 20 270   M    M   7        24 320
23  59  39  49  -3  16   0 0.00    M    M  4.3 15 270   M    M   8        18 270
24  65  34  50  -3  15   0 0.00    M    M  6.5 23 320   M    M   4 1      26 320
25  67  36  52  -1  13   0 0.00    M    M  7.9 21 340   M    M   3 1      27 310
26  70  32  51  -2  14   0 0.00    M    M  6.6 21 320   M    M   0 12     24 330
27  64  33  49  -4  16   0 0.00    M    M  6.9 21 330   M    M   0        26 340
28  73  30  52  -2  13   0 0.00    M    M  4.2 15 310   M    M   0        19 320
29  73  35  54   0  11   0 0.00    M    M  6.6 20 350   M    M   0        24 340
================================================================================
SM 1936 1100       360   0  0.81    M    211.1          M       95
================================================================================
AV 66.8 37.9                               7.3 FASTST   M    M   3    MAX(MPH)
                                 MISC ---->  # 32 280               # 42  170
================================================================================
NOTES:
# LAST OF SEVERAL OCCURRENCES

COLUMN 17 PEAK WIND IN M.P.H.

PRELIMINARY LOCAL CLIMATOLOGICAL DATA (WS FORM: F-6) , PAGE 2

                                          STATION:  KLAMATH FALLS OR
                                          MONTH:    MAY
                                          YEAR:     2016
                                          LATITUDE:   42  9 N
                                          LONGITUDE: 121 44 W

[TEMPERATURE DATA]      [PRECIPITATION DATA]       SYMBOLS USED IN COLUMN 16

AVERAGE MONTHLY: 52.3   TOTAL FOR MONTH:   0.81    1 = FOG OR MIST
DPTR FM NORMAL:   1.6   DPTR FM NORMAL:   -0.55    2 = FOG REDUCING VISIBILITY
HIGHEST:    80 ON 18    GRTST 24HR  0.55 ON 20-20      TO 1/4 MILE OR LESS
LOWEST:     30 ON 28                               3 = THUNDER
                        SNOW, ICE PELLETS, HAIL    4 = ICE PELLETS
                        TOTAL MONTH:    M          5 = HAIL
                        GRTST 24HR    M  ON   M    6 = FREEZING RAIN OR DRIZZLE
                        GRTST DEPTH:  M  ON   M    7 = DUSTSTORM OR SANDSTORM:
                                                       VSBY 1/2 MILE OR LESS
                                                   8 = SMOKE OR HAZE
[NO. OF DAYS WITH]      [WEATHER - DAYS WITH]      9 = BLOWING SNOW
                                                   X = TORNADO
MAX 32 OR BELOW:   0    0.01 INCH OR MORE:   6
MAX 90 OR ABOVE:   0    0.10 INCH OR MORE:   1
MIN 32 OR BELOW:   3    0.50 INCH OR MORE:   1
MIN  0 OR BELOW:   0    1.00 INCH OR MORE:   0

[HDD (BASE 65) ]
TOTAL THIS MO.   360    CLEAR  (SCALE 0-3)  15
DPTR FM NORMAL   -56    PTCLDY (SCALE 4-7)  13
TOTAL FM JUL 1  6075    CLOUDY (SCALE 8-10)  1
DPTR FM NORMAL  -660

[CDD (BASE 65) ]
TOTAL THIS MO.     0
DPTR FM NORMAL     0    [PRESSURE DATA]
TOTAL FM JAN 1     0    HIGHEST SLP M ON M
DPTR FM NORMAL     0    LOWEST  SLP  0.00 ON 20

[REMARKS]
