000
CXUS56 KMFR 301000
CF6LMT
PRELIMINARY LOCAL CLIMATOLOGICAL DATA (WS FORM: F-6)

                                          STATION:   KLAMATH FALLS OR
                                          MONTH:     JUNE
                                          YEAR:      2015
                                          LATITUDE:   42  9 N
                                          LONGITUDE: 121 44 W

  TEMPERATURE IN F:       :PCPN:    SNOW:  WIND      :SUNSHINE: SKY     :PK WND
================================================================================
1   2   3   4   5  6A  6B    7    8   9   10  11  12  13   14  15   16   17  18
                                     12Z  AVG MX 2MIN
DY MAX MIN AVG DEP HDD CDD  WTR  SNW DPTH SPD SPD DIR MIN PSBL S-S WX    SPD DR
================================================================================

 1  65  42  54   0  11   0 0.14    M    M  4.8 21 280   M    M   6 1      25 290
 2  65  44  55   1  10   0 0.00    M    M  7.0 20 340   M    M   8        26 330
 3  70  39  55   0  10   0 0.00    M    M  7.3 22 340   M    M   3        27 330
 4  70  49  60   5   5   0 0.10    M    M  6.8 16  30   M    M   6 18     21  10
 5  78  48  63   8   2   0 0.00    M    M  8.1 21 320   M    M   1        29 310
 6  83  50  67  12   0   2 0.00    M    M  8.6 20 320   M    M   1        23 310
 7  89  47  68  12   0   3 0.00    M    M  3.6 13 350   M    M   0        17 340
 8  93  49  71  15   0   6 0.00    M    M  1.3 10 220   M    M   0        12 170
 9  90  59  75  19   0  10 0.12    M    M  9.9 39 150   M    M   3 38     50 150
10  85  48  67  11   0   2 0.00    M    M  6.6 23 330   M    M   1 1      28 330
11  87  38  63   6   2   0 0.00    M    M  5.4 23 330   M    M   0        28 330
12  87  46  67  10   0   2 0.00    M    M  6.3 18 330   M    M   0        23 320
13  83  45  64   7   1   0 0.00    M    M  7.9 17 340   M    M   0        22 350
14  85  49  67   9   0   2 0.00    M    M  8.1 17 330   M    M   0        21 310
15  86  46  66   8   0   1 0.00    M    M  7.8 21 330   M    M   0        28 330
16  86  42  64   6   1   0 0.00    M    M  6.4 18 330   M    M   0        22 330
17  86  41  64   6   1   0 0.00    M    M  4.8 18 330   M    M   0        22 330
18  86  48  67   8   0   2 0.00    M    M  6.4 23 280   M    M   0        29 280
19  80  41  61   2   4   0 0.00    M    M  6.0 17 320   M    M   0 1      26 280
20  83  44  64   5   1   0 0.00    M    M  4.5 17 320   M    M   0        22 320
21  80  49  65   5   0   0 0.00    M    M  7.3 21 290   M    M   0        27 290
22  82  41  62   2   3   0 0.00    M    M  6.1 20 310   M    M   0        25 310
23  85  43  64   4   1   0 0.00    M    M  4.7 20 330   M    M   0 8      23 330
24  89  46  68   7   0   3 0.00    M    M  6.5 20 340   M    M   0        23 330
25  94  49  72  11   0   7 0.00    M    M  7.3 15 340   M    M   0        18 340
26  98  59  79  18   0  14 0.00    M    M  7.5 28 330   M    M   0 3      33 350
27  96  59  78  16   0  13 0.00    M    M  4.8 18 350   M    M   0        23 340
28  89  56  73  11   0   8 0.00    M    M  4.7 14 220   M    M   0        17 270
29  93  50  72  10   0   7 0.00    M    M  5.3 20 330   M    M   0        23 330
================================================================================
SM 2443 1367        52  82  0.36    M    181.8          M       29
================================================================================
AV 84.2 47.1                               6.3 FASTST   M    M   1    MAX(MPH)
                                 MISC ---->  # 39 150               # 50  150
================================================================================
NOTES:
# LAST OF SEVERAL OCCURRENCES

COLUMN 17 PEAK WIND IN M.P.H.

PRELIMINARY LOCAL CLIMATOLOGICAL DATA (WS FORM: F-6) , PAGE 2

                                          STATION:  KLAMATH FALLS OR
                                          MONTH:    JUNE
                                          YEAR:     2015
                                          LATITUDE:   42  9 N
                                          LONGITUDE: 121 44 W

[TEMPERATURE DATA]      [PRECIPITATION DATA]       SYMBOLS USED IN COLUMN 16

AVERAGE MONTHLY: 65.7   TOTAL FOR MONTH:   0.36    1 = FOG OR MIST
DPTR FM NORMAL:   7.7   DPTR FM NORMAL:   -0.63    2 = FOG REDUCING VISIBILITY
HIGHEST:    98 ON 26    GRTST 24HR  0.14 ON  1- 1      TO 1/4 MILE OR LESS
LOWEST:     38 ON 11                               3 = THUNDER
                        SNOW, ICE PELLETS, HAIL    4 = ICE PELLETS
                        TOTAL MONTH:    M          5 = HAIL
                        GRTST 24HR    M  ON   M    6 = FREEZING RAIN OR DRIZZLE
                        GRTST DEPTH:  M  ON   M    7 = DUSTSTORM OR SANDSTORM:
                                                       VSBY 1/2 MILE OR LESS
                                                   8 = SMOKE OR HAZE
[NO. OF DAYS WITH]      [WEATHER - DAYS WITH]      9 = BLOWING SNOW
                                                   X = TORNADO
MAX 32 OR BELOW:   0    0.01 INCH OR MORE:   3
MAX 90 OR ABOVE:   6    0.10 INCH OR MORE:   3
MIN 32 OR BELOW:   0    0.50 INCH OR MORE:   0
MIN  0 OR BELOW:   0    1.00 INCH OR MORE:   0

[HDD (BASE 65) ]
TOTAL THIS MO.    52    CLEAR  (SCALE 0-3)  26
DPTR FM NORMAL  -160    PTCLDY (SCALE 4-7)   3
TOTAL FM JUL 1  5301    CLOUDY (SCALE 8-10)  0
DPTR FM NORMAL -1667

[CDD (BASE 65) ]
TOTAL THIS MO.    82
DPTR FM NORMAL    75    [PRESSURE DATA]
TOTAL FM JAN 1    85    HIGHEST SLP M ON M
DPTR FM NORMAL    77    LOWEST  SLP  0.00 ON 14

[REMARKS]
